°C

Conditions at local time : on    Forecast:

NOAA-Style Climate Reports



Report for 2021 Jun
                   Monthly Climatological Summary for Jun 2021

Name: Worthing Weather   City: Worthing West Sussex   State: UK
Elevation: 21 ft  Lat: N 50° 48' 36"   Lon: W 000° 22' 30"

                  Temperature (°C), Rain (mm), Wind Speed (mph)

                                      Heat  Cool        Avg
    Mean                              Deg   Deg         Wind                 Dom
Day Temp  High   Time   Low    Time   Days  Days  Rain  Speed High   Time    Dir
----------------------------------------------------------------------------------
01  19.3  23.3   15:45  14.4   05:30   0.9   1.9   0.0   4.0  15.0   14:30     E
02  18.6  22.1   12:45  16.2   20:30   0.6   0.9   0.0   3.4  15.0   13:45   ESE
03  16.0  18.2   11:00  13.7   23:15   2.3   0.0   0.0   6.1  22.0   14:45   WSW
04  14.4  15.9   17:30  12.9   09:30   3.9   0.0  10.8   4.6  14.0   04:45   NNW
05  15.9  19.9   14:15  11.9   05:30   2.6   0.2   0.0   5.1  22.0   15:45   WSW
06  15.3  18.8   14:45  12.7   03:30   3.1   0.0   0.0   4.4  17.0   15:45   WSW
07  14.8  17.3   16:30  12.7   07:00   3.5   0.0   0.0   3.6  14.0   14:45    SW
08  15.4  19.0   18:00  10.8   06:00   2.9   0.1   0.0   3.9  13.0   12:00   WSW
09  16.0  18.8   16:15  11.6   05:45   2.3   0.0   0.0   5.3  21.0   20:00   WSW
10  16.5  19.0   12:15  14.9   05:45   1.8   0.0   0.0   6.1  18.0   11:15   WSW
11  16.4  19.1   13:30  14.9   05:30   1.9   0.0   0.0   6.7  22.0   15:45   WSW
12  18.2  21.8   11:30  15.9   02:15   0.9   0.8   0.0   4.8  18.0   17:30     W
13  18.5  22.5   19:30  14.7   05:45   0.9   1.1   0.0   2.4  10.0   08:30    SE
14  19.9  22.9   22:30  15.5   05:30   0.4   2.0   0.0   3.5  14.0   17:15    SW
15  19.5  22.2   10:15  16.3   23:45   0.3   1.5   0.0   4.0  13.0   05:00    SE
16  18.5  22.7   18:45  13.9   05:15   1.0   1.2   9.6   2.2  11.0   20:45   SSE
17  19.0  21.8   13:15  17.7   03:15   0.2   0.9   3.4   2.7  12.0   11:45     N
18  16.2  18.3   00:00  13.4   23:30   2.2   0.0  19.6   6.2  20.0   23:30     N
19  14.1  15.6   15:00  12.5   05:00   4.1   0.0   0.4   3.3  15.0   00:00    NE
20  16.3  19.2   16:00  13.9   03:15   2.1   0.1   0.0   3.4  20.0   23:00    SE
21  13.5  15.2   00:00  12.4   07:45   4.9   0.0  12.2   5.4  22.0   10:00   NNE
22  14.0  17.4   17:30  11.4   06:30   4.3   0.0   5.4   5.7  21.0   02:45   NNE
23  14.9  18.9   15:30   9.8   05:45   3.4   0.0   0.0   4.6  16.0   09:15     W
24  16.2  21.1   12:00  11.2   05:30   2.4   0.4   0.0   5.2  20.0   16:15   WSW
25  16.2  19.9   17:15  13.9   06:07   2.2   0.1   2.6   6.7  24.0   19:10   WSW
26  16.0  19.9   17:18  10.8   04:39   2.4   0.1   0.0   2.4  15.0   20:45    SE
27  17.9  21.6   14:24  15.8   02:54   1.0   0.6   6.0   4.2  19.0   07:27   NNE
28  17.2  20.1   15:58  15.7   05:38   1.2   0.1   1.8   2.6  10.0   13:15     S
29  16.5  19.4   14:48  14.8   21:49   1.9   0.1  10.8   2.7  13.0   15:45   NNE
30  15.9  18.5   16:06  13.8   06:05   2.4   0.0   0.0   4.2  15.0   12:30   NNW
----------------------------------------------------------------------------------
    16.6  23.3     1     9.8    23    64.0  12.1  82.6   4.3  24.0    25       W

Max >=  27.0  0
Max <=   0.0  0
Min <=   0.0  0
Min <= -18.0  0
Max Rain: 19.6 on day 18
Days of Rain: 11 (>= 0.2 mm)  9 (>= 2.0 mm)  0 (>= 20.0 mm)
Heat Base: 18.3  Cool Base: 18.3  Method: Integration