°C

Conditions at local time : on    Forecast:

NOAA-Style Climate Reports



Report for 2021
                   Annual Climatological Summary for 2021

Name: Worthing Weather   City: Worthing West Sussex   State: UK
Elevation: 21 ft  Lat: N 50° 48' 36"   Lon: W 000° 22' 30"

                  Temperature (°C), Heat Base: 18.3  Cool Base: 18.3
                          Dep.  Heat  Cool                       Max  Max  Min  Min
        Mean  Mean        From  Deg   Deg                        >=   <=   <=   <=
 YR MO  Max   Min   Mean  Norm  Days  Days  Hi  Date  Low  Date 27.0  0.0  0.0 -18.0
------------------------------------------------------------------------------------
 21  1   6.8   2.2   4.7   0.0   423     0  11.8  29  -3.3   10    0    0    8    0
 21  2   7.8   4.1   5.9   0.0   346     0  12.6  28  -2.1   11    0    1    7    0
 21  3  10.9   4.8   7.8   0.0   323     0  16.0  30  -0.3    8    0    0    1    0
 21  4  11.9   4.0   7.9   0.0   311     0  17.9  24  -1.3    7    0    0    1    0
 21  5  15.0   8.5  11.6   0.0   207     1  22.4  31   3.5    6    0    0    0    0
 21  6  19.7  13.7  16.6   0.0    64    12  23.3   1   9.8   23    0    0    0    0
 21  7  22.0  15.6  18.5   0.0    27    31  26.7  23  12.3   11    0    0    0    0
 21  8
 21  9
 21 10
 21 11
 21 12
------------------------------------------------------------------------------------
        13.2   7.3  10.2   0.0  1700    44  26.7 Jul  -3.3  Jan    0    1   17    0

                                Precipitation (mm)

              Dep.   Max        Days of Rain
              From   Obs.           >=
 YR MO Total  Norm   Day Date  0.2  2.0 20.0
---------------------------------------------
 21  1  78.6   0.0  11.4  28    22   11    0
 21  2  41.4   0.0   8.8   3    13    6    0
 21  3  17.4   0.0   6.0  12     9    2    0
 21  4   1.6   0.0   1.2  12     2    0    0
 21  5  66.6   0.0  15.8   8    18    9    0
 21  6  82.6   0.0  19.6  18    11    9    0
 21  7  27.0   0.0  14.2   5     9    3    0
---------------------------------------------
       315.2   0.0  19.6  Jun   84   40    0

                                Wind Speed (mph)
                          Dom
 YR MO   Avg.  Hi   Date  Dir
------------------------------
 21  1   4.6  46.0   20    SW
 21  2   6.7  37.0   19     S
 21  3   5.2  46.0   11     W
 21  4   4.3  25.0    6   NNE
 21  5   7.2  51.0    3    SW
 21  6   4.3  24.0   25     W
 21  7   5.3  43.0    6    SW
 21  8
 21  9
 21 10
 21 11
 21 12
------------------------------
         5.4  51.0  May   WSW