°C

Conditions at local time : on    Forecast:
Select a Year or Month report

Report for 2020 Jun
                   Monthly Climatological Summary for Jun 2020

Name: Worthing   City: Weather   State: UK
Elevation: 31 ft  Lat: N 50° 49' 12"   Lon: W 000° 22' 45"

                  Temperature (°C), Rain (mm), Wind Speed (mph)

                                      Heat  Cool        Avg
    Mean                              Deg   Deg         Wind                 Dom
Day Temp  High   Time   Low    Time   Days  Days  Rain  Speed High   Time    Dir
----------------------------------------------------------------------------------
01  18.9  24.4   13:00  13.4   05:24   1.4   2.0   0.0   2.0  15.0   10:50    NE
02  19.7  25.2   13:36  15.1   05:30   0.9   2.3   0.0   2.6  15.0   10:51   NNW
03  16.9  19.8   18:06  13.1   23:57   1.5   0.1   0.0   1.8  16.0   21:53   NNW
04  13.1  16.6   16:21  10.5   06:50   5.2   0.0   0.0   4.3  19.0   08:53   NNW
05  14.4  17.9   16:31  11.9   03:24   3.9   0.0   0.0   4.7  24.0   11:02    NW
06  11.6  13.7   20:01   7.9   04:36   6.7   0.0   0.0   4.9  28.0   12:49     W
07  13.2  16.8   15:46   8.8   03:51   5.1   0.0   0.0   2.9  16.0   13:44     W
08  13.9  17.8   18:41  11.1   05:51   4.4   0.0   0.0   2.0  13.0   07:29     N
09  13.9  15.9   16:06  11.8   06:36   4.4   0.0   0.0   2.4  13.0   16:35   SSW
10  13.4  15.1   10:02  12.3   22:02   4.9   0.0   0.2   2.9  13.0   21:21   SSW
11  15.4  19.3   12:06  11.9   05:38   3.0   0.1   1.0   3.5  22.0   17:29   ENE
12  15.6  19.3   10:26  13.4   04:00   2.8   0.1   3.0   4.1  24.0   11:11   ENE
13  16.7  19.9   16:24  14.1   04:28   1.8   0.2   1.2   2.9  14.0   14:36   ESE
14  16.7  19.6   15:47  14.6   04:40   1.7   0.1   0.0   2.6  15.0   10:12     S
15  16.4  19.2   15:10  13.1   05:01   2.0   0.1   0.0   1.8  11.0   13:51    SW
16  16.6  18.8   12:51  14.7   05:12   1.7   0.0   0.0   1.9  11.0   12:52   SSW
17  16.6  19.6   15:58  12.9   04:54   1.9   0.1   0.0   1.5  12.0   13:48    SW
18  15.8  17.1   14:13  14.8   22:43   2.5   0.0   1.0   3.0  17.0   23:01    SW
19  15.5  17.7   13:41  13.6   09:45   2.8   0.0   2.6   6.5  23.0   12:22   WSW
20  16.7  19.5   17:24  14.7   01:04   1.7   0.1   0.0   3.6  15.0   09:49   SSW
21  16.4  18.4   15:53  14.2   23:58   1.9   0.0   3.4   7.0  26.0   07:00    SW
22  15.5  17.9   14:25  11.1   05:01   2.8   0.0   0.0   2.7  17.0   12:23    SW
23  19.1  24.5   19:16  14.5   05:01   0.9   1.7   0.0   1.7   9.0   10:28   ESE
24  23.1  27.5   20:31  18.4   05:10   0.0   4.8   0.0   2.2  16.0   14:01   ESE
25  24.3  26.9   15:15  21.8   05:25   0.0   6.0   0.0   2.3  11.0   08:26   ESE
26  19.2  23.8   00:00  15.7   23:50   0.4   1.3   0.8   3.2  20.0   14:36   WSW
27  16.4  18.1   14:50  15.4   00:30   1.9   0.0   9.2   9.1  35.0   15:20    SW
28  16.1  17.9   12:30  14.3   04:00   2.2   0.0   4.2   9.1  33.0   14:10   WSW
29  15.6  17.0   12:00  14.0   05:10   2.6   0.0   0.0   7.8  33.0   15:50   WSW
30  15.6  16.3   13:23  14.7   04:18   2.7   0.0   7.0   6.1  23.0   15:40   WSW
----------------------------------------------------------------------------------
    16.4  27.5    24     7.9     6    75.7  19.0  33.6   3.8  35.0    27     WSW

Max >=  27.0  1
Max <=   0.0  0
Min <=   0.0  0
Min <= -18.0  0
Max Rain: 9.2 on day 27
Days of Rain: 11 (>= 0.2 mm)  6 (>= 2.0 mm)  0 (>= 20.0 mm)
Heat Base: 18.3  Cool Base: 18.3  Method: Integration