°C

Conditions at local time : on    Forecast:
Select a Year or Month report

Report for 2020 May
                   Monthly Climatological Summary for May 2020

Name: Worthing   City: Weather   State: UK
Elevation: 31 ft  Lat: N 50° 49' 12"   Lon: W 000° 22' 45"

                  Temperature (°C), Rain (mm), Wind Speed (mph)

                                      Heat  Cool        Avg
    Mean                              Deg   Deg         Wind                 Dom
Day Temp  High   Time   Low    Time   Days  Days  Rain  Speed High   Time    Dir
----------------------------------------------------------------------------------
01  11.8  15.1   17:50   9.1   23:40   6.5   0.0   0.4   5.5  24.0   15:40   WNW
02  10.9  14.2   14:50   7.5   06:00   7.4   0.0   0.0   3.4  19.0   15:10   WNW
03  11.0  12.2   11:50   9.1   01:20   7.3   0.0   0.2   1.1  15.0   02:30   ESE
04  12.8  17.2   16:30   9.6   23:50   5.5   0.0   0.4   2.2  19.0   17:30     E
05  11.4  15.2   14:40   8.1   23:50   6.9   0.0   0.0   4.0  23.0   11:50   ENE
06  12.3  17.1   15:50   7.3   05:40   6.0   0.0   0.0   1.9  14.0   02:00     E
07  12.9  16.3   15:00   8.8   04:10   5.4   0.0   0.0   1.3   9.0   09:10   ESE
08  15.6  21.4   18:50   9.8   04:30   2.7   0.0   0.0   0.7   6.0   09:20   SSE
09  16.9  20.9   10:30  12.9   04:40   1.4   0.0   0.0   1.3  10.0   14:50     E
10  14.2  19.8   11:20   7.9   23:50   4.1   0.0   0.2   3.6  26.0   20:00     N
11   9.2  13.0   14:30   5.7   05:30   9.1   0.0   0.0   4.0  23.0   09:50     N
12   8.8  12.3   14:30   4.1   05:20   9.5   0.0   0.0   2.2  12.0   15:30    SW
13  10.0  13.2   15:40   6.3   23:40   8.3   0.0   0.0   2.9  17.0   09:30     N
14   9.1  13.8   17:20   3.9   05:30   9.2   0.0   0.0   2.5  18.0   13:30   NNE
15  10.0  15.8   12:10   4.4   05:20   8.3   0.0   0.0   2.1  13.0   14:10    SW
16  11.9  15.1   11:10   7.7   03:10   6.4   0.0   0.0   2.2  13.0   15:00   WSW
17  12.9  14.8   14:50  10.2   05:30   5.4   0.0   0.0   3.2  20.0   14:10   WSW
18  13.1  15.8   13:10  10.4   05:20   5.2   0.0   0.0   3.3  21.0   16:30   WSW
19  14.1  17.2   10:20  10.4   04:30   4.2   0.0   0.0   2.4  21.0   15:10   WSW
20  15.7  19.0   18:40  12.3   05:30   2.6   0.0   0.0   0.9   7.0   08:00     S
21  16.7  21.2   16:00  14.3   23:20   1.6   0.0   0.0   1.9  14.0   15:20   SSW
22  15.0  16.2   14:20  13.2   23:40   3.3   0.0   0.0   6.9  29.0   14:50   WSW
23  14.0  15.3   12:20  12.7   05:20   4.3   0.0   0.0   8.1  32.0   14:30   WSW
24  14.8  17.8   15:53  11.4   04:47   3.5   0.0   0.0   4.3  20.0   16:07     W
25  16.6  19.5   09:56  12.9   04:45   1.8   0.1   0.0   1.7   8.0   00:23   WSW
26  17.7  22.2   10:01  12.2   05:00   1.6   1.0   0.0   1.4  12.0   16:37    SW
27  17.1  20.4   15:18  13.6   05:02   1.5   0.2   0.0   1.4  12.0   23:56    SE
28  16.8  21.9   17:08  11.9   05:24   2.1   0.6   0.0   2.2  16.0   18:29     E
29  16.9  21.3   14:18  12.2   05:03   2.1   0.7   0.0   1.7  13.0   14:56   ESE
30  17.4  22.4   12:38  11.9   02:01   2.1   1.2   0.0   1.6  11.0   13:36     E
31  18.4  23.2   17:37  14.7   04:53   1.1   1.2   0.0   2.5  15.0   17:26     E
----------------------------------------------------------------------------------
    13.7  23.2    31     3.9    14   146.4   5.0   1.2   2.7  32.0    23       W

Max >=  27.0  0
Max <=   0.0  0
Min <=   0.0  0
Min <= -18.0  0
Max Rain: 0.4 on day 1
Days of Rain: 4 (>= 0.2 mm)  0 (>= 2.0 mm)  0 (>= 20.0 mm)
Heat Base: 18.3  Cool Base: 18.3  Method: Integration