°C

Conditions at local time : on    Forecast:
Select a Year or Month report

Report for 2019
                   Annual Climatological Summary for 2019

Name: Worthing   City: Weather   State: UK
Elevation: 31 ft  Lat: N 50 49 12   Lon: W 000 22 45

                  Temperature (°C), Heat Base: 18.3  Cool Base: 18.3
                          Dep.  Heat  Cool                       Max  Max  Min  Min
        Mean  Mean        From  Deg   Deg                        >=   <=   <=   <=
 YR MO  Max   Min   Mean  Norm  Days  Days  Hi  Date  Low  Date 27.0  0.0  0.0 -18.0
------------------------------------------------------------------------------------
 19  1   7.4   1.9   4.8   0.0   417     0  12.0  13  -2.6   24    0    0   10    0
 19  2   9.5   5.0   7.4   0.0   305     0  14.3  25  -1.7    3    0    0    1    0
 19  3  11.8   6.1   8.9   0.0   292     0  15.1  14   2.3   26    0    0    0    0
 19  4  14.0   7.3  10.4   0.0   237     0  24.4  20   1.3    3    0    0    0    0
 19  5  15.8   9.2  12.6   0.0   176     0  19.0  24   3.8    5    0    0    0    0
 19  6  18.8  13.0  15.9   0.0    81     9  26.6  28   9.7   10    0    0    0    0
 19  7  21.9  15.5  18.8   0.0    12    26  29.9  23  12.6    4    2    0    0    0
 19  8  20.8  15.4  18.3   0.0    20    19  25.0  24  11.0   13    0    0    0    0
 19  9  19.0  12.9  16.1   0.0    65     0  21.5  13   8.3    8    0    0    0    0
 19 10  15.0   9.8  12.6   0.0   177     0  18.1   1   5.1   28    0    0    0    0
 19 11  10.7   6.3   8.5   0.0   293     0  14.8   1   0.9   19    0    0    0    0
 19 12   9.8   5.4   7.9   0.0   322     0  12.2  19   0.6    2    0    0    0    0
------------------------------------------------------------------------------------
        14.5   9.0  11.9   0.0  2397    53  29.9 Jul  -2.6  Jan    2    0   11    0

                                Precipitation (mm)

              Dep.   Max        Days of Rain
              From   Obs.           >=
 YR MO Total  Norm   Day Date  0.2  2.0 20.0
---------------------------------------------
 19  1  16.6   0.0   5.4  29    10    3    0
 19  2  31.8   0.0  11.4   6    16    4    0
 19  3  29.8   0.0   6.2   4    12    7    0
 19  4  18.6   0.0  10.2   2     6    2    0
 19  5  20.4   0.0  12.0   8     9    2    0
 19  6  55.2   0.0  15.6  10    15    6    0
 19  7  64.0   0.0  23.8  19     8    6    1
 19  8  30.2   0.0  11.0  12    11    5    0
 19  9  54.4   0.0  19.4  24    11    8    0
 19 10 125.8   0.0  21.0  18    22   13    1
 19 11 147.2   0.0  13.6   2    24   17    0
 19 12 120.0   0.0  27.8  20    21   13    1
---------------------------------------------
       714.0   0.0  27.8  Dec  165   86    3

                                Wind Speed (mph)
                          Dom
 YR MO   Avg.  Hi   Date  Dir
------------------------------
 19  1   2.7  31.0   26     W
 19  2   3.8  39.0    8    SW
 19  3   5.2  42.0   10   WSW
 19  4   4.3  37.0   27     E
 19  5   2.9  30.0    8     W
 19  6   3.6  39.0    8   WSW
 19  7   3.2  37.0   30   WSW
 19  8   4.1  44.0   10   WSW
 19  9   4.4  41.0   29     W
 19 10   4.1  36.0   26     W
 19 11   3.7  46.0    2    SW
 19 12   4.2  40.0   10   WSW
------------------------------
         3.8  46.0  Nov   WSW