°C

Conditions at local time : on    Forecast:
Select a Year or Month report

Report for 2020 Mar
                   Monthly Climatological Summary for Mar 2020

Name: Worthing   City: Weather   State: UK
Elevation: 31 ft  Lat: N 50 49 12   Lon: W 000 22 45

                  Temperature (°C), Rain (mm), Wind Speed (mph)

                                      Heat  Cool        Avg
    Mean                              Deg   Deg         Wind                 Dom
Day Temp  High   Time   Low    Time   Days  Days  Rain  Speed High   Time    Dir
----------------------------------------------------------------------------------
01   7.4   9.0   12:38   6.1   07:16  10.9   0.0   2.4   6.4  26.0   00:03     W
02   7.0   9.9   14:44   3.7   23:34  11.4   0.0   2.4   3.4  21.0   03:34    NW
03   6.2  10.5   15:31   2.9   07:15  12.1   0.0   0.0   1.0  15.0   13:19    NW
04   5.8   8.4   11:58   2.3   04:13  12.5   0.0   6.8   1.2  17.0   17:27   SSE
05   5.9   6.8   11:01   4.8   22:41  12.4   0.0  22.2   4.2  26.0   15:22     N
06   5.9   9.8   15:59   2.8   06:57  12.4   0.0   0.0   1.3  14.0   00:02     N
07   6.9   9.7   22:57   2.3   04:47  11.4   0.0   0.0   3.3  25.0   22:55   WSW
08   9.1  10.6   15:46   7.2   23:25   9.2   0.0   0.8   7.3  33.0   03:16   WSW
09   8.0  10.5   12:05   5.6   06:34  10.3   0.0   2.8   5.2  31.0   22:07     W
10   9.9  10.5   15:16   9.4   00:50   8.4   0.0   2.2   7.9  28.0   15:51     W
11   9.9  10.8   14:12   9.4   07:24   8.4   0.0   2.6   6.3  33.0   21:38     W
12   8.2  10.4   11:53   6.1   06:03  10.1   0.0   0.2   6.9  31.0   13:27   WNW
13   8.3  10.6   13:48   6.2   05:08  10.0   0.0   0.0   4.0  21.0   01:22   WNW
14   9.2  11.0   14:48   7.7   04:09   9.1   0.0   6.8   6.4  24.0   22:46    SW
15   9.3  10.9   15:00   7.5   23:59   9.0   0.0   0.0   6.7  28.0   08:48   WSW
16   7.8  11.0   14:32   5.2   06:13  10.5   0.0   0.0   2.8  14.0   16:12    NW
17   9.2  10.5   10:36   6.5   00:00   9.1   0.0   0.0   4.5  17.0   14:21     W
18   9.6  10.3   12:51   8.9   00:00   8.7   0.0   0.0   4.0  18.0   10:54     W
19   9.1  10.2   11:55   7.9   23:23   9.2   0.0   0.6   0.8  13.0   23:03    NE
20   7.8   9.3   14:24   6.5   23:56  10.5   0.0   0.0   2.8  20.0   18:36   ENE
21   7.6  11.4   14:23   5.3   03:17  10.7   0.0   0.0   4.6  25.0   10:54     E
22   7.6  11.8   13:34   3.9   06:12  10.7   0.0   0.0   3.4  22.0   15:58     E
23   7.5   9.6   17:12   5.5   06:15  10.8   0.0   0.0   5.8  22.0   04:02   ESE
24   8.4  10.3   13:50   6.5   05:56   9.9   0.0   0.0   2.3  12.0   02:05    SE
25   8.2  11.1   15:04   4.9   23:56  10.1   0.0   0.0   1.6  10.0   08:45    SE
26   7.4  12.7   14:34   4.0   06:46  10.9   0.0   0.0   2.3  16.0   11:02   NNE
27   8.4  13.9   15:54   3.2   06:11   9.9   0.0   0.0   2.9  18.0   14:49   NNE
28   8.1  13.0   13:09   5.1   05:40  10.2   0.0   0.0   4.6  22.0   15:11   NNE
----------------------------------------------------------------------------------
     8.0  13.9    27     2.3     4   288.8   0.0  49.8   4.1  33.0     8       W

Max >=  27.0  0
Max <=   0.0  0
Min <=   0.0  0
Min <= -18.0  0
Max Rain: 22.2 on day 5
Days of Rain: 11 (>= 0.2 mm)  8 (>= 2.0 mm)  1 (>= 20.0 mm)
Heat Base: 18.3  Cool Base: 18.3  Method: Integration