°C

Conditions at local time : on    Forecast:

NOAA-Style Climate Reports



Report for 2021 May
                   Monthly Climatological Summary for May 2021

Name: Worthing Weather   City: Worthing West Sussex   State: UK
Elevation: 21 ft  Lat: N 50° 48' 36"   Lon: W 000° 22' 30"

                  Temperature (°C), Rain (mm), Wind Speed (mph)

                                      Heat  Cool        Avg
    Mean                              Deg   Deg         Wind                 Dom
Day Temp  High   Time   Low    Time   Days  Days  Rain  Speed High   Time    Dir
----------------------------------------------------------------------------------
01   7.8  11.8   11:40   4.0   06:02  10.5   0.0   5.2   3.2  14.0   13:16    NW
02   8.6  12.2   14:05   5.4   03:03   9.7   0.0   0.0   3.7  17.0   16:07    SW
03   9.6  12.1   12:55   5.5   04:03   8.7   0.0   6.8  11.4  51.0   23:15    SW
04  11.0  15.3   15:28   6.9   23:55   7.3   0.0   0.4  13.2  48.0   02:12     W
05   7.7  13.3   12:37   4.1   05:56  10.6   0.0   1.2   5.9  28.0   17:30   WNW
06   8.1  11.9   18:05   3.5   05:44  10.2   0.0   0.0   3.1  16.0   14:41     W
07   9.3  12.6   12:31   5.0   05:28   9.0   0.0   0.0   6.2  22.0   14:38   WSW
08  12.1  14.6   16:04   9.8   00:00   6.2   0.0  15.8   9.4  36.0   10:14   SSW
09  13.2  16.3   18:07  11.8   07:15   5.1   0.0   0.6   5.7  22.0   01:58     S
10  12.5  15.2   15:18  10.8   03:09   5.8   0.0   1.2   8.5  25.0   06:40   SSW
11  12.1  15.3   15:49   9.2   05:21   6.2   0.0   0.0   7.1  28.0   21:40   SSW
12  12.4  15.1   14:19  10.5   05:42   5.9   0.0   0.0   7.9  25.0   00:00   SSW
13  11.0  12.7   01:52   9.6   08:27   7.3   0.0   0.8   5.4  19.0   00:44    SE
14  10.8  13.2   14:32   9.5   03:17   7.5   0.0   0.2   3.8  16.0   08:04    NW
15  11.2  14.1   14:29   9.4   08:07   7.1   0.0   5.0   7.3  24.0   18:44    SW
16  11.8  13.6   16:25  10.3   09:52   6.5   0.0   2.4  10.0  29.0   19:09   WSW
17  12.3  15.4   15:35  10.2   04:54   6.0   0.0   0.6   6.1  24.0   21:01     W
18  12.1  15.3   14:20   7.6   05:27   6.2   0.0   0.0   7.1  28.0   14:56   WSW
19  12.6  17.4   13:52   9.1   06:57   5.7   0.0   6.6   6.4  25.0   15:48   WNW
20  11.3  13.4   15:27   7.5   05:02   7.0   0.0   0.4  11.7  51.0   22:55    SW
21  12.4  14.4   12:06  11.3   22:16   5.9   0.0   0.0  20.2  48.0   15:53   WSW
22  11.4  13.4   16:50   9.1   23:58   6.8   0.0   4.4   8.0  32.0   00:00     W
23  10.5  13.3   13:33   6.1   05:27   7.8   0.0   8.2  10.0  43.0   22:07   SSW
24  10.8  13.4   14:41   8.3   23:59   7.5   0.0   7.0  10.6  31.0   11:11    SW
25  11.0  16.3   14:03   7.0   05:26   7.3   0.0   0.2   7.5  33.0   15:43     W
26  11.8  15.3   14:08   7.5   03:21   6.5   0.0   0.0   6.8  24.0   12:51     W
27  13.8  17.3   18:26   8.8   05:21   4.5   0.0   0.0   2.9  12.0   13:46    SW
28  14.5  18.2   17:39  11.1   03:28   3.8   0.0   0.0   3.1  12.0   09:59    SE
29  16.5  21.4   19:05  12.9   05:22   2.2   0.4   0.0   3.1  15.0   19:00   ENE
30  14.3  20.3   14:26   9.3   05:45   4.1   0.1   0.0   3.3  14.0   10:30   ESE
31  16.4  22.7   16:08  10.8   01:22   2.5   0.7   0.0   3.4  15.0   06:30   ENE
----------------------------------------------------------------------------------
    11.6  22.7    31     3.5     6   207.4   1.2  67.0   7.1  51.0     3      SW

Max >=  27.0  0
Max <=   0.0  0
Min <=   0.0  0
Min <= -18.0  0
Max Rain: 15.8 on day 8
Days of Rain: 18 (>= 0.2 mm)  9 (>= 2.0 mm)  0 (>= 20.0 mm)
Heat Base: 18.3  Cool Base: 18.3  Method: Integration