°C

Conditions at local time : on    Forecast:

NOAA-Style Climate Reports



Report for 2021 Apr
                   Monthly Climatological Summary for Apr 2021

Name: Worthing Weather   City: Worthing West Sussex   State: UK
Elevation: 21 ft  Lat: N 50° 48' 36"   Lon: W 000° 22' 30"

                  Temperature (°C), Rain (mm), Wind Speed (mph)

                                      Heat  Cool        Avg
    Mean                              Deg   Deg         Wind                 Dom
Day Temp  High   Time   Low    Time   Days  Days  Rain  Speed High   Time    Dir
----------------------------------------------------------------------------------
01  12.3  15.9   14:45   6.6   23:55   6.0   0.0   0.0   5.1  21.0   13:05   NNE
02   8.0  12.8   16:35   4.7   05:45  10.2   0.0   0.0   4.8  20.0   14:15   NNE
03   8.1  11.8   16:15   6.2   06:15  10.1   0.0   0.0   4.0  19.0   13:45   NNE
04   7.5  10.1   16:55   5.4   06:15  10.8   0.0   0.0   4.5  19.0   19:45     W
05   6.4   8.6   11:15   2.7   23:55  11.8   0.0   0.0   6.8  23.0   16:05   NNW
06   3.5   7.7   13:45   0.8   23:55  14.8   0.0   0.0   7.7  25.0   15:35   NNW
07   3.7   6.8   13:00  -1.3   06:35  14.6   0.0   0.0   5.6  22.0   14:35   NNW
08   7.2  10.2   12:40   2.7   06:20  11.1   0.0   0.0   5.6  21.0   14:15   WSW
09   8.6  10.9   12:25   5.4   06:25   9.6   0.0   0.0   4.5  15.0   01:35   WSW
10   7.0   8.8   00:00   5.1   23:56  11.3   0.0   0.0   3.4  16.0   14:40   NNE
11   5.7  10.1   14:48   1.6   06:41  12.6   0.0   0.0   5.3  24.0   16:08     N
12   5.1  10.3   17:15   0.8   05:17  13.2   0.0   1.2   2.8  18.0   13:10   NNW
13   6.3  10.9   13:09   1.2   05:56  12.0   0.0   0.0   3.5  16.0   13:31   WSW
14   7.0  11.2   11:53   3.1   04:00  11.3   0.0   0.0   2.3  11.0   11:27    SE
15   6.7  11.4   14:42   2.5   06:09  11.6   0.0   0.0   3.1  16.0   15:49   NNE
16   6.9  11.8   14:25   2.7   05:56  11.4   0.0   0.0   3.2  15.0   14:17    NE
17   8.0  14.2   15:02   3.5   06:38  10.3   0.0   0.0   3.8  15.0   10:45    NE
18   8.0  11.7   13:12   3.3   05:52  10.3   0.0   0.0   3.7  14.0   13:13    SW
19   8.6  12.3   16:02   4.3   06:22   9.7   0.0   0.0   2.5  11.0   13:30     S
20   9.1  13.5   11:29   4.9   06:39   9.2   0.0   0.0   2.1  14.0   12:59    SE
21  11.2  15.8   12:05   6.5   23:58   7.1   0.0   0.0   4.3  20.0   17:34    NE
22   8.5  12.4   16:01   3.4   05:35   9.8   0.0   0.0   4.7  20.0   14:38     E
23   9.8  14.6   17:54   4.7   04:52   8.5   0.0   0.0   4.9  18.0   09:18     E
24  11.8  18.1   15:12   7.4   05:58   6.5   0.0   0.0   6.3  25.0   15:41   ENE
25   9.5  14.6   15:16   5.4   23:57   8.8   0.0   0.0   5.7  24.0   12:18    NE
26   8.6  14.4   16:01   3.8   05:24   9.7   0.0   0.0   3.9  19.0   12:57    NE
27   8.5  12.8   14:55   3.1   05:55   9.8   0.0   0.0   3.4  12.0   13:04    SW
28   9.0  11.7   11:40   7.2   03:01   9.2   0.0   0.0   4.8  22.0   12:29   NNE
29   8.6  11.3   15:51   5.6   07:35   9.6   0.0   0.0   5.5  20.0   00:27     N
30   8.7  12.3   16:08   5.6   05:50   9.6   0.0   0.0   3.1  18.0   14:24   NNW
----------------------------------------------------------------------------------
     7.9  18.1    24    -1.3     7   310.5   0.0   1.2   4.4  25.0     6       N

Max >=  27.0  0
Max <=   0.0  0
Min <=   0.0  1
Min <= -18.0  0
Max Rain: 1.2 on day 12
Days of Rain: 1 (>= 0.2 mm)  0 (>= 2.0 mm)  0 (>= 20.0 mm)
Heat Base: 18.3  Cool Base: 18.3  Method: Integration