°C

Conditions at local time : on    Forecast:

NOAA-Style Climate Reports



Report for 2021 Mar
                   Monthly Climatological Summary for Mar 2021

Name: Worthing Weather   City: Worthing West Sussex   State: UK
Elevation: 21 ft  Lat: N 50° 48' 36"   Lon: W 000° 22' 30"

                  Temperature (°C), Rain (mm), Wind Speed (mph)

                                      Heat  Cool        Avg
    Mean                              Deg   Deg         Wind                 Dom
Day Temp  High   Time   Low    Time   Days  Days  Rain  Speed High   Time    Dir
----------------------------------------------------------------------------------
01   6.8  12.1   15:30   3.3   23:55  11.5   0.0   0.0   3.3  14.0   10:25    NE
02   6.5  11.7   14:55   2.9   05:35  11.7   0.0   0.0   2.9  14.0   08:25   NNE
03   7.0   8.6   11:30   5.1   04:50  11.3   0.0   1.4   2.0  10.0   14:00     E
04   6.4   8.0   03:20   4.7   23:40  11.9   0.0   0.0   3.0  15.0   08:25   NNE
05   4.8   7.1   11:40   2.7   21:45  13.5   0.0   0.0   3.4  21.0   17:25   NNE
06   4.3   9.3   14:20   1.3   06:10  14.0   0.0   0.0   3.0  14.0   10:40    NE
07   3.2   7.8   15:25   0.3   06:05  15.1   0.0   0.0   2.2  16.0   13:40   NNE
08   3.8   7.6   13:50  -0.3   04:20  14.5   0.0   0.0   2.3  11.0   14:10     W
09   6.4   9.7   13:05   2.7   05:50  11.8   0.0   0.0   3.7  19.0   15:45   WSW
10   7.6   9.4   23:55   6.9   06:40  10.6   0.0   5.2  13.0  38.0   13:05    SW
11   8.6  10.2   10:15   6.2   18:55   9.6   0.0   1.4  15.9  46.0   06:55   WSW
12   7.9   9.7   14:55   6.5   00:05  10.3   0.0   6.0  12.2  36.0   21:55   WSW
13   7.5  10.5   14:15   4.4   22:20  10.7   0.0   1.4  11.0  42.0   00:55     W
14   8.0  10.8   14:35   4.8   06:30  10.3   0.0   0.0   7.1  26.0   18:05   WNW
15  10.1  13.1   15:15   8.1   07:15   8.2   0.0   0.0   6.2  24.0   12:25   NNW
16  10.5  15.1   15:36   6.9   04:20   7.0   0.0   0.0   5.3  25.0   16:49   NNW
17   8.0  10.2   12:01   5.7   06:25   9.3   0.0   0.2   4.5  17.0   14:14   NNW
18   7.7  10.2   23:03   4.3   04:10   9.6   0.0   0.0   5.1  21.0   23:33     N
19   8.5  12.6   15:09   4.8   23:56   8.8   0.0   0.0   4.0  20.0   00:57   NNE
20   6.9  10.2   13:00   2.4   05:33  10.3   0.0   0.0   2.1  13.0   15:40   WNW
21   9.5  13.0   14:59   5.8   23:56   8.0   0.0   0.0   3.3  16.0   01:48     N
22   7.5  11.5   15:04   4.4   03:04  10.0   0.0   0.0   1.9  13.0   15:32    SW
23   7.7  11.1   13:32   3.7   02:53   9.6   0.0   0.0   4.6  17.0   12:48    SW
24   8.5  11.0   13:06   4.7   03:23   9.0   0.0   0.2   4.2  16.0   15:19    SW
25   8.5  11.1   13:24   4.4   06:34   9.2   0.0   0.8   5.4  25.0   16:59    SW
26   9.0  11.4   11:57   6.9   23:38   8.4   0.0   0.8  11.7  34.0   08:35    SW
27   7.9  10.8   15:16   3.9   06:42   9.4   0.0   0.0   8.7  24.0   22:42   WSW
28   9.6  10.5   13:31   8.8   04:29   7.9   0.0   0.0  11.6  33.0   06:43    SW
29   9.8  12.1   16:42   7.0   23:58   8.0   0.0   0.0   6.9  23.0   09:29    SW
30  11.6  16.1   16:57   5.8   03:59   6.0   0.0   0.0   2.1  11.0   10:48     E
31  12.8  15.4   11:11  10.2   04:35   5.0   0.0   0.0   2.1  11.0   13:09     E
----------------------------------------------------------------------------------
     7.8  16.1    30    -0.3     8   310.5   0.0  17.4   5.2  46.0    11       W

Max >=  27.0  0
Max <=   0.0  0
Min <=   0.0  1
Min <= -18.0  0
Max Rain: 6.0 on day 12
Days of Rain: 9 (>= 0.2 mm)  2 (>= 2.0 mm)  0 (>= 20.0 mm)
Heat Base: 18.3  Cool Base: 18.3  Method: Integration