°C

Conditions at local time : on    Forecast:

NOAA-Style Climate Reports



Report for 2021 Feb
                   Monthly Climatological Summary for Feb 2021

Name: Worthing Weather   City: Worthing West Sussex   State: UK
Elevation: 21 ft  Lat: N 50° 48' 36"   Lon: W 000° 22' 30"

                  Temperature (°C), Rain (mm), Wind Speed (mph)

                                      Heat  Cool        Avg
    Mean                              Deg   Deg         Wind                 Dom
Day Temp  High   Time   Low    Time   Days  Days  Rain  Speed High   Time    Dir
----------------------------------------------------------------------------------
01   4.2   6.2   23:50   3.7   15:40  14.0   0.0   0.2   3.4  12.0   02:20     N
02   9.2  10.2   19:10   6.4   00:00   9.1   0.0   4.6  10.0  33.0   19:20    SW
03   8.3   9.9   15:00   6.1   22:40  10.0   0.0   8.8   4.2  24.0   00:00     W
04   8.3   9.6   19:40   7.0   00:20  10.0   0.0   6.8   5.0  19.0   19:20     S
05   8.0  10.1   13:30   6.1   07:00  10.3   0.0   1.4   3.0  14.0   20:10   SSW
06   6.5   7.9   14:50   5.0   09:20  11.8   0.0   0.4   2.7  17.0   23:40     N
07   1.8   5.2   00:00  -0.9   23:00  16.5   0.0   0.8   7.4  32.0   09:40     N
08  -1.0  -0.7   13:10  -1.3   06:10  19.3   0.0   0.0   4.9  20.0   03:10   NNE
09  -0.7   0.7   14:40  -1.3   00:50  19.0   0.0   0.0   6.3  31.0   15:00   ENE
10   0.1   2.6   12:30  -1.8   23:40  18.2   0.0   0.0   3.0  24.0   00:00    NE
11   0.1   1.7   23:30  -2.1   01:20  18.2   0.0   0.0   8.1  28.0   20:30     E
12   0.3   2.1   13:00  -2.0   22:00  18.0   0.0   0.0   9.1  29.0   08:35     E
13   0.7   2.7   22:05  -1.8   00:00  17.6   0.0   0.0   9.6  30.0   21:15    SE
14   3.9   6.2   23:10   2.5   06:10  14.3   0.0   5.0   8.7  31.0   03:50   SSE
15   7.4   8.6   14:50   6.1   00:00  10.9   0.0   6.4   7.4  28.0   04:45   SSW
16   7.7   8.3   00:55   7.1   19:05  10.6   0.0   4.8   8.7  27.0   09:20    SW
17   8.4   9.2   15:25   7.4   00:20   9.9   0.0   0.2  11.8  33.0   08:10   SSW
18   8.0   9.1   13:25   6.5   21:15  10.3   0.0   0.8   9.8  34.0   09:55   SSW
19   8.1   9.8   20:15   6.7   00:30  10.2   0.0   0.0  11.4  37.0   20:15     S
20   9.9  11.1   15:05   8.8   23:40   8.4   0.0   0.0  11.9  30.0   09:00     S
21   9.2  11.1   14:20   8.0   03:05   9.1   0.0   0.0   3.1  15.0   00:05    SE
22   8.3   9.6   06:25   5.9   23:55  10.0   0.0   1.2   1.9  14.0   18:35     S
23   8.7  10.8   15:30   5.6   01:50   9.6   0.0   0.0   8.6  32.0   23:40     S
24   9.8  10.6   13:50   9.1   22:55   8.5   0.0   0.0   9.2  31.0   00:05   SSW
25   9.4  10.8   13:40   6.7   23:30   8.9   0.0   0.0   3.6  21.0   00:00     W
26   7.0  11.4   12:10   3.6   07:30  11.3   0.0   0.0   2.6  12.0   14:05    NW
27   7.5  12.1   12:40   4.4   02:50  10.8   0.0   0.0   2.2  11.0   10:20   NNE
28   7.0  12.6   14:15   3.5   06:30  11.3   0.0   0.0   3.0  17.0   15:00   NNE
----------------------------------------------------------------------------------
     5.9  12.6    28    -2.1    11   346.1   0.0  41.4   6.7  37.0    19       S

Max >=  27.0  0
Max <=   0.0  1
Min <=   0.0  7
Min <= -18.0  0
Max Rain: 8.8 on day 3
Days of Rain: 13 (>= 0.2 mm)  6 (>= 2.0 mm)  0 (>= 20.0 mm)
Heat Base: 18.3  Cool Base: 18.3  Method: Integration