°C

Conditions at local time : on    Forecast:

NOAA-Style Climate Reports



Report for 2021 Jan
                   Monthly Climatological Summary for Jan 2021

Name: Worthing Weather   City: Worthing West Sussex   State: UK
Elevation: 21 ft  Lat: N 50° 48' 36"   Lon: W 000° 22' 30"

                  Temperature (°C), Rain (mm), Wind Speed (mph)

                                      Heat  Cool        Avg
    Mean                              Deg   Deg         Wind                 Dom
Day Temp  High   Time   Low    Time   Days  Days  Rain  Speed High   Time    Dir
----------------------------------------------------------------------------------
01   1.3   3.8   23:30  -0.2   00:00  17.0   0.0   0.0   2.3  10.0   20:40     N
02   3.5   4.7   14:30   1.2   23:40  14.8   0.0   0.0   4.0  14.0   08:30     N
03   2.9   5.3   13:10   0.7   02:30  15.4   0.0   0.0   3.6  18.0   02:40     N
04   3.5   4.6   12:10   2.4   22:30  14.8   0.0   1.8   3.4  16.0   09:30     N
05   3.1   4.3   12:50   1.8   04:10  15.2   0.0   0.6   4.3  18.0   06:20     N
06   3.0   5.2   14:40   0.6   23:50  15.3   0.0   1.8   2.8  13.0   02:50     N
07   0.2   2.7   13:00  -2.8   23:40  18.1   0.0   0.2   3.3  16.0   02:20     N
08   0.0   3.1   13:10  -2.7   00:00  18.3   0.0   0.2   1.3   8.0   15:00     N
09   0.5   3.2   13:50  -1.2   23:20  17.8   0.0   0.4   2.8  11.0   04:30     N
10  -0.5   2.6   14:10  -3.3   07:30  18.8   0.0   0.2   2.0  11.0   09:10     N
11   6.0   7.9   23:40   1.8   00:00  12.2   0.0   0.0   3.9  19.0   14:10   WNW
12   7.5   9.3   13:10   3.7   23:50  10.8   0.0   3.8   3.7  24.0   06:00    NW
13   6.8  10.1   19:50   2.7   01:10  11.5   0.0   1.2   1.7  11.0   18:10    NW
14   7.2  10.2   11:50   3.4   23:40  11.2   0.0   8.4   4.6  24.0   15:30   NNW
15   3.1   5.2   22:00   0.8   06:00  15.2   0.0   0.0   3.1  18.0   23:30     N
16   6.5   9.6   14:50   3.8   04:10  11.8   0.0   6.4   6.3  28.0   09:00    SW
17   5.6   7.6   13:40   3.1   23:30  12.7   0.0   0.0   1.9  15.0   05:30    NW
18   5.7   8.7   23:20   1.7   06:20  12.6   0.0   0.4   5.4  36.0   23:40     S
19   9.1   9.7   10:20   8.6   01:40   9.2   0.0   7.8  14.9  41.0   23:50     S
20   9.3   9.9   23:10   7.6   23:50   9.0   0.0   4.8  18.4  46.0   01:30   SSE
21   7.0   8.4   11:10   4.8   23:50  11.3   0.0   0.6   9.6  36.0   00:30     S
22   4.6   7.7   13:50   1.6   09:10  13.7   0.0   0.0   4.5  28.0   18:40   SSW
23   2.6   5.6   13:30  -0.3   23:30  15.7   0.0   0.0   3.4  18.0   14:30     W
24   2.3   6.1   08:00  -1.4   03:20  16.0   0.0   2.2   5.6  36.0   08:40   SSW
25   2.5   6.1   13:40  -0.1   06:50  15.8   0.0   0.0   3.2  15.0   03:10     W
26   4.4   7.3   23:50   0.3   05:30  13.9   0.0   4.2   2.1  23.0   16:20   SSE
27   8.1   8.6   14:30   7.3   00:00  10.2   0.0   7.6   0.4   8.0   08:20    SW
28   9.1  10.2   13:30   8.5   00:00   9.1   0.0  11.4   3.9  30.0   23:50     W
29   9.2  11.8   14:20   7.2   23:40   9.2   0.0   1.8   7.7  31.0   10:20     W
30   6.6   7.8   02:20   4.4   23:20  11.7   0.0  10.6   6.1  26.0   16:30   ENE
31   3.7   4.6   21:00   2.9   07:20  14.6   0.0   2.2   3.6  21.0   10:30    NE
----------------------------------------------------------------------------------
     4.7  11.8    29    -3.3    10   422.9   0.0  78.6   4.6  46.0    20      SW

Max >=  27.0  0
Max <=   0.0  0
Min <=   0.0  8
Min <= -18.0  0
Max Rain: 11.4 on day 28
Days of Rain: 22 (>= 0.2 mm)  11 (>= 2.0 mm)  0 (>= 20.0 mm)
Heat Base: 18.3  Cool Base: 18.3  Method: Integration