°C

Conditions at local time : on    Forecast:

NOAA-Style Climate Reports



Report for 2020 Dec
                   Monthly Climatological Summary for Dec 2020

Name: Worthing Weather   City: Worthing West Sussex   State: UK
Elevation: 21 ft  Lat: N 50° 48' 36"   Lon: W 000° 22' 30"

                  Temperature (°C), Rain (mm), Wind Speed (mph)

                                      Heat  Cool        Avg
    Mean                              Deg   Deg         Wind                 Dom
Day Temp  High   Time   Low    Time   Days  Days  Rain  Speed High   Time    Dir
----------------------------------------------------------------------------------
01   6.0   8.2   13:20   4.4   07:50  12.3   0.0   0.0   5.0  19.0   12:20     N
02   5.5   7.6   13:50   3.6   03:20  12.8   0.0   0.2   1.8   8.0   00:40   NNW
03   6.3   8.8   11:50   4.5   19:20  12.0   0.0  14.8   5.0  43.0   12:20   WSW
04   5.1   8.1   23:30   3.5   05:20  13.2   0.0   1.6   3.8  18.0   04:00    NW
05   6.7   8.6   02:30   4.3   19:40  11.6   0.0   4.6   6.6  29.0   07:00   SSE
06   4.2   6.8   14:40   1.6   22:50  14.1   0.0   0.4   4.0  14.0   08:00     N
07   2.3   3.9   15:20   0.2   05:40  16.0   0.0  10.6   2.2   9.0   09:10     N
08   3.3   6.8   15:10   1.5   09:00  15.0   0.0   0.0   1.7   9.0   02:30     N
09   5.4   9.1   20:40   3.0   05:00  12.9   0.0   0.2   2.4  19.0   20:50    SW
10   8.5   9.6   23:00   7.8   03:30   9.8   0.0   2.6   6.3  23.0   02:50     S
11   9.5  11.2   12:50   7.6   23:40   8.8   0.0  11.8   2.6  24.0   03:20    SW
12   7.0   9.9   13:20   3.4   23:20  11.3   0.0   0.2   2.4  18.0   12:00   NNW
13   8.2  11.1   21:40   2.6   02:40  10.1   0.0   5.0   7.3  27.0   12:10   SSW
14  10.4  11.6   13:20   9.1   18:00   7.9   0.0   4.2   6.9  28.0   04:10    SW
15  10.2  11.0   14:10   9.6   00:00   8.1   0.0   0.0   6.0  20.0   22:00    SW
16  10.2  10.8   15:10   9.4   18:10   8.2   0.0   0.8   8.0  32.0   07:00   SSW
17  10.0  11.0   13:00   8.5   07:50   8.3   0.0   1.8   5.0  22.0   23:30   WSW
18  11.0  11.5   16:40  10.6   00:00   7.3   0.0   1.0  11.0  30.0   06:10   SSW
19  10.5  11.3   12:20   8.8   20:40   7.8   0.0  11.8   9.2  29.0   01:00    SW
20   9.2  10.4   14:00   7.4   05:40   9.1   0.0   4.2   6.0  24.0   10:20   WSW
21  10.8  11.7   22:40   9.3   03:00   7.5   0.0  12.4   8.4  33.0   06:50    SW
22  11.0  11.7   00:00  10.6   23:40   7.3   0.0   7.8   3.9  30.0   00:10     W
23  10.4  12.0   12:10   7.6   23:50   8.0   0.0   5.8   5.2  25.0   11:50    SW
24   5.3   7.9   00:50   2.9   21:30  13.1   0.0   0.2   9.2  28.0   03:20     N
25   2.1   4.6   15:10   0.5   08:00  16.2   0.0   0.0   5.1  24.0   00:10     N
26   7.1   9.9   22:00   0.8   00:50  11.2   0.0   0.2   7.2  40.0   23:50     W
27   7.0   9.6   00:00   3.4   20:10  11.3   0.0   3.8   7.7  46.0   03:20     W
28   3.8   7.2   09:20   1.3   06:50  14.5   0.0   7.6   3.9  22.0   19:10     N
29   2.3   3.8   23:30   0.6   07:40  16.0   0.0   0.0   2.8  12.0   20:40     N
30   2.4   4.8   13:10  -0.1   08:10  15.9   0.0   0.0   1.4  10.0   00:20     N
31   0.3   2.7   00:00  -0.9   07:30  18.0   0.0   0.0   4.4  17.0   08:10     N
----------------------------------------------------------------------------------
     6.8  12.0    23    -0.9    31   355.6   0.0 113.6   5.2  46.0    27     WSW

Max >=  27.0  0
Max <=   0.0  0
Min <=   0.0  2
Min <= -18.0  0
Max Rain: 14.8 on day 3
Days of Rain: 24 (>= 0.2 mm)  14 (>= 2.0 mm)  0 (>= 20.0 mm)
Heat Base: 18.3  Cool Base: 18.3  Method: Integration