°C

Conditions at local time : on    Forecast:

NOAA-Style Climate Reports



Report for 2020 Nov
                   Monthly Climatological Summary for Nov 2020

Name: Worthing Weather   City: Worthing West Sussex   State: UK
Elevation: 21 ft  Lat: N 50° 48' 36"   Lon: W 000° 22' 30"

                  Temperature (°C), Rain (mm), Wind Speed (mph)

                                      Heat  Cool        Avg
    Mean                              Deg   Deg         Wind                 Dom
Day Temp  High   Time   Low    Time   Days  Days  Rain  Speed High   Time    Dir
----------------------------------------------------------------------------------
01  14.5  15.9   23:40  12.6   03:00   3.8   0.0   1.2  10.6  31.0   01:10   WSW
02  13.7  16.0   02:40  10.1   22:40   4.6   0.0   0.0   9.4  34.0   04:40     W
03   9.8  12.6   03:10   4.9   23:50   8.5   0.0   0.4   6.3  40.0   05:10     W
04   7.1  11.4   14:10   4.7   00:30  11.2   0.0   0.0   1.8  10.0   09:40     N
05   7.3  11.5   14:20   4.3   06:10  11.0   0.0   0.0   1.2   6.0   12:10     N
06   9.4  12.7   13:10   5.7   06:30   8.9   0.0   0.2   3.9  19.0   19:40     E
07  11.8  13.7   14:30   9.1   04:10   6.5   0.0   0.0   2.8  12.0   19:20     E
08  13.4  14.9   13:20  12.4   05:00   4.9   0.0   0.2   1.4   9.0   04:40   ESE
09  13.4  14.1   12:30  12.9   00:00   4.9   0.0   5.6   2.2  10.0   06:20   ESE
10  12.5  14.3   12:30  10.9   23:50   5.8   0.0   1.0   1.1  13.0   00:10   WSW
11  12.8  13.3   19:30  10.1   00:40   5.5   0.0   6.6   7.5  34.0   22:50   SSW
12  12.1  13.6   14:00  10.8   06:50   6.2   0.0   0.0   5.8  25.0   23:30     W
13  12.4  13.3   09:30  11.4   17:00   5.9   0.0   0.6   5.4  26.0   00:20   WSW
14  13.5  14.4   17:50  11.2   02:00   4.8   0.0   4.0  10.3  34.0   18:20    SW
15  11.5  14.2   00:20   7.9   16:40   6.8   0.0  18.4   9.2  38.0   14:10   WSW
16  11.6  13.1   22:40   9.9   00:00   6.7   0.0   0.2   5.5  24.0   21:40   WNW
17  12.9  13.8   11:20  11.9   05:50   5.4   0.0   0.0   6.2  24.0   07:00     W
18  12.3  13.8   15:10   9.7   21:40   6.0   0.0   0.2   6.7  24.0   16:00   WSW
19   8.9  11.1   11:00   5.0   21:20   9.4   0.0   0.0   5.2  30.0   01:00    NW
20   7.7  11.2   22:20   2.9   05:00  10.6   0.0   2.2   3.4  20.0   14:10     W
21  11.8  12.7   13:50  10.9   07:10   6.5   0.0   0.0   5.7  23.0   03:30     W
22  11.2  12.1   12:50   9.5   23:50   7.1   0.0   0.0   2.1  15.0   02:00    NW
23   9.9  11.9   19:10   6.7   07:30   8.4   0.0   0.0   2.8  18.0   18:00   WSW
24  11.6  12.1   14:20  10.8   08:10   6.7   0.0   0.0   6.5  20.0   06:50    SW
25  11.1  12.7   11:30   8.7   23:40   7.2   0.0   0.2   5.6  20.0   00:30   WSW
26   7.8   8.7   00:00   7.1   19:10  10.5   0.0   0.2   2.0  13.0   00:20     N
27   7.7  10.0   23:30   5.9   09:50  10.6   0.0   2.2   1.6  14.0   23:40    NE
28  10.4  12.7   13:30   8.3   22:30   7.9   0.0   0.0   2.8  13.0   03:00     E
29   7.7   9.1   11:30   6.1   23:50  10.6   0.0   0.2   2.3  16.0   08:20     N
30   7.0  10.4   22:10   4.6   08:10  11.3   0.0   0.2   2.6  23.0   22:40    NW
----------------------------------------------------------------------------------
    10.8  16.0     2     2.9    20   224.2   0.0  43.8   4.7  40.0     3     WSW

Max >=  27.0  0
Max <=   0.0  0
Min <=   0.0  0
Min <= -18.0  0
Max Rain: 18.4 on day 15
Days of Rain: 18 (>= 0.2 mm)  6 (>= 2.0 mm)  0 (>= 20.0 mm)
Heat Base: 18.3  Cool Base: 18.3  Method: Integration