°C

Conditions at local time : on    Forecast:

NOAA-Style Climate Reports



Report for 2020 Oct
                   Monthly Climatological Summary for Oct 2020

Name: Worthing Weather   City: Worthing West Sussex   State: UK
Elevation: 21 ft  Lat: N 50° 48' 36"   Lon: W 000° 22' 30"

                  Temperature (°C), Rain (mm), Wind Speed (mph)

                                      Heat  Cool        Avg
    Mean                              Deg   Deg         Wind                 Dom
Day Temp  High   Time   Low    Time   Days  Days  Rain  Speed High   Time    Dir
----------------------------------------------------------------------------------
01  13.3  15.2   13:10  10.8   07:00   5.1   0.0   3.6   4.1  26.0   20:40   WSW
02  13.5  15.0   13:50  12.2   05:40   4.8   0.0  25.6   6.6  34.0   04:20   ESE
03  13.8  15.8   13:10  11.3   23:50   4.5   0.0  32.6   4.2  28.0   22:00   SSW
04  10.9  12.4   16:40   9.1   03:00   7.4   0.0  16.8   7.2  34.0   15:50     W
05  12.4  15.9   13:00   9.0   01:20   5.9   0.0   0.2   3.6  20.0   23:30     W
06  14.0  16.3   14:00  11.7   23:40   4.3   0.0   3.8   6.2  30.0   03:00     W
07  12.7  15.9   13:50   9.1   07:30   5.6   0.0   2.4   4.1  21.0   23:30     W
08  15.5  18.3   15:20  12.7   23:50   2.8   0.0   0.6   6.6  28.0   12:20   WSW
09  11.6  15.6   14:20   8.2   23:40   6.7   0.0   1.0   2.7  21.0   15:20   WNW
10   9.6  13.8   17:40   5.6   07:10   8.7   0.0   1.6   3.2  20.0   13:00    NW
11  10.4  13.6   13:50   7.8   06:50   7.9   0.0   0.0   3.4  14.0   12:30   NNW
12  10.6  14.0   12:40   7.3   03:40   7.7   0.0  10.4   3.7  22.0   15:50   WSW
13   9.7  11.8   13:30   7.0   07:40   8.6   0.0   3.0   4.3  15.0   10:40   NNW
14  11.3  15.4   13:00   8.4   07:20   7.0   0.0   0.0   2.9  17.0   13:30     N
15  10.2  14.3   15:40   7.8   07:20   8.1   0.0   0.0   4.2  16.0   14:20   NNW
16  10.1  13.4   14:40   7.5   02:50   8.2   0.0   0.0   2.5  14.0   14:10   NNW
17  11.0  13.8   13:40   7.9   07:20   7.3   0.0   0.0   1.2   7.0   22:20   NNW
18  10.9  13.8   15:10   8.2   07:10   7.4   0.0   0.0   1.4   9.0   01:40    NW
19  13.4  14.7   13:40  10.1   01:40   4.9   0.0   0.0   5.3  22.0   12:40   SSE
20  15.4  16.8   16:00  14.0   03:50   2.9   0.0   3.2   8.4  26.0   08:20     S
21  14.8  15.7   00:30  14.2   22:10   3.5   0.0  18.2   6.4  22.0   09:50    SW
22  14.5  16.1   14:10  11.6   23:40   3.8   0.0   0.0   5.2  26.0   01:00   WSW
23  13.5  15.5   11:30  10.4   23:40   4.8   0.0   2.2   4.4  23.0   16:00   WSW
24  13.7  15.9   16:10  10.4   00:00   4.6   0.0   7.0  10.3  43.0   19:30    SW
25  11.9  13.3   05:50   9.0   23:50   6.4   0.0  17.4   6.6  28.0   07:20     W
26  11.3  14.6   12:40   8.6   04:00   7.0   0.0   3.4   3.5  20.0   04:20   WNW
27  10.9  13.6   15:00   7.6   02:10   7.4   0.0   2.0   6.2  35.0   11:20   WSW
28  12.1  13.7   11:50  10.5   23:50   6.2   0.0   3.2   7.6  31.0   12:30     W
29  13.1  14.4   20:30  10.3   00:00   5.2   0.0   2.8   7.0  30.0   13:10     W
30  14.3  14.8   07:50  13.8   22:20   4.0   0.0   0.8   8.0  31.0   03:30   WSW
31  13.6  14.7   10:10  12.4   16:10   4.7   0.0   5.2   9.4  36.0   11:30    SW
----------------------------------------------------------------------------------
    12.4  18.3     8     5.6    10   183.4   0.0 167.0   5.2  43.0    24     WSW

Max >=  27.0  0
Max <=   0.0  0
Min <=   0.0  0
Min <= -18.0  0
Max Rain: 32.6 on day 3
Days of Rain: 23 (>= 0.2 mm)  18 (>= 2.0 mm)  2 (>= 20.0 mm)
Heat Base: 18.3  Cool Base: 18.3  Method: Integration