°C

Conditions at local time : on    Forecast:

NOAA-Style Climate Reports



Report for 2020 Sep
                   Monthly Climatological Summary for Sep 2020

Name: Worthing Weather   City: Worthing West Sussex   State: UK
Elevation: 21 ft  Lat: N 50° 48' 36"   Lon: W 000° 22' 30"

                  Temperature (°C), Rain (mm), Wind Speed (mph)

                                      Heat  Cool        Avg
    Mean                              Deg   Deg         Wind                 Dom
Day Temp  High   Time   Low    Time   Days  Days  Rain  Speed High   Time    Dir
----------------------------------------------------------------------------------
01  15.6  20.4   13:50  11.2   03:30   2.9   0.2   0.0   2.0   8.0   09:50    NW
02  16.0  18.9   10:50  11.4   06:20   2.4   0.1   0.2   3.2  19.0   22:10   WSW
03  17.8  18.4   14:30  16.9   23:50   0.5   0.0   0.4   6.8  24.0   11:30     W
04  16.2  19.3   12:30  12.6   06:20   2.1   0.1   0.0   2.6  17.0   15:20   WNW
05  15.3  19.4   17:20  11.3   05:50   3.1   0.1   0.0   3.1  17.0   14:40   NNW
06  15.3  19.6   13:40  11.6   06:30   3.0   0.1   0.0   2.6  16.0   12:50     W
07  15.7  19.4   13:40  11.2   06:20   2.6   0.1   0.0   3.2  21.0   16:30     W
08  18.2  20.7   16:00  16.2   06:00   0.6   0.6   0.0   2.9  18.0   17:10     W
09  18.6  21.8   13:20  15.3   07:20   0.8   1.0   0.0   2.6  14.0   13:50   WNW
10  16.5  20.9   14:20  12.6   06:50   2.2   0.4   0.0   2.7  11.0   03:10   NNW
11  15.5  18.8   14:30  11.7   06:00   2.8   0.0   0.0   2.6  18.0   16:10     W
12  16.8  19.9   12:40  13.4   06:20   1.7   0.2   0.0   3.8  19.0   17:00     W
13  17.5  19.6   15:00  14.9   23:40   1.2   0.3   0.0   2.7  14.0   11:30   WSW
14  19.6  24.0   18:40  14.7   01:30   1.1   2.3   0.0   1.5  10.0   10:10   ESE
15  21.9  27.5   17:00  18.8   05:50   0.0   3.6   0.0   2.3  14.0   15:10    NW
16  21.8  25.4   12:50  17.4   23:30   0.1   3.5   0.0   3.1  14.0   12:40     N
17  17.2  22.0   14:30  13.8   06:50   1.9   0.8   0.0   3.3  18.0   11:30   ENE
18  16.6  22.2   14:50  12.4   05:10   2.4   0.7   0.0   3.3  20.0   11:00    NE
19  18.8  23.6   13:20  15.7   02:00   0.9   1.5   0.0   3.8  17.0   12:30   NNE
20  18.8  24.9   15:20  14.9   07:20   1.1   1.6   0.0   3.8  22.0   03:20     N
21  16.8  20.8   12:20  13.2   06:40   2.0   0.5   0.0   2.6  13.0   06:40   NNW
22  16.7  19.4   12:20  13.2   06:20   1.7   0.1   0.0   2.8  15.0   17:20     W
23  16.4  18.1   10:10  11.1   23:50   2.0   0.0   6.2   6.6  24.0   10:40     W
24  12.2  15.9   12:30   9.7   22:30   6.1   0.0  19.4   4.9  38.0   05:50   WSW
25  10.9  15.3   16:50   6.8   06:00   7.4   0.0   3.8   8.0  31.0   15:00   NNW
26  10.6  13.8   15:50   6.9   06:50   7.7   0.0   0.0   8.0  27.0   18:40   NNW
27  12.2  14.3   16:10  10.7   04:30   6.1   0.0   0.0   8.7  29.0   11:50   NNW
28  13.6  18.0   15:40   8.8   07:30   4.7   0.0   0.0   4.1  18.0   06:30    NW
29  16.1  18.1   13:30  14.7   21:10   2.2   0.0   0.0   2.6  15.0   15:00     W
30  15.6  17.1   12:40  13.9   23:10   2.7   0.0  14.0   8.1  27.0   16:30    SW
----------------------------------------------------------------------------------
    16.4  27.5    15     6.8    25    76.0  17.8  44.0   4.0  38.0    24      NW

Max >=  27.0  1
Max <=   0.0  0
Min <=   0.0  0
Min <= -18.0  0
Max Rain: 19.4 on day 24
Days of Rain: 6 (>= 0.2 mm)  4 (>= 2.0 mm)  0 (>= 20.0 mm)
Heat Base: 18.3  Cool Base: 18.3  Method: Integration