°C

Conditions at local time : on    Forecast:

NOAA-Style Climate Reports



Report for 2020 Aug
                   Monthly Climatological Summary for Aug 2020

Name: Worthing Weather   City: Worthing West Sussex   State: UK
Elevation: 21 ft  Lat: N 50° 48' 36"   Lon: W 000° 22' 30"

                  Temperature (°C), Rain (mm), Wind Speed (mph)

                                      Heat  Cool        Avg
    Mean                              Deg   Deg         Wind                 Dom
Day Temp  High   Time   Low    Time   Days  Days  Rain  Speed High   Time    Dir
----------------------------------------------------------------------------------
01  19.0  20.7   17:20  16.7   05:50   0.2   0.9   0.0   3.4  21.0   15:20     W
02  17.1  20.4   13:50  12.7   05:10   1.6   0.5   0.0   2.2  22.0   17:20     W
03  18.2  22.8   17:10  14.4   07:20   1.2   1.2   0.0   1.3  15.0   18:30   NNW
04  17.2  19.7   12:10  13.2   05:30   1.4   0.3   0.0   2.2  19.0   14:20   WSW
05  18.9  21.1   19:20  16.7   00:00   0.4   0.9   0.0   3.1  19.0   13:20   WSW
06  21.3  25.8   17:10  18.2   00:50   0.0   3.0   0.0   0.6  11.0   00:30    SW
07  22.9  26.7   18:20  18.1   03:20   0.0   4.7   0.0   0.3   8.0   13:40   ESE
08  26.2  30.6   14:20  23.8   04:30   0.0   7.9   0.0   0.1   8.0   05:20   ENE
09  25.8  32.9   18:10  19.3   06:30   0.0   7.5   0.0   1.3  16.0   10:10     N
10  23.9  28.1   14:50  20.4   07:10   0.0   5.6   0.0   0.3   9.0   06:40    SE
11  25.3  30.6   19:10  21.3   04:30   0.0   7.0   0.0   0.3   9.0   12:40   SSW
12  24.1  28.8   12:10  20.7   04:30   0.0   5.8   0.4   0.5  17.0   20:10   SSW
13  22.1  25.7   09:50  20.4   23:50   0.0   3.8   2.8   0.4  10.0   13:20    SE
14  20.2  21.6   18:40  18.8   07:30   0.0   1.9   0.0   1.7  12.0   11:20   NNW
15  19.3  19.9   15:10  18.7   07:30   0.0   1.0   0.6   0.4   9.0   16:40    NW
16  19.4  23.1   17:50  17.8   13:50   0.0   1.1   8.4   1.0  14.0   13:20    SW
17  18.9  21.1   12:40  16.5   03:10   0.4   0.9   0.0   2.9  18.0   18:30   WSW
18  19.2  20.8   16:40  17.5   04:10   0.0   1.0   1.4   3.5  19.0   04:30   WSW
19  19.0  20.1   21:50  18.4   13:10   0.0   0.7  17.8   5.5  24.0   15:10     S
20  19.9  22.0   19:00  17.5   06:10   0.0   1.6   0.6   1.6  25.0   00:40    SW
21  20.0  21.6   16:20  18.5   23:00   0.0   1.7   0.2   9.4  31.0   13:50   WSW
22  18.3  19.8   12:10  16.5   05:30   0.3   0.4   1.0   7.5  30.0   00:20   WSW
23  17.7  20.0   13:50  16.2   23:50   0.9   0.2   1.0   1.6  29.0   17:30   WNW
24  17.2  19.8   13:10  14.6   05:20   1.4   0.2   7.8   1.4  22.0   14:30   WSW
25  17.7  19.4   14:30  15.7   08:50   0.7   0.1   5.2   9.8  39.0   19:40   WSW
26  18.2  20.9   13:10  15.5   23:50   0.7   0.6   0.0   2.5  34.0   00:00     W
27  16.1  18.4   10:00  13.8   05:20   2.2   0.0   4.2   1.1  28.0   18:30    SW
28  15.5  19.6   13:20  12.3   23:50   2.9   0.1  10.0   0.5  24.0   23:20    NW
29  13.4  16.3   17:00  11.3   01:30   4.9   0.0   0.0   1.4  25.0   10:10     N
30  14.6  17.7   12:40  12.1   02:50   3.7   0.0   0.0   1.9  28.0   06:20     N
31  14.7  18.4   15:20  11.0   06:10   3.6   0.0   0.0   1.9  13.0   16:30   NNW
----------------------------------------------------------------------------------
    19.4  32.9     9    11.0    31    26.5  60.6  61.4   2.3  39.0    25     WSW

Max >=  27.0  5
Max <=   0.0  0
Min <=   0.0  0
Min <= -18.0  0
Max Rain: 17.8 on day 19
Days of Rain: 14 (>= 0.2 mm)  7 (>= 2.0 mm)  0 (>= 20.0 mm)
Heat Base: 18.3  Cool Base: 18.3  Method: Integration