°C

Conditions at local time : on    Forecast:

NOAA-Style Climate Reports



Report for 2020 Jul
                   Monthly Climatological Summary for Jul 2020

Name: Worthing Weather   City: Worthing West Sussex   State: UK
Elevation: 21 ft  Lat: N 50° 48' 36"   Lon: W 000° 22' 30"

                  Temperature (°C), Rain (mm), Wind Speed (mph)

                                      Heat  Cool        Avg
    Mean                              Deg   Deg         Wind                 Dom
Day Temp  High   Time   Low    Time   Days  Days  Rain  Speed High   Time    Dir
----------------------------------------------------------------------------------
01  17.2  19.1   13:20  15.6   04:00   1.3   0.1   0.0   5.5  22.0   15:10     W
02  16.7  19.0   14:10  13.6   05:20   1.7   0.0   0.0   4.5  25.0   15:20     W
03  15.9  18.3   13:00  12.0   05:20   2.4   0.0   0.0   6.2  29.0   23:50     W
04  16.1  16.8   13:40  15.3   05:00   2.2   0.0   1.2   9.5  30.0   00:50   WSW
05  17.0  18.9   12:30  14.4   23:50   1.3   0.1   0.0   7.9  36.0   03:00     W
06  16.3  19.7   17:40  12.0   05:30   2.2   0.3   0.0   2.4  19.0   11:20   NNW
07  15.9  18.8   14:50  11.6   04:50   2.4   0.0   0.0   3.1  21.0   18:00     W
08  16.7  18.5   14:10  15.5   06:20   1.6   0.0   1.6   4.6  18.0   00:50     W
09  16.6  17.5   18:10  15.7   04:20   1.7   0.0   0.0   5.6  25.0   12:50     W
10  16.7  19.6   18:40  13.4   05:50   1.8   0.2   0.0   4.4  19.0   14:10     N
11  16.0  20.1   13:40  10.5   05:30   2.6   0.3   0.0   2.4  16.0   12:00   NNW
12  17.1  20.2   19:00  12.1   05:20   1.7   0.5   0.0   1.0  11.0   13:30   SSW
13  17.6  21.0   15:20  12.6   05:20   1.4   0.8   0.2   2.3  20.0   17:00     W
14  17.3  20.7   12:00  15.7   04:40   1.3   0.3   1.4   2.1  15.0   16:00    NW
15  16.7  18.7   14:40  13.7   05:50   1.6   0.0   0.0   2.6  17.0   17:50    NW
16  18.4  22.6   15:20  15.8   04:50   0.9   1.0   0.0   2.2  15.0   14:00   NNW
17  19.8  22.4   11:30  16.9   05:40   0.2   1.6   0.0   1.7  19.0   15:30     W
18  17.9  19.9   10:30  14.4   04:40   0.9   0.5   0.0   2.1  20.0   15:10   WSW
19  16.8  19.3   10:30  14.8   23:50   1.5   0.0   1.4   0.5   9.0   14:00   NNW
20  16.8  20.6   15:00  12.2   05:50   2.1   0.6   0.0   2.2  13.0   15:10   WNW
21  17.0  20.2   14:30  12.2   05:50   1.8   0.5   0.0   1.4  12.0   13:00    SW
22  17.7  19.6   13:20  13.2   05:50   1.1   0.5   0.0   1.6  12.0   14:10    SW
23  17.5  20.1   14:30  14.1   05:10   1.2   0.4   0.0   2.5  18.0   15:20   WSW
24  18.3  20.8   12:20  15.6   06:10   0.7   0.7   0.4   3.4  19.0   21:10     W
25  17.0  17.6   00:00  14.6   23:50   1.3   0.0  13.4   7.1  25.0   11:10   WSW
26  17.1  19.7   11:00  13.7   03:30   1.6   0.3   0.2   3.5  25.0   15:00     W
27  17.4  18.7   13:10  16.5   04:50   0.9   0.0   3.0   7.0  32.0   15:50    SW
28  17.3  21.3   14:30  12.7   05:40   1.8   0.8   0.0   1.6  18.0   15:50    NW
29  16.4  19.8   16:10  11.2   05:30   2.2   0.2   0.0   1.2  13.0   13:20   WSW
30  18.9  23.8   18:50  13.0   05:00   1.3   1.9   0.0   0.4   8.0   22:50    SE
31  21.7  25.3   12:20  18.8   20:50   0.0   3.4   0.0   2.6  22.0   19:10   WSW
----------------------------------------------------------------------------------
    17.3  25.3    31    10.5    11    46.7  15.0  22.8   3.4  36.0     5       W

Max >=  27.0  0
Max <=   0.0  0
Min <=   0.0  0
Min <= -18.0  0
Max Rain: 13.4 on day 25
Days of Rain: 9 (>= 0.2 mm)  2 (>= 2.0 mm)  0 (>= 20.0 mm)
Heat Base: 18.3  Cool Base: 18.3  Method: Integration