°C

Conditions at local time : on    Forecast:

NOAA-Style Climate Reports



Report for 2020 Feb
                   Monthly Climatological Summary for Feb 2020

Name: Worthing Weather   City: Worthing West Sussex   State: UK
Elevation: 21 ft  Lat: N 50° 48' 36"   Lon: W 000° 22' 30"

                  Temperature (°C), Rain (mm), Wind Speed (mph)

                                      Heat  Cool        Avg
    Mean                              Deg   Deg         Wind                 Dom
Day Temp  High   Time   Low    Time   Days  Days  Rain  Speed High   Time    Dir
----------------------------------------------------------------------------------
01   9.5  10.8   13:50   8.3   22:00   8.8   0.0   0.4   4.4  23.0   13:00     W
02   9.9  10.7   12:30   8.6   00:00   8.4   0.0  13.4   5.2  24.0   06:50     W
03   8.9  10.5   11:20   5.1   23:40   9.4   0.0   3.2   3.7  19.0   12:10   WNW
04   7.1   9.3   16:10   4.7   05:10  11.2   0.0   0.0   4.5  23.0   10:20   NNW
05   6.0   8.9   15:20   3.5   23:50  12.3   0.0   0.0   0.7   7.0   06:20    NW
06   5.3   8.8   14:50   2.2   05:50  13.0   0.0   0.2   1.3  10.0   17:00   ESE
07   7.8   9.7   23:50   5.4   04:50  10.5   0.0   0.0   5.2  24.0   21:30     S
08   9.1   9.9   02:10   8.2   05:30   9.2   0.0   4.4   5.2  26.0   20:30   WSW
09  10.0  11.4   12:50   8.7   01:50   8.3   0.0   3.6  15.6  47.0   13:00   WSW
10   7.7   9.8   00:50   5.8   20:00  10.6   0.0   0.8   8.1  35.0   03:20   WNW
11   6.3   8.2   14:40   4.9   07:50  12.0   0.0   0.0   5.9  29.0   00:20    NW
12   6.4   9.0   14:20   4.4   07:50  11.8   0.0   5.2   4.0  26.0   23:50     W
13   7.5   9.9   15:10   5.2   06:10  10.8   0.0  13.0   7.1  39.0   04:40   WSW
14   7.5   9.8   19:30   3.0   06:10  10.8   0.0   0.2   3.9  23.0   16:10    SW
15  10.1  10.9   11:20   9.3   01:20   8.2   0.0   0.4  12.9  43.0   18:10    SW
16   9.2  10.9   06:00   6.3   14:30   9.1   0.0  13.8  11.0  42.0   05:40   WSW
17   8.2   9.6   13:40   6.0   08:10  10.1   0.0   2.4   7.0  32.0   05:30     W
18   7.7   9.8   13:00   5.4   23:40  10.6   0.0   4.0   5.2  31.0   17:00   WNW
19   6.8   9.1   20:40   3.7   04:10  11.5   0.0   2.2   3.5  22.0   18:20     W
20   7.7   9.8   10:20   4.4   22:10  10.6   0.0   1.4   7.6  36.0   12:00     W
21   8.2   9.7   12:30   4.6   00:00  10.1   0.0   0.0   4.8  26.0   22:10     W
22   9.6  10.7   14:40   8.9   01:10   8.7   0.0   0.2   7.3  34.0   05:40     W
23  10.4  13.6   15:30   8.6   23:40   7.9   0.0   0.8   6.7  36.0   07:20     W
24   9.2  10.1   17:20   7.3   01:50   9.1   0.0   6.2   6.4  34.0   16:50     W
25   6.3   8.9   11:20   3.0   23:40  12.0   0.0   3.4   3.9  26.0   15:50   WNW
26   4.8   8.8   14:50   1.4   05:20  13.5   0.0   0.0   3.2  23.0   09:30   NNW
27   5.3   8.2   15:10   2.3   23:40  13.0   0.0  13.2   4.9  28.0   12:30     N
28   7.1   9.9   23:00   1.4   02:10  11.2   0.0   6.6   8.0  32.0   14:40    SW
29   7.9   9.9   02:10   5.7   08:40  10.4   0.0   4.4  10.4  35.0   19:00   WSW
----------------------------------------------------------------------------------
     7.8  13.6    23     1.4    26   303.1   0.0 103.4   6.1  47.0     9       W

Max >=  27.0  0
Max <=   0.0  0
Min <=   0.0  0
Min <= -18.0  0
Max Rain: 13.8 on day 16
Days of Rain: 23 (>= 0.2 mm)  15 (>= 2.0 mm)  0 (>= 20.0 mm)
Heat Base: 18.3  Cool Base: 18.3  Method: Integration