°C

Conditions at local time : on    Forecast:

NOAA-Style Climate Reports



Report for 2020 Jan
                   Monthly Climatological Summary for Jan 2020

Name: Worthing Weather   City: Worthing West Sussex   State: UK
Elevation: 21 ft  Lat: N 50° 48' 36"   Lon: W 000° 22' 30"

                  Temperature (°C), Rain (mm), Wind Speed (mph)

                                      Heat  Cool        Avg
    Mean                              Deg   Deg         Wind                 Dom
Day Temp  High   Time   Low    Time   Days  Days  Rain  Speed High   Time    Dir
----------------------------------------------------------------------------------
01   7.3   7.7   02:00   6.3   07:20  11.0   0.0   0.0   0.5   9.0   00:00   ESE
02   9.1  10.1   20:40   7.7   00:00   9.2   0.0   0.2   5.1  24.0   21:20    SW
03   8.3  10.8   10:30   4.0   23:00  10.0   0.0   0.8   5.3  29.0   02:30     W
04   5.8   8.8   14:30   3.2   01:40  12.5   0.0   0.0   1.3  11.0   11:40    NW
05   7.6   8.5   20:10   6.6   00:00  10.7   0.0   0.4   1.5  19.0   20:30   WSW
06   7.8   9.3   19:00   6.7   23:10  10.5   0.0   1.0   5.8  25.0   17:50    SW
07   9.1  10.8   20:00   5.9   02:50   9.2   0.0   0.6   4.6  24.0   21:40    SW
08   9.7  10.4   00:00   9.0   19:00   8.6   0.0   1.2   2.7  19.0   00:00    SW
09  10.2  11.0   04:30   7.9   23:50   8.1   0.0   5.4   7.0  31.0   02:20    SW
10   6.9   8.6   23:40   4.8   08:20  11.4   0.0   0.0   3.5  18.0   02:20    NW
11   9.4   9.9   13:20   8.7   00:00   8.9   0.0   0.0   8.8  29.0   09:40    SW
12   9.7  11.5   14:10   8.4   23:40   8.6   0.0   0.4   6.6  28.0   04:50   WSW
13   9.2  10.8   18:00   7.8   03:40   9.1   0.0   5.8   9.6  39.0   21:30   SSW
14  10.2  11.9   21:40   7.7   00:00   8.1   0.0   2.8  12.3  44.0   20:40    SW
15   9.4  12.0   01:20   6.4   10:00   8.9   0.0   7.2   7.2  40.0   00:10   WSW
16  10.0  11.6   20:00   8.6   09:00   8.3   0.0   3.4   8.3  27.0   12:50   SSW
17   7.9  10.1   00:00   3.7   23:40  10.4   0.0   1.4   4.8  28.0   11:30     W
18   4.1   7.5   14:20   1.5   08:00  14.2   0.0   0.2   1.8  11.0   23:00     N
19   3.9   7.8   14:40   1.5   07:00  14.4   0.0   0.0   1.9  11.0   12:00     N
20   3.9   7.2   13:10   1.8   04:10  14.4   0.0   0.0   0.3   5.0   03:10     N
21   4.0   7.7   16:00   1.3   07:30  14.3   0.0   0.0   0.3   6.0   09:10     N
22   4.4   7.0   23:50   1.0   04:50  13.9   0.0   0.0   0.3  11.0   23:10   ENE
23   7.0   7.5   15:50   6.4   08:10  11.3   0.0   0.0   1.9  14.0   02:20     E
24   6.5   7.0   11:20   6.1   07:00  11.8   0.0   0.0   0.1   6.0   03:30     N
25   7.0   8.8   23:10   5.8   07:00  11.3   0.0   0.0   1.9  10.0   02:40   SSE
26   8.8   9.6   18:20   7.7   03:10   9.5   0.0   4.6   6.1  30.0   18:40   WSW
27   8.3   9.2   11:30   6.9   21:20  10.0   0.0   9.8   6.0  28.0   21:20   WSW
28   5.1   7.9   13:40   2.7   07:30  13.2   0.0   1.6   4.3  24.0   14:20    NW
29   6.6   9.6   13:10   3.4   04:50  11.7   0.0   0.0   3.3  17.0   12:30   WNW
30   8.9   9.7   14:00   8.3   01:30   9.4   0.0   2.8   5.6  22.0   21:40   WSW
31   9.3  10.3   19:30   8.4   05:30   9.0   0.0   1.8   6.4  25.0   18:30     W
----------------------------------------------------------------------------------
     7.6  12.0    15     1.0    22   331.9   0.0  51.4   4.4  44.0    14     WSW

Max >=  27.0  0
Max <=   0.0  0
Min <=   0.0  0
Min <= -18.0  0
Max Rain: 9.8 on day 27
Days of Rain: 19 (>= 0.2 mm)  8 (>= 2.0 mm)  0 (>= 20.0 mm)
Heat Base: 18.3  Cool Base: 18.3  Method: Integration