°C

Conditions at local time : on    Forecast:

NOAA-Style Climate Reports



Report for 2020
                   Annual Climatological Summary for 2020

Name: Worthing Weather   City: Worthing West Sussex   State: UK
Elevation: 21 ft  Lat: N 50° 48' 36"   Lon: W 000° 22' 30"

                  Temperature (°C), Heat Base: 18.3  Cool Base: 18.3
                          Dep.  Heat  Cool                       Max  Max  Min  Min
        Mean  Mean        From  Deg   Deg                        >=   <=   <=   <=
 YR MO  Max   Min   Mean  Norm  Days  Days  Hi  Date  Low  Date 27.0  0.0  0.0 -18.0
------------------------------------------------------------------------------------
 20  1   9.4   5.7   7.6   0.0   332     0  12.0  15   1.0   22    0    0    0    0
 20  2   9.9   5.4   7.8   0.0   303     0  13.6  23   1.4   26    0    0    0    0
 20  3  10.4   5.4   7.8   0.0   325     0  13.8  27   2.3    4    0    0    0    0
 20  4  15.0   8.1  11.5   0.0   205     1  21.1  22   1.8    1    0    0    0    0
 20  5  17.4   9.9  13.7   0.0   148     6  23.2  31   3.9   14    0    0    0    0
 20  6  19.3  13.6  16.4   0.0    76    19  27.4  24   7.9    6    1    0    0    0
 20  7  20.0  14.0  17.3   0.0    47    15  25.3  31  10.5   11    0    0    0    0
 20  8  22.4  16.7  19.4   0.0    26    61  32.9   9  11.0   31    5    0    0    0
 20  9  19.9  12.9  16.4   0.0    76    18  27.5  15   6.8   25    1    0    0    0
 20 10  14.8   9.8  12.4   0.0   183     0  18.3   8   5.6   10    0    0    0    0
 20 11  12.7   8.6  10.8   0.0   224     0  16.0   2   2.9   20    0    0    0    0
 20 12   8.8   4.8   6.8   0.0   356     0  12.0  23  -0.9   31    0    0    2    0
------------------------------------------------------------------------------------
        15.0   9.6  12.3   0.0  2300   119  32.9 Aug  -0.9  Dec    7    0    2    0

                                Precipitation (mm)

              Dep.   Max        Days of Rain
              From   Obs.           >=
 YR MO Total  Norm   Day Date  0.2  2.0 20.0
---------------------------------------------
 20  1  51.4   0.0   9.8  27    19    8    0
 20  2 103.4   0.0  13.8  16    23   15    0
 20  3  51.0   0.0  22.2   5    12    8    1
 20  4  49.8   0.0  18.8  28     6    5    0
 20  5   1.2   0.0   0.4   1     4    0    0
 20  6  33.6   0.0   9.2  27    11    6    0
 20  7  22.8   0.0  13.4  25     9    2    0
 20  8  61.4   0.0  17.8  19    14    7    0
 20  9  44.0   0.0  19.4  24     6    4    0
 20 10 167.0   0.0  32.6   3    23   18    2
 20 11  43.8   0.0  18.4  15    18    6    0
 20 12 113.6   0.0  14.8   3    24   14    0
---------------------------------------------
       743.0   0.0  32.6  Oct  169   93    3

                                Wind Speed (mph)
                          Dom
 YR MO   Avg.  Hi   Date  Dir
------------------------------
 20  1   4.4  44.0   14   WSW
 20  2   6.1  47.0    9     W
 20  3   4.0  33.0    8   WNW
 20  4   2.3  32.0   30   ENE
 20  5   2.7  32.0   23     W
 20  6   3.8  35.0   27   WSW
 20  7   3.4  36.0    5     W
 20  8   2.3  39.0   25   WSW
 20  9   4.0  38.0   24    NW
 20 10   5.2  43.0   24   WSW
 20 11   4.7  40.0    3   WSW
 20 12   5.2  46.0   27   WSW
------------------------------
         4.0  47.0  Feb     W