°C

Conditions at local time : on    Forecast:

NOAA-Style Climate Reports



Report for 2019 Dec
                   Monthly Climatological Summary for Dec 2019

Name: Worthing Weather   City: Worthing West Sussex   State: UK
Elevation: 21 ft  Lat: N 50° 48' 36"   Lon: W 000° 22' 30"

                  Temperature (°C), Rain (mm), Wind Speed (mph)

                                      Heat  Cool        Avg
    Mean                              Deg   Deg         Wind                 Dom
Day Temp  High   Time   Low    Time   Days  Days  Rain  Speed High   Time    Dir
----------------------------------------------------------------------------------
01   5.3   7.9   13:00   3.1   23:30  13.0   0.0   0.0   3.2  15.0   20:20   NNW
02   3.4   7.2   13:50   0.6   05:50  14.9   0.0   0.0   1.9  13.0   06:40   NNW
03   5.4   9.1   14:30   2.2   05:40  12.9   0.0   0.0   0.3   7.0   23:30   SSW
04   6.7   8.7   13:00   2.5   23:40  11.6   0.0   0.0   1.4  10.0   09:30   SSE
05   6.2  10.6   23:40   0.8   08:10  12.1   0.0   0.2   2.7  23.0   21:30   WSW
06  10.5  11.2   09:00   8.9   22:40   7.8   0.0   1.6   6.8  30.0   09:30   WSW
07   9.4  10.9   21:40   7.6   04:30   8.9   0.0   0.0   3.0  26.0   23:40   WSW
08   9.9  11.3   05:30   8.1   15:50   8.4   0.0   4.0   8.6  31.0   23:50   WSW
09   7.9  10.2   12:40   2.9   23:50  10.4   0.0   0.0   6.5  33.0   07:30   NNW
10   8.4  11.1   18:30   1.8   02:00   9.9   0.0   1.0   9.8  40.0   19:30    SW
11   6.0   8.6   10:00   2.6   23:50  12.3   0.0   5.2   2.0  26.0   13:10     W
12   7.1   9.3   22:10   2.0   03:50  11.2   0.0  13.8   7.2  33.0   11:50   SSW
13   7.9   9.3   23:20   6.7   05:30  10.4   0.0   4.0   5.7  27.0   08:10   WNW
14   8.3  10.4   23:30   5.4   02:30  10.0   0.0   0.4   7.4  39.0   22:50   WSW
15   8.9  10.3   13:40   7.3   07:40   9.4   0.0   1.6   7.6  35.0   02:10   WSW
16   8.5   9.7   00:00   7.3   06:50   9.8   0.0  12.6   2.3  25.0   00:20    SW
17   7.0   7.9   19:20   6.4   03:30  11.3   0.0   5.4   1.5  20.0   23:20    NW
18   9.3  10.4   20:10   7.4   03:40   9.0   0.0   6.2   5.8  24.0   22:30     S
19  10.9  12.2   18:20   9.5   23:50   7.4   0.0   9.8   7.7  25.0   14:30     S
20   9.1  10.2   04:30   7.1   20:10   9.2   0.0  27.8   3.4  24.0   14:40   WSW
21   9.3  10.2   13:20   8.2   05:30   9.0   0.0  12.0   8.6  28.0   01:50   SSW
22   8.5  10.2   13:40   7.0   23:50   9.8   0.0   2.8   2.9  16.0   00:00   WNW
23   8.7  10.4   12:20   6.8   00:00   9.6   0.0   0.2   3.6  18.0   11:20     W
24   9.9  11.2   11:40   8.4   01:10   8.4   0.0   3.6   4.7  25.0   10:40   WSW
25   6.1   8.9   00:00   3.4   08:10  12.2   0.0   0.0   0.8  11.0   01:00   NNW
26   9.0   9.9   15:10   7.9   08:00   9.3   0.0   6.6   6.3  30.0   13:20   SSW
27   7.5   9.2   00:00   6.5   05:40  10.8   0.0   0.0   1.8  17.0   06:30   NNW
28   8.6   9.6   10:20   7.3   00:10   9.7   0.0   0.0   1.9  12.0   22:00     S
29   7.9   8.5   14:40   5.3   23:50  10.4   0.0   0.0   2.2  12.0   01:30   SSW
30   6.5   9.6   13:50   3.4   04:20  11.8   0.0   0.2   0.8  10.0   13:40     W
31   6.9   9.1   12:10   4.3   07:00  11.4   0.0   0.2   2.5  15.0   17:30     E
----------------------------------------------------------------------------------
     7.9  12.2    19     0.6     2   322.3   0.0 119.2   4.2  40.0    10     WSW

Max >=  27.0  0
Max <=   0.0  0
Min <=   0.0  0
Min <= -18.0  0
Max Rain: 27.8 on day 20
Days of Rain: 21 (>= 0.2 mm)  13 (>= 2.0 mm)  1 (>= 20.0 mm)
Heat Base: 18.3  Cool Base: 18.3  Method: Integration