°C

Conditions at local time : on    Forecast:

NOAA-Style Climate Reports



Report for 2019 Nov
                   Monthly Climatological Summary for Nov 2019

Name: Worthing Weather   City: Worthing West Sussex   State: UK
Elevation: 21 ft  Lat: N 50° 48' 36"   Lon: W 000° 22' 30"

                  Temperature (°C), Rain (mm), Wind Speed (mph)

                                      Heat  Cool        Avg
    Mean                              Deg   Deg         Wind                 Dom
Day Temp  High   Time   Low    Time   Days  Days  Rain  Speed High   Time    Dir
----------------------------------------------------------------------------------
01  14.0  14.8   17:20  12.8   00:00   4.3   0.0   6.8   5.9  25.0   22:20    SW
02  12.3  13.9   00:00  10.6   18:40   6.1   0.0  13.6  11.7  46.0   10:20   WSW
03  10.5  13.1   15:10   6.7   07:20   7.8   0.0   2.4   1.3  17.0   20:40     W
04  10.6  12.5   03:10   8.3   07:20   7.7   0.0  11.8   2.7  24.0   02:10    SW
05  10.2  12.6   14:50   8.4   07:30   8.1   0.0   5.0   3.2  15.0   21:50   NNW
06   8.7  11.6   23:00   4.6   07:30   9.6   0.0   6.0   2.6  21.0   23:40     S
07   8.9  11.6   00:10   6.1   23:40   9.4   0.0   1.6   4.1  28.0   02:20   WSW
08   6.3   9.4   12:40   4.2   07:10  12.0   0.0   0.0   2.2  16.0   13:30   NNW
09   6.4  10.7   12:00   1.7   07:10  11.9   0.0  12.6   3.1  26.0   14:50   SSW
10   7.7  10.8   15:10   5.4   02:40  10.6   0.0   1.6   0.5  10.0   11:50   NNE
11   8.4  10.5   00:30   5.3   22:30   9.9   0.0   5.4   4.9  24.0   03:30     W
12   6.6   9.3   13:00   4.0   07:20  11.7   0.0   0.4   3.6  22.0   12:00   WNW
13   7.2  10.0   20:00   3.8   07:50  11.1   0.0  12.4   3.8  30.0   21:30   SSW
14   5.4   7.6   14:40   2.7   07:30  12.9   0.0  11.8   0.4  14.0   12:20     N
15   5.9   8.4   13:50   4.1   03:10  12.4   0.0   9.6   4.0  24.0   10:20   NNW
16   6.0   8.0   12:40   4.6   02:20  12.3   0.0   1.0   1.0  13.0   06:10     N
17   6.6   8.5   14:30   4.8   21:40  11.7   0.0   0.0   1.2   9.0   23:50   NNW
18   6.2   8.9   14:20   2.6   23:50  12.1   0.0   0.0   3.0  17.0   12:40   NNW
19   6.2   9.9   15:20   0.9   05:30  12.0   0.0   0.0   2.3  17.0   22:10   SSE
20   8.0   9.3   00:00   7.2   23:00  10.3   0.0   0.0   6.3  22.0   08:10    SE
21   8.1   9.9   21:20   6.4   09:30  10.2   0.0   5.0   6.2  21.0   23:30   ESE
22  10.2  10.9   20:40   8.9   02:40   8.1   0.0   4.6   7.9  27.0   03:40   SSE
23  10.5  11.2   16:20  10.1   08:00   7.8   0.0   9.8   3.9  17.0   00:00     E
24  10.6  11.2   20:00   9.7   07:40   7.7   0.0   1.2   1.9  16.0   21:50     S
25  11.1  11.7   17:10  10.6   04:30   7.2   0.0   3.8   5.3  20.0   03:30     S
26  11.7  12.6   14:00  10.4   04:00   6.6   0.0   5.4   7.0  26.0   09:30   SSW
27  10.6  11.6   03:20   9.5   23:50   7.7   0.0  12.8   4.6  25.0   11:20   WSW
28   9.4  11.1   14:40   7.8   07:30   8.9   0.0   0.0   1.8  13.0   11:50    NW
29   6.1   8.6   14:40   3.4   23:50  12.3   0.0   1.6   1.3   9.0   02:30   NNW
30   5.9   9.1   11:50   2.9   01:00  12.4   0.0   0.2   2.6  19.0   12:20     E
----------------------------------------------------------------------------------
     8.5  14.8     1     0.9    19   292.8   0.0 146.4   3.7  46.0     2      SW

Max >=  27.0  0
Max <=   0.0  0
Min <=   0.0  0
Min <= -18.0  0
Max Rain: 13.6 on day 2
Days of Rain: 24 (>= 0.2 mm)  17 (>= 2.0 mm)  0 (>= 20.0 mm)
Heat Base: 18.3  Cool Base: 18.3  Method: Integration