°C

Conditions at local time : on    Forecast:

NOAA-Style Climate Reports



Report for 2019 Oct
                   Monthly Climatological Summary for Oct 2019

Name: Worthing Weather   City: Worthing West Sussex   State: UK
Elevation: 21 ft  Lat: N 50° 48' 36"   Lon: W 000° 22' 30"

                  Temperature (°C), Rain (mm), Wind Speed (mph)

                                      Heat  Cool        Avg
    Mean                              Deg   Deg         Wind                 Dom
Day Temp  High   Time   Low    Time   Days  Days  Rain  Speed High   Time    Dir
----------------------------------------------------------------------------------
01  16.2  18.1   15:30  11.7   23:50   2.1   0.0   1.4   5.1  23.0   10:40     W
02  10.8  13.9   14:20   7.7   07:10   7.5   0.0   0.0   4.2  20.0   00:10     N
03  11.2  14.9   21:00   6.3   05:20   7.1   0.0   2.2   4.2  32.0   23:50   SSW
04  13.9  16.6   11:10  11.3   23:50   4.4   0.0   1.6   3.5  28.0   00:10   WNW
05  13.3  16.3   13:10  10.2   07:10   5.0   0.0   1.4   1.4  11.0   20:50   ESE
06  15.1  17.4   15:30  13.1   23:40   3.2   0.0   6.2   5.0  22.0   06:20    NW
07  13.2  15.9   21:40   9.9   05:10   5.1   0.0   4.0   4.0  24.0   19:30   WSW
08  14.7  16.7   12:00  13.1   23:50   3.6   0.0   0.2   4.2  32.0   15:00     W
09  12.9  15.8   15:30  10.8   06:10   5.4   0.0   5.2   3.5  24.0   04:50   WNW
10  13.3  16.2   14:50   9.1   04:40   5.0   0.0   0.0   5.1  28.0   19:40     W
11  15.8  16.8   16:00  12.6   23:40   2.6   0.0   8.2  10.7  32.0   12:40   WSW
12  11.8  12.7   00:40  10.8   06:00   6.5   0.0  16.4   0.5  11.0   01:30   ENE
13  14.7  17.4   11:10  11.7   00:00   3.6   0.0   1.0   5.5  27.0   11:40    SW
14  14.0  16.4   18:10  11.9   00:10   4.3   0.0   8.8   3.2  20.0   22:30    SE
15  13.8  16.0   14:50  11.5   03:30   4.5   0.0   1.4   2.1  20.0   23:50   WSW
16  14.0  15.4   08:00  12.1   23:30   4.4   0.0   8.2   4.5  28.0   06:00    SW
17  13.2  15.4   15:10  10.3   04:30   5.1   0.0   6.6   5.7  29.0   12:30    SW
18  13.1  15.1   13:40  10.1   02:50   5.2   0.0  21.0   8.6  35.0   01:50   WSW
19  12.8  15.0   14:50   8.6   23:50   5.5   0.0   5.8   3.6  27.0   00:20     W
20   9.8  12.8   14:40   6.9   08:30   8.5   0.0   0.0   3.0  15.0   13:10     N
21  11.4  12.8   12:10  10.4   00:10   6.9   0.0   1.8   4.1  17.0   01:20     N
22  10.8  15.1   16:30   7.2   06:00   7.5   0.0   0.0   0.5   6.0   00:00     S
23  12.3  15.6   13:50   9.1   01:40   6.0   0.0   0.2   0.9  13.0   12:20     E
24  12.9  14.6   03:10  11.1   14:10   5.4   0.0  18.6   1.3  15.0   15:50   WNW
25  14.4  16.1   17:20  11.3   07:20   3.8   0.0   1.4   8.2  35.0   20:40    SW
26  14.3  16.6   13:40   7.8   23:10   4.0   0.0   4.2  10.4  36.0   01:00   WSW
27   7.9  11.9   14:40   5.7   22:40  10.4   0.0   0.0   1.4  12.0   00:00     N
28   8.1  10.7   13:40   5.1   06:50  10.2   0.0   0.0   1.2   9.0   13:10     N
29   9.9  12.0   13:10   8.1   05:20   8.4   0.0   0.0   2.8  19.0   14:30   ENE
30  10.4  11.8   12:50   9.4   05:30   7.9   0.0   0.0   4.8  20.0   22:10     E
31  10.4  12.7   23:40   8.7   06:10   7.9   0.0   0.0   3.4  18.0   00:00     E
----------------------------------------------------------------------------------
    12.6  18.1     1     5.1    28   177.0   0.0 125.8   4.1  36.0    26       W

Max >=  27.0  0
Max <=   0.0  0
Min <=   0.0  0
Min <= -18.0  0
Max Rain: 21.0 on day 18
Days of Rain: 22 (>= 0.2 mm)  13 (>= 2.0 mm)  1 (>= 20.0 mm)
Heat Base: 18.3  Cool Base: 18.3  Method: Integration