°C

Conditions at local time : on    Forecast:

NOAA-Style Climate Reports



Report for 2019 Sep
                   Monthly Climatological Summary for Sep 2019

Name: Worthing Weather   City: Worthing West Sussex   State: UK
Elevation: 21 ft  Lat: N 50° 48' 36"   Lon: W 000° 22' 30"

                  Temperature (°C), Rain (mm), Wind Speed (mph)

                                      Heat  Cool        Avg
    Mean                              Deg   Deg         Wind                 Dom
Day Temp  High   Time   Low    Time   Days  Days  Rain  Speed High   Time    Dir
----------------------------------------------------------------------------------
01  16.0  20.5   16:30  12.0   06:50   2.6   0.3   0.0   2.9  15.0   14:30    NW
02  15.7  19.6   15:50  10.2   06:30   2.7   0.2   0.0   3.2  22.0   16:20     W
03  17.5  19.6   11:40  16.0   05:00   1.0   0.2   0.0   3.5  18.0   13:30     W
04  17.6  20.2   15:00  13.8   23:50   1.0   0.4   5.2   5.5  22.0   05:00   WNW
05  14.6  17.9   16:20  11.9   04:10   3.7   0.0   0.0   4.8  18.0   10:20     N
06  14.4  17.9   16:50   9.8   05:20   3.9   0.0   0.0   2.9  22.0   11:50   WNW
07  14.8  18.6   16:10  11.6   23:50   3.5   0.0   0.0   4.5  18.0   08:40     N
08  13.2  17.3   14:30   8.3   06:20   5.1   0.0   0.0   3.0  15.0   18:10   NNW
09  14.7  15.9   17:40  12.8   05:20   3.6   0.0   2.8   3.7  23.0   09:00    SW
10  15.3  18.4   15:30  11.3   06:30   3.0   0.0   0.0   2.0  14.0   17:20   WNW
11  16.8  18.6   14:00  14.0   01:40   1.5   0.0   0.0   5.1  23.0   12:20     W
12  17.3  19.4   13:20  14.4   05:00   1.1   0.1   0.0   4.0  22.0   20:10     W
13  17.7  21.5   14:00  14.2   23:50   1.2   0.5   0.0   2.1  12.0   06:30     N
14  15.8  20.3   16:30  11.5   06:30   2.9   0.4   0.0   0.7   9.0   11:00   SSE
15  16.1  20.3   16:10  11.0   06:30   2.5   0.4   0.0   1.3  12.0   14:10   WSW
16  17.6  20.8   14:10  14.7   06:30   1.2   0.5   0.0   1.2  12.0   12:30   WNW
17  16.1  20.4   16:20  12.4   07:30   2.5   0.3   0.0   2.1  15.0   09:10     N
18  14.3  19.7   17:40   9.6   05:30   4.1   0.2   0.0   1.2  13.0   16:00   NNE
19  15.3  19.6   16:20  11.3   06:30   3.2   0.2   0.0   1.2  10.0   18:30   ESE
20  16.2  20.0   16:50  12.2   07:00   2.4   0.2   0.0   4.2  21.0   16:50     E
21  18.1  21.4   19:10  15.1   05:50   1.0   0.8   0.0   5.0  19.0   09:30   ESE
22  18.0  19.1   00:00  15.7   23:30   0.5   0.2   1.8   4.0  19.0   15:50    SW
23  16.3  18.0   13:20  14.2   07:20   2.0   0.0   5.6   6.4  30.0   23:00    SW
24  17.0  18.5   14:40  15.2   23:10   1.3   0.0  19.4   9.2  30.0   09:20    SW
25  16.8  17.8   14:40  15.7   03:10   1.5   0.0   4.0   8.2  28.0   08:00     W
26  17.2  18.3   14:50  15.1   21:30   1.1   0.0   3.4   8.3  29.0   19:40     W
27  16.4  17.6   12:50  15.1   23:40   1.9   0.0   1.8   8.6  35.0   17:50     W
28  16.3  17.9   13:30  14.5   01:30   2.0   0.0   1.4   7.6  31.0   23:30     W
29  16.2  17.8   13:30  13.2   23:40   2.1   0.0   5.4  10.0  41.0   05:00   WSW
30  14.5  17.7   14:20  10.7   04:00   3.8   0.0   3.6   4.4  31.0   19:30    SW
----------------------------------------------------------------------------------
    16.1  21.5    13     8.3     8    69.9   4.9  54.4   4.4  41.0    29       W

Max >=  27.0  0
Max <=   0.0  0
Min <=   0.0  0
Min <= -18.0  0
Max Rain: 19.4 on day 24
Days of Rain: 11 (>= 0.2 mm)  8 (>= 2.0 mm)  0 (>= 20.0 mm)
Heat Base: 18.3  Cool Base: 18.3  Method: Integration