°C

Conditions at local time : on    Forecast:

NOAA-Style Climate Reports



Report for 2019 Aug
                   Monthly Climatological Summary for Aug 2019

Name: Worthing Weather   City: Worthing West Sussex   State: UK
Elevation: 21 ft  Lat: N 50° 48' 36"   Lon: W 000° 22' 30"

                  Temperature (°C), Rain (mm), Wind Speed (mph)

                                      Heat  Cool        Avg
    Mean                              Deg   Deg         Wind                 Dom
Day Temp  High   Time   Low    Time   Days  Days  Rain  Speed High   Time    Dir
----------------------------------------------------------------------------------
01  18.4  21.4   16:00  13.7   05:50   0.9   1.1   0.0   1.8  13.0   12:40   WSW
02  19.9  22.9   13:40  16.9   05:50   0.2   1.7   0.0   2.3  14.0   15:40    NW
03  19.2  21.8   15:20  16.6   05:50   0.3   1.2   0.0   1.7  10.0   03:00    SE
04  19.4  21.7   12:40  17.6   00:20   0.1   1.2   0.0   3.2  16.0   20:20   SSW
05  18.6  20.6   14:20  17.2   09:00   0.3   0.6   3.0   6.2  24.0   07:30   WSW
06  18.5  20.3   15:40  17.3   02:10   0.2   0.5   0.0   6.6  24.0   20:50   WSW
07  18.7  20.6   13:40  17.1   05:30   0.3   0.7   0.0   6.1  24.0   14:30     W
08  18.4  21.7   16:30  13.9   05:30   1.0   1.1   0.0   1.8  12.0   22:50   SSE
09  20.3  22.0   14:10  18.8   23:50   0.0   2.0   0.8   8.3  35.0   23:00    SW
10  18.4  19.6   13:30  17.6   05:50   0.2   0.3   0.4  13.7  44.0   13:50   WSW
11  18.0  19.8   13:50  16.6   01:20   0.6   0.2   0.2   7.9  27.0   00:10     W
12  15.2  17.4   00:00  12.7   17:40   3.1   0.0  11.0   1.5  17.0   17:20   WNW
13  15.3  19.6   16:00  11.0   05:30   3.1   0.1   0.6   2.8  22.0   19:00     W
14  16.6  17.6   22:30  15.1   10:10   1.7   0.0   6.2   7.0  29.0   16:40   WSW
15  18.6  22.6   17:10  15.7   23:30   0.8   1.2   0.0   3.9  21.0   11:30    NW
16  16.7  18.3   14:00  13.2   03:40   1.6   0.0   4.4   7.0  34.0   20:50    SW
17  18.0  19.8   14:30  16.8   06:40   0.5   0.2   0.2   6.5  26.0   00:50     W
18  17.0  19.2   14:00  14.3   10:50   1.4   0.1   2.2   5.2  28.0   19:10     W
19  17.3  19.3   13:40  15.2   05:50   1.2   0.2   0.0   6.0  27.0   13:00     W
20  16.2  19.8   14:10  11.9   04:50   2.4   0.2   0.0   3.0  19.0   16:40     W
21  16.4  19.6   16:00  11.7   05:50   2.2   0.3   0.0   2.0  13.0   10:40    SW
22  17.0  20.1   15:20  13.1   04:40   1.7   0.4   0.0   2.4  17.0   13:50   WSW
23  18.2  21.8   16:10  13.9   05:40   1.3   1.2   0.0   0.7   8.0   14:30     S
24  20.4  25.0   17:10  16.1   01:00   0.6   2.6   0.0   0.9   9.0   09:50    SE
25  21.3  23.8   16:00  19.0   05:50   0.0   3.0   0.0   1.0   9.0   10:40   SSE
26  20.6  23.7   12:20  17.2   03:40   0.1   2.4   0.0   0.8   9.0   14:50   SSW
27  21.5  24.9   09:10  18.3   01:20   0.0   3.2   0.0   0.9  12.0   09:20     S
28  19.3  20.9   12:40  17.9   23:50   0.0   1.0   1.2   3.2  21.0   22:50   WSW
29  17.0  19.9   16:10  12.3   06:30   1.6   0.3   0.0   4.0  20.0   18:10     W
30  18.0  20.1   16:20  15.3   04:20   0.7   0.4   0.0   4.1  17.0   10:20   WSW
31  17.5  19.9   12:50  14.1   06:10   1.2   0.4   0.0   3.2  24.0   14:00     W
----------------------------------------------------------------------------------
    18.3  25.0    24    11.0    13    29.3  27.8  30.2   4.1  44.0    10     WSW

Max >=  27.0  0
Max <=   0.0  0
Min <=   0.0  0
Min <= -18.0  0
Max Rain: 11.0 on day 12
Days of Rain: 11 (>= 0.2 mm)  5 (>= 2.0 mm)  0 (>= 20.0 mm)
Heat Base: 18.3  Cool Base: 18.3  Method: Integration