°C

Conditions at local time : on    Forecast:

NOAA-Style Climate Reports



Report for 2019 Jul
                   Monthly Climatological Summary for Jul 2019

Name: Worthing Weather   City: Worthing West Sussex   State: UK
Elevation: 21 ft  Lat: N 50° 48' 36"   Lon: W 000° 22' 30"

                  Temperature (°C), Rain (mm), Wind Speed (mph)

                                      Heat  Cool        Avg
    Mean                              Deg   Deg         Wind                 Dom
Day Temp  High   Time   Low    Time   Days  Days  Rain  Speed High   Time    Dir
----------------------------------------------------------------------------------
01  18.3  22.8   15:50  13.9   05:30   1.2   1.2   0.0   4.0  20.0   16:20   NNW
02  17.3  19.9   11:20  13.2   05:30   1.4   0.4   0.0   3.2  15.0   06:30    NW
03  18.2  20.9   16:20  14.3   05:30   1.0   0.9   0.0   2.0  14.0   19:20   ESE
04  17.3  20.2   16:40  12.6   05:00   1.5   0.6   0.0   1.4   8.0   08:00     S
05  18.9  21.6   14:00  15.6   05:10   0.5   1.1   0.0   1.4  13.0   19:00   WSW
06  19.6  22.2   16:10  16.4   04:20   0.4   1.7   0.0   2.1  13.0   14:30   WSW
07  16.8  19.7   00:00  14.9   10:10   1.6   0.1   4.6   1.8  10.0   10:10   ESE
08  17.4  19.9   16:50  14.2   04:30   1.3   0.4   0.0   1.8  10.0   12:10   SSE
09  17.7  19.6   18:00  16.2   04:20   0.9   0.3   0.0   2.8  11.0   17:10   SSW
10  18.6  21.2   17:40  15.6   05:30   0.5   0.8   0.0   2.6  14.0   15:10   WSW
11  19.2  22.2   17:40  16.3   06:30   0.4   1.3   0.0   2.8  18.0   19:40     W
12  20.7  25.2   17:30  17.2   06:10   0.1   2.6   0.0   3.5  18.0   14:50   NNW
13  18.7  22.4   11:20  15.3   05:50   0.7   1.0   0.0   3.8  17.0   06:40    NW
14  17.5  20.6   12:40  14.6   05:30   1.1   0.3   0.0   1.2  10.0   13:10   SSW
15  16.5  20.3   14:40  12.6   05:10   2.1   0.3   0.0   1.8  11.0   09:40   SSW
16  17.4  19.3   13:30  13.6   05:40   1.2   0.3   0.0   2.0  12.0   14:10   SSW
17  18.0  21.2   15:30  13.8   05:40   1.1   0.8   0.0   2.7  17.0   21:40   WSW
18  18.4  20.5   12:40  16.5   23:50   0.5   0.6   0.0   4.1  20.0   07:10     W
19  16.6  18.3   17:10  13.4   04:30   1.7   0.0  23.8   4.9  27.0   14:20    SW
20  18.3  20.4   14:10  16.2   02:00   0.6   0.6  16.0   5.9  26.0   17:30   WSW
21  17.5  20.9   15:50  13.4   05:40   1.4   0.6   0.0   3.3  16.0   12:50   WSW
22  19.4  21.8   18:40  17.4   00:00   0.2   1.2   0.0   4.0  18.0   01:50   WSW
23  23.5  29.9   19:40  16.7   05:00   0.2   5.4   0.2   2.2  14.0   23:50   ESE
24  21.8  26.6   00:00  19.0   05:20   0.0   3.4   2.2   3.3  17.0   12:10   WSW
25  24.2  29.3   17:10  19.4   03:50   0.0   5.9   0.0   2.0  15.0   18:20   ESE
26  20.6  24.0   00:20  18.2   23:30   0.0   2.3   9.6   2.6  17.0   13:40     W
27  18.2  21.1   18:30  16.3   07:10   0.7   0.6   7.2   2.2  14.0   15:40     N
28  18.3  22.1   13:40  14.0   05:10   1.2   1.2   0.0   3.8  23.0   17:50   WNW
29  19.4  23.3   17:20  14.3   05:00   0.8   1.9   0.0   2.9  14.0   22:00   SSE
30  18.8  20.7   00:00  18.1   10:10   0.0   0.5   0.4  11.4  37.0   14:50    SW
31  18.5  19.9   10:50  17.5   06:20   0.2   0.3   0.0   6.7  29.0   00:00     W
----------------------------------------------------------------------------------
    18.8  29.9    23    12.6     4    24.5  38.6  64.0   3.2  37.0    30     WSW

Max >=  27.0  2
Max <=   0.0  0
Min <=   0.0  0
Min <= -18.0  0
Max Rain: 23.8 on day 19
Days of Rain: 8 (>= 0.2 mm)  6 (>= 2.0 mm)  1 (>= 20.0 mm)
Heat Base: 18.3  Cool Base: 18.3  Method: Integration