°C

Conditions at local time : on    Forecast:

NOAA-Style Climate Reports



Report for 2019 Jun
                   Monthly Climatological Summary for Jun 2019

Name: Worthing Weather   City: Worthing West Sussex   State: UK
Elevation: 21 ft  Lat: N 50° 48' 36"   Lon: W 000° 22' 30"

                  Temperature (°C), Rain (mm), Wind Speed (mph)

                                      Heat  Cool        Avg
    Mean                              Deg   Deg         Wind                 Dom
Day Temp  High   Time   Low    Time   Days  Days  Rain  Speed High   Time    Dir
----------------------------------------------------------------------------------
01  16.1  19.3   15:50  11.0   05:00   2.3   0.1   0.0   1.7  11.0   00:20    SE
02  16.6  18.3   10:20  14.9   22:00   1.7   0.0   0.2   3.3  19.0   19:30   WSW
03  14.7  17.1   15:10  11.5   04:40   3.6   0.0   0.0   4.0  20.0   12:50     W
04  14.4  15.8   13:10  12.9   01:30   3.9   0.0   3.4   3.1  19.0   12:20   SSE
05  14.2  15.7   10:30  12.4   23:50   4.1   0.0   0.0   4.5  17.0   04:20   WSW
06  14.2  16.5   17:40  11.7   05:30   4.1   0.0   0.0   3.7  18.0   10:50    SW
07  14.1  15.7   14:30  13.2   06:50   4.2   0.0  11.0   5.3  26.0   10:20   ESE
08  13.9  15.6   13:30  11.5   05:20   4.4   0.0   5.0   9.3  39.0   04:40     W
09  13.6  16.2   11:00   9.8   05:00   4.7   0.0   0.0   1.4   9.0   00:00    SW
10  11.1  13.0   02:00   9.7   21:10   7.2   0.0  15.6   2.2  20.0   17:40     N
11  13.8  16.8   13:30  10.0   00:00   4.5   0.0   1.2   2.4  14.0   21:30   SSW
12  13.2  15.0   11:30  11.8   01:10   5.1   0.0   3.6   1.3  11.0   01:00     N
13  13.7  14.9   12:50  12.1   02:30   4.6   0.0   0.6   8.6  31.0   16:40   WSW
14  14.8  16.5   17:20  13.4   01:50   3.5   0.0   0.0   6.0  24.0   11:00    SW
15  14.6  16.3   11:50  13.6   23:10   3.7   0.0   1.2   5.0  19.0   08:30    SW
16  15.1  17.6   16:00  13.3   00:50   3.2   0.0   0.4   6.4  27.0   11:20   WSW
17  15.8  17.7   14:30  14.2   04:10   2.5   0.0   0.0   4.0  15.0   09:30   WSW
18  15.9  19.0   15:00  12.5   01:40   2.4   0.0   1.2   1.3  15.0   21:20     N
19  16.3  19.8   15:40  14.4   04:20   2.1   0.1   0.6   3.1  18.0   18:50    NW
20  15.1  17.7   14:50  11.6   05:20   3.2   0.0   0.4   4.0  24.0   11:30     W
21  14.9  17.8   17:40  10.5   04:30   3.4   0.0   0.0   3.1  18.0   16:40     W
22  16.1  19.9   15:50  11.1   04:50   2.4   0.3   0.0   1.4   9.0   20:50   SSE
23  19.5  23.7   17:40  14.2   03:10   1.1   2.3   0.0   1.6  12.0   16:30     E
24  18.0  22.3   15:30  15.6   20:20   0.8   0.5   0.6   2.4  12.0   09:00   SSW
25  19.9  24.6   17:00  16.0   00:40   0.6   2.2  10.2   1.5  14.0   04:40   NNW
26  19.5  23.9   16:40  15.9   23:50   0.4   1.7   0.0   2.6  19.0   17:50   NNE
27  18.5  23.7   14:40  14.5   05:20   1.4   1.6   0.0   3.3  20.0   17:00    NE
28  19.7  26.6   17:20  13.7   04:20   1.4   2.8   0.0   3.3  18.0   09:10     E
29  21.3  24.8   16:40  17.7   04:20   0.1   3.1   0.0   2.5  15.0   13:20   ESE
30  18.2  21.6   12:10  14.6   05:40   0.7   0.6   0.0   4.3  24.0   16:40     W
----------------------------------------------------------------------------------
    15.9  26.6    28     9.7    10    87.3  15.3  55.2   3.6  39.0     8     WSW

Max >=  27.0  0
Max <=   0.0  0
Min <=   0.0  0
Min <= -18.0  0
Max Rain: 15.6 on day 10
Days of Rain: 15 (>= 0.2 mm)  6 (>= 2.0 mm)  0 (>= 20.0 mm)
Heat Base: 18.3  Cool Base: 18.3  Method: Integration