°C

Conditions at local time : on    Forecast:

NOAA-Style Climate Reports



Report for 2019 May
                   Monthly Climatological Summary for May 2019

Name: Worthing Weather   City: Worthing West Sussex   State: UK
Elevation: 21 ft  Lat: N 50° 48' 36"   Lon: W 000° 22' 30"

                  Temperature (°C), Rain (mm), Wind Speed (mph)

                                      Heat  Cool        Avg
    Mean                              Deg   Deg         Wind                 Dom
Day Temp  High   Time   Low    Time   Days  Days  Rain  Speed High   Time    Dir
----------------------------------------------------------------------------------
01  10.7  13.5   16:30   7.1   06:00   7.6   0.0   0.0   1.9  16.0   17:10     W
02  12.1  15.4   12:20   8.9   06:20   6.2   0.0   0.0   3.5  16.0   16:00   NNW
03  10.5  13.8   15:30   7.3   05:50   7.8   0.0   1.8   2.8  19.0   17:50    NW
04   8.0  11.6   14:40   4.2   04:40  10.3   0.0   1.0   4.8  24.0   14:10     N
05   8.5  12.0   18:00   3.8   06:00   9.8   0.0   0.0   3.2  16.0   00:00     N
06  10.0  12.4   13:50   6.9   06:00   8.3   0.0   0.0   2.5  18.0   14:10     W
07  10.8  13.9   13:20   6.7   02:30   7.5   0.0   0.0   1.9  16.0   23:40   SSE
08  11.2  13.5   16:10   9.3   09:10   7.1   0.0  12.0   7.4  30.0   10:30    SW
09  12.1  14.6   14:50   9.1   23:50   6.2   0.0   0.2   3.1  20.0   13:10   WNW
10  10.5  14.0   17:30   5.9   04:50   7.8   0.0   0.0   2.2  13.0   13:30    SW
11  11.0  15.5   14:00   7.7   06:40   7.3   0.0   0.0   2.8  22.0   14:10     N
12  11.3  14.6   16:20   6.7   05:30   7.0   0.0   0.0   1.7  11.0   12:20     S
13  11.4  15.4   19:10   6.7   04:50   6.9   0.0   0.0   1.9  13.0   08:40    SE
14  13.0  18.7   15:50   7.8   04:30   5.3   0.0   0.0   2.9  18.0   14:50     E
15  13.2  17.4   15:50   8.6   05:00   5.1   0.0   0.0   1.7  12.0   15:10    SE
16  13.3  18.1   16:20   9.0   05:40   5.1   0.0   0.0   2.2  20.0   17:00     E
17  11.1  12.3   10:10   8.9   04:10   7.2   0.0   0.4   1.4  11.0   04:00   NNW
18  13.1  16.2   18:20  10.2   06:00   5.2   0.0   0.0   1.4  11.0   17:30   WSW
19  14.1  18.3   14:20  11.7   05:40   4.2   0.0   0.0   1.2  11.0   18:40    NW
20  15.3  18.1   18:00  12.6   05:40   3.0   0.0   0.0   2.2  13.0   13:10    NW
21  15.1  18.8   12:10  11.3   05:20   3.2   0.0   0.0   3.6  17.0   07:30    NW
22  14.4  16.4   09:30  12.6   04:20   3.9   0.0   0.0   2.1   9.0   11:30    SW
23  13.8  17.3   12:10   9.7   04:40   4.5   0.0   0.0   2.4  15.0   19:00    SW
24  15.7  19.0   11:00  10.6   03:30   2.6   0.0   0.0   2.1  14.0   12:20   WNW
25  16.4  18.6   15:40  14.8   05:20   1.9   0.0   0.0   3.4  19.0   18:20     W
26  14.6  16.3   09:30  12.2   04:40   3.7   0.0   1.0   4.0  22.0   13:00     W
27  13.8  17.9   12:30   9.6   04:40   4.5   0.0   0.2   3.6  23.0   18:40     W
28  13.3  16.9   14:40   9.1   05:00   5.0   0.0   0.8   3.0  17.0   08:30   NNW
29  12.8  14.4   11:30  10.1   05:40   5.5   0.0   3.0   4.4  24.0   17:50   WSW
30  14.8  16.5   10:10  13.6   00:00   3.5   0.0   0.0   5.5  23.0   15:40     W
31  15.3  17.1   11:40  13.9   23:40   3.0   0.0   0.0   3.5  16.0   08:30   WSW
----------------------------------------------------------------------------------
    12.6  19.0    24     3.8     5   176.2   0.0  20.4   2.9  30.0     8       W

Max >=  27.0  0
Max <=   0.0  0
Min <=   0.0  0
Min <= -18.0  0
Max Rain: 12.0 on day 8
Days of Rain: 9 (>= 0.2 mm)  2 (>= 2.0 mm)  0 (>= 20.0 mm)
Heat Base: 18.3  Cool Base: 18.3  Method: Integration