°C

Conditions at local time : on    Forecast:

NOAA-Style Climate Reports



Report for 2019 Apr
                   Monthly Climatological Summary for Apr 2019

Name: Worthing Weather   City: Worthing West Sussex   State: UK
Elevation: 21 ft  Lat: N 50° 48' 36"   Lon: W 000° 22' 30"

                  Temperature (°C), Rain (mm), Wind Speed (mph)

                                      Heat  Cool        Avg
    Mean                              Deg   Deg         Wind                 Dom
Day Temp  High   Time   Low    Time   Days  Days  Rain  Speed High   Time    Dir
----------------------------------------------------------------------------------
01   8.9  15.8   15:10   5.2   07:10   9.3   0.0   0.0   4.4  17.0   00:20    NE
02   6.4   9.2   10:50   2.9   23:00  11.9   0.0  10.2   1.5  19.0   18:30   WNW
03   4.5   8.0   16:30   1.3   06:40  13.8   0.0   0.6   1.4  12.0   22:30    SW
04   7.3   9.7   23:10   3.8   03:20  11.0   0.0   1.4   9.5  30.0   11:10     S
05   9.8  11.2   18:10   8.7   07:40   8.2   0.0   0.0   7.7  24.0   04:00   ESE
06   9.2  12.1   13:40   6.8   06:10   9.0   0.0   0.0   6.2  25.0   17:40    NE
07   9.6  12.9   12:20   6.9   04:30   8.7   0.0   0.0   3.6  21.0   04:00    NE
08  10.6  12.3   11:30   9.5   06:20   7.7   0.0   0.0   1.3  10.0   13:20     S
09   8.6  10.6   00:00   7.1   04:50   9.7   0.0   4.8   3.9  22.0   21:50    NE
10   8.2  11.9   14:40   4.2   23:40  10.2   0.0   0.0   6.7  25.0   10:40    NE
11   6.6  11.4   16:30   1.8   06:10   9.9   0.0   0.0   3.8  16.0   10:20    NE
12   6.5  10.4   13:10   2.3   05:40  11.8   0.0   0.0   3.6  17.0   09:10   ENE
13   5.7   8.3   12:30   3.0   23:50  12.6   0.0   0.4   3.0  17.0   12:20   ENE
14   5.4   8.6   14:50   1.3   05:50  12.9   0.0   0.0   4.7  20.0   23:20     E
15   9.2  12.5   17:50   6.6   03:20   7.9   0.0   0.0   6.4  20.0   13:40     E
16  11.7  15.5   17:10   9.2   07:00   6.6   0.0   0.0   1.5  13.0   17:30   WNW
17  10.3  12.6   20:00   7.7   06:30   8.1   0.0   0.0   1.8  11.0   23:00   ESE
18  15.2  20.2   17:40  10.1   05:50   3.4   0.3   0.0   4.3  17.0   23:50   ENE
19  17.5  23.6   16:50  12.3   06:00   2.3   1.5   0.0   5.0  17.0   17:20    NE
20  21.6  24.4   14:20  12.7   02:40   0.1   3.6   0.0   4.9  23.0   08:50    NE
21  16.0  22.3   12:30  11.1   05:50   2.6   0.4   0.0   3.4  15.0   17:50   ENE
22  14.6  18.8   11:10  12.7   01:50   3.7   0.0   0.0   2.4  13.0   14:20     E
23  15.6  20.4   13:00  13.3   18:50   2.8   0.1   0.0   1.9  13.0   02:40   ENE
24  11.7  14.7   08:50   9.6   19:20   6.6   0.0   1.2   4.1  24.0   12:50     S
25  11.4  13.7   14:40   9.9   00:00   6.9   0.0   0.0   7.0  20.0   07:10   SSE
26  11.2  13.2   13:10   9.7   23:20   7.1   0.0   0.0   7.2  29.0   22:20    SW
27  10.7  13.9   16:20   8.3   23:40   7.6   0.0   0.0   9.8  37.0   14:40     W
28  10.9  14.2   13:00   7.1   05:40   7.4   0.0   0.0   3.6  20.0   07:50   WNW
29  11.1  14.1   13:40   7.7   05:40   7.2   0.0   0.0   1.3   9.0   14:00     S
30  10.5  13.2   15:30   6.8   05:10   7.8   0.0   0.0   1.7  10.0   09:40   SSE
----------------------------------------------------------------------------------
    10.6  24.4    20     1.3     3   234.8   5.9  18.6   4.3  37.0    27       E

Max >=  27.0  0
Max <=   0.0  0
Min <=   0.0  0
Min <= -18.0  0
Max Rain: 10.2 on day 2
Days of Rain: 6 (>= 0.2 mm)  2 (>= 2.0 mm)  0 (>= 20.0 mm)
Heat Base: 18.3  Cool Base: 18.3  Method: Integration