°C

Conditions at local time : on    Forecast:

NOAA-Style Climate Reports



Report for 2019 Mar
                   Monthly Climatological Summary for Mar 2019

Name: Worthing Weather   City: Worthing West Sussex   State: UK
Elevation: 21 ft  Lat: N 50° 48' 36"   Lon: W 000° 22' 30"

                  Temperature (°C), Rain (mm), Wind Speed (mph)

                                      Heat  Cool        Avg
    Mean                              Deg   Deg         Wind                 Dom
Day Temp  High   Time   Low    Time   Days  Days  Rain  Speed High   Time    Dir
----------------------------------------------------------------------------------
01   9.2  10.8   13:00   8.5   19:00   9.1   0.0   0.0   2.3  13.0   19:20   WSW
02   9.7  10.8   14:00   8.3   02:40   8.6   0.0   1.2   7.0  29.0   20:00    SW
03  10.0  10.8   13:40   9.1   23:10   8.3   0.0   2.6  10.7  35.0   18:30    SW
04   6.9   9.9   12:30   4.6   06:40  11.4   0.0   6.2   5.7  32.0   18:30     W
05   7.9  10.1   22:50   3.6   05:30  10.4   0.0   1.4   5.0  25.0   23:00   SSW
06   9.9  10.6   15:40   8.2   23:40   8.4   0.0   2.2  10.3  27.0   01:50     S
07   8.5  10.6   12:10   6.8   02:20   9.8   0.0   0.0   7.7  29.0   16:10     W
08   7.6   9.8   23:20   3.9   06:40  10.7   0.0   0.0   5.3  38.0   17:30   WSW
09   9.7  14.0   13:30   7.8   04:00   8.6   0.0   1.0   5.2  27.0   13:20   WSW
10   8.4  11.1   08:20   3.3   22:10   9.9   0.0   6.0   9.6  42.0   11:20     W
11   7.3  11.6   14:50   3.3   00:10  11.0   0.0   0.0   6.2  26.0   13:00     W
12   7.4   9.6   12:50   4.4   15:30  10.5   0.0   3.4  10.1  37.0   10:50    SW
13   8.8  11.4   14:30   6.7   00:00   9.5   0.0   0.0   7.9  34.0   11:10     W
14  10.4  15.1   14:30   8.0   03:50   7.9   0.0   0.2   7.3  30.0   13:10     W
15  10.1  10.8   10:00   9.5   00:30   8.2   0.0   0.0   8.7  29.0   14:00   WSW
16   9.6  10.2   18:00   8.2   22:20   8.7   0.0   0.0  12.5  41.0   17:30   WSW
17   7.1  10.4   14:30   3.9   06:30  11.2   0.0   0.0   5.1  24.0   15:30     W
18   6.5  10.3   12:20   3.1   05:50  11.8   0.0   2.0   1.8  16.0   16:00     W
19   8.2  11.4   12:00   5.0   00:00  10.1   0.0   0.2   1.9  15.0   16:00   WSW
20   9.7  12.5   11:10   8.3   00:20   8.6   0.0   0.0   2.5  14.0   11:20   WSW
21   9.6  11.3   12:40   8.8   00:00   8.7   0.0   0.0   1.3   9.0   12:30    SW
22   9.1   9.8   12:50   8.3   01:30   9.2   0.0   0.0   1.9  10.0   03:20    SW
23   9.6  12.6   14:50   6.4   23:50   8.7   0.0   0.0   2.1  15.0   11:50    NE
24   8.3  13.2   12:10   3.9   06:10  10.0   0.0   0.0   2.2  15.0   16:00   WNW
25   8.7  13.3   15:20   4.8   05:00   9.6   0.0   0.0   3.0  21.0   09:10     N
26   7.8  13.1   13:50   2.3   05:40  10.5   0.0   0.0   1.4  14.0   12:30     W
27   9.8  14.0   12:40   6.1   00:00   8.5   0.0   0.0   2.0  16.0   10:00   NNE
28   9.4  13.8   12:00   5.4   23:50   8.9   0.0   0.0   1.0  10.0   14:30   SSE
29   9.5  13.4   12:10   4.2   03:30   8.8   0.0   0.0   1.3   7.0   11:50   ESE
30  10.6  14.9   12:30   6.8   06:00   7.7   0.0   0.0   1.0   7.0   09:20    SE
31   9.9  13.1   15:20   6.1   23:30   8.5   0.0   0.0   6.1  24.0   09:40    NE
----------------------------------------------------------------------------------
     8.9  15.1    14     2.3    26   291.8   0.0  26.4   5.2  42.0    10     WSW

Max >=  27.0  0
Max <=   0.0  0
Min <=   0.0  0
Min <= -18.0  0
Max Rain: 6.2 on day 4
Days of Rain: 11 (>= 0.2 mm)  6 (>= 2.0 mm)  0 (>= 20.0 mm)
Heat Base: 18.3  Cool Base: 18.3  Method: Integration