°C

Conditions at local time : on    Forecast:
Select a Year or Month report
2019 > Jan Feb Mar Apr May Jun Jul Aug Sep Oct Nov Dec
2018 > Jan Feb Mar Apr May Jun Jul Aug Sep Oct Nov Dec
2017 > Jan Feb Mar Apr May Jun Jul Aug Sep Oct Nov Dec
2016 > Jan Feb Mar Apr May Jun Jul Aug Sep Oct Nov Dec
2015 > Jan Feb Mar Apr May Jun Jul Aug Sep Oct Nov Dec

Report for 2019 Feb
                   Monthly Climatological Summary for Feb 2019

Name: Worthing   City: Weather   State: UK
Elevation: 31 ft  Lat: N 50 49 12   Lon: W 000 22 45

                  Temperature (°C), Rain (mm), Wind Speed (mph)

                                      Heat  Cool        Avg
    Mean                              Deg   Deg         Wind                 Dom
Day Temp  High   Time   Low    Time   Days  Days  Rain  Speed High   Time    Dir
----------------------------------------------------------------------------------
01   1.7   7.9   00:00   0.2   00:10  16.7   0.0   0.0   4.6  27.0   23:10   NNE
02   2.3   4.9   14:39   0.6   23:51  15.9   0.0   0.0   4.5  23.0   00:24     N
03   3.1   7.1   23:09  -1.7   07:40  15.2   0.0   0.0   2.7  18.0   22:57   WSW
04   7.0   7.6   19:26   6.1   08:16  11.3   0.0   3.4   7.0  31.0   05:55    SW
05   6.4   7.6   00:30   5.1   11:20  11.9   0.0   1.4   4.4  20.0   22:00     S
06   8.1   9.3   11:55   7.5   08:07  10.2   0.0  11.4   3.5  26.0   23:08   SSW
07   8.0   9.3   13:36   7.1   05:06  10.2   0.0   0.0   7.9  35.0   02:35   WSW
08   8.7   9.7   17:50   7.9   22:40   9.6   0.0   1.0  11.7  39.0   11:50    SW
09   8.4  10.3   12:42   6.7   21:12   9.8   0.0   7.8   8.5  33.0   04:17   WSW
10   6.3   8.3   15:00   4.2   23:18  11.6   0.0   1.2   4.4  23.0   14:13     W
11   6.8   9.9   13:57   4.2   07:32  11.3   0.0   0.0   1.6  14.0   00:29    NW
12   6.8   9.4   11:38   2.9   04:41  11.5   0.0   0.0   2.5  16.0   13:07   WSW
13   7.7   9.4   13:56   5.2   23:59  10.6   0.0   0.2   2.4  11.0   10:28     S
14   6.6   9.1   12:24   3.2   06:05  11.7   0.0   0.2   1.7  12.0   14:21   ESE
15   7.5  10.0   13:50   4.6   07:22  10.8   0.0   0.2   1.4   8.0   09:19   ESE
16   8.3   9.3   12:00   6.3   06:40  10.0   0.0   0.2   1.4  12.0   12:50     S
17   9.1  10.9   11:29   6.9   02:56   9.2   0.0   0.6   2.5  16.0   09:50     S
18   8.1   9.2   00:00   4.3   23:59  10.2   0.0   0.8   2.4  15.0   18:16    SW
19   6.8  10.1   12:18   2.5   06:22  11.5   0.0   0.2   2.5  14.0   15:10    SW
20   8.4   9.9   15:17   7.5   06:30   9.8   0.0   0.0   4.7  15.0   05:20    SW
21   8.6   9.9   14:41   7.4   23:51   9.7   0.0   0.0   2.6  13.0   02:12   WSW
22   6.9   8.4   23:52   6.2   07:14  11.4   0.0   0.2   1.0   9.0   08:21     E
23   9.0  10.6   14:18   7.4   22:44   9.3   0.0   0.2   2.7  13.0   01:53     E
24   8.4  11.2   10:47   5.1   05:40   9.9   0.0   0.0   1.7  10.0   13:50   ENE
25  10.1  14.3   12:39   4.3   07:09   8.2   0.0   0.0   1.3   9.0   10:37     E
26  10.4  13.6   10:35   5.8   06:29   7.9   0.0   0.0   1.8  11.0   12:01     E
27   9.2  13.4   12:23   5.2   07:04   9.1   0.0   0.0   0.7   7.0   09:10   SSE
28   8.7  10.9   10:49   4.9   04:27   9.6   0.0   3.0   3.8  21.0   14:31   WSW
----------------------------------------------------------------------------------
     7.4  14.3    25    -1.7     3   304.1   0.0  32.0   3.9  39.0     8      SW

Max >=  27.0  0
Max <=   0.0  0
Min <=   0.0  1
Min <= -18.0  0
Max Rain: 11.4 on day 6
Days of Rain: 16 (>= 0.2 mm)  4 (>= 2.0 mm)  0 (>= 20.0 mm)
Heat Base: 18.3  Cool Base: 18.3  Method: Integration