°C

Conditions at local time : on    Forecast:
Select a Year or Month report
2019 > Jan Feb Mar Apr May Jun Jul Aug Sep Oct Nov Dec
2018 > Jan Feb Mar Apr May Jun Jul Aug Sep Oct Nov Dec
2017 > Jan Feb Mar Apr May Jun Jul Aug Sep Oct Nov Dec
2016 > Jan Feb Mar Apr May Jun Jul Aug Sep Oct Nov Dec
2015 > Jan Feb Mar Apr May Jun Jul Aug Sep Oct Nov Dec

Report for 2019 Jan
                   Monthly Climatological Summary for Jan 2019

Name: Worthing   City: Weather   State: UK
Elevation: 31 ft  Lat: N 50 49 12   Lon: W 000 22 45

                  Temperature (°C), Rain (mm), Wind Speed (mph)

                                      Heat  Cool        Avg
    Mean                              Deg   Deg         Wind                 Dom
Day Temp  High   Time   Low    Time   Days  Days  Rain  Speed High   Time    Dir
----------------------------------------------------------------------------------
01   8.3  11.7   13:50   4.3   23:50  10.0   0.0   0.0   1.6  14.0   15:00   NNW
02   4.5   7.1   13:50   2.1   23:00  13.8   0.0   0.0   1.1  11.0   10:00   NNE
03   4.2   4.9   11:00   2.2   00:00  14.1   0.0   0.0   1.2  10.0   23:10   NNE
04   2.8   5.4   12:20  -0.1   21:30  15.5   0.0   0.0   1.1  13.0   07:10   NNE
05   3.6   4.9   19:20   1.4   00:00  14.7   0.0   0.0   1.0  13.0   12:20   NNW
06   6.8   9.2   14:40   4.2   00:00  11.5   0.0   0.0   0.7   8.0   20:20   WNW
07   8.4  10.3   20:40   6.8   04:20   9.9   0.0   0.0   2.3  16.0   11:30     W
08   6.9   9.4   14:00   3.6   23:40  11.4   0.0   0.0   2.5  15.0   01:20    NW
09   3.5   6.1   14:00   1.5   23:50  14.8   0.0   0.0   2.6  18.0   12:00   NNW
10   3.0   5.9   23:50   0.9   05:40  15.3   0.0   0.0   2.0  17.0   01:20     N
11   6.6   8.8   13:10   3.8   20:50  11.7   0.0   0.0   1.4  16.0   06:40   NNW
12   8.0   9.4   15:50   5.4   00:00  10.3   0.0   0.0   2.8  17.0   13:10     W
13  10.1  12.0   14:40   8.4   08:40   8.2   0.0   0.0   4.5  22.0   14:50     W
14   7.1   9.6   14:00   4.2   08:10  11.2   0.0   0.0   2.1  14.0   11:10   WNW
15   6.7   9.2   12:10   2.9   05:10  11.6   0.0   0.0   2.7  16.0   23:10   WSW
16   7.3   8.7   14:10   4.3   23:30  11.0   0.0   2.0   7.0  29.0   14:30   WSW
17   3.5   6.1   00:00   0.9   23:00  14.8   0.0   0.8   2.9  22.0   10:40    NW
18   4.3   6.8   11:00  -0.2   04:20  14.0   0.0   0.0   5.9  19.0   23:50   SSE
19   5.1   5.7   10:40   3.8   23:30  13.2   0.0   1.8   5.6  19.0   00:20    SE
20   2.9   5.9   14:10  -0.5   23:50  15.4   0.0   0.0   2.2  12.0   05:10   NNE
21   2.5   6.8   23:30  -1.9   07:10  15.8   0.0   0.2   2.2  22.0   22:10   SSW
22   3.7   7.2   00:50   0.4   23:40  14.6   0.0   4.2   2.6  29.0   00:30   WSW
23   1.0   2.8   15:30  -0.2   02:20  17.3   0.0   0.2   2.2  21.0   12:40     N
24   1.9   5.8   14:50  -2.6   06:10  16.4   0.0   0.0   0.3  10.0   21:00     N
25   6.3  10.8   16:00   1.4   02:00  12.0   0.0   1.0   1.2  13.0   22:40     W
26   7.8   8.7   12:30   6.4   02:00  10.5   0.0   0.8   5.8  31.0   19:10   WSW
27   5.8   7.9   01:50   2.3   23:58  12.6   0.0   0.0   6.3  27.0   07:50   WNW
28   2.7   6.6   14:24  -1.5   23:56  15.4   0.0   0.0   2.7  17.0   13:09    NW
29   2.7   6.4   11:27  -1.5   00:00  15.6   0.0   5.4   1.9  16.0   11:52     S
30   1.4   5.3   15:30  -1.4   08:10  16.9   0.0   0.0   0.8  11.0   00:20   WNW
31  -1.4  -1.4   00:00  -1.4   00:10   0.3   0.0   0.0   0.0   0.0   00:00     N
----------------------------------------------------------------------------------
     4.8  12.0    13    -2.6    24   399.8   0.0  16.4   2.6  31.0    26       W

Max >=  27.0  0
Max <=   0.0  1
Min <=   0.0 10
Min <= -18.0  0
Max Rain: 5.4 on day 29
Days of Rain: 9 (>= 0.2 mm)  3 (>= 2.0 mm)  0 (>= 20.0 mm)
Heat Base: 18.3  Cool Base: 18.3  Method: Integration