Select a Year or Month report
2019 > Jan Feb Mar Apr May Jun Jul Aug Sep Oct Nov Dec
2018 > Jan Feb Mar Apr May Jun Jul Aug Sep Oct Nov Dec
2017 > Jan Feb Mar Apr May Jun Jul Aug Sep Oct Nov Dec
2016 > Jan Feb Mar Apr May Jun Jul Aug Sep Oct Nov Dec
2015 > Jan Feb Mar Apr May Jun Jul Aug Sep Oct Nov Dec

Report for 2018 Dec
                   Monthly Climatological Summary for Dec 2018

Name: Worthing   City: Weather   State: UK
Elevation: 31 ft  Lat: N 50 49 12   Lon: W 000 22 47

                  Temperature (°C), Rain (mm), Wind Speed (mph)

                                      Heat  Cool        Avg
    Mean                              Deg   Deg         Wind                 Dom
Day Temp  High   Time   Low    Time   Days  Days  Rain  Speed High   Time    Dir
----------------------------------------------------------------------------------
01  11.1  12.4   23:53   9.2   01:58   7.2   0.0  16.0   7.0  26.0   08:51   SSW
02  12.3  12.6   11:47  11.9   06:51   6.0   0.0   6.6   6.9  25.0   01:03   WSW
03  11.4  13.3   14:02   7.7   22:21   6.9   0.0   0.6   5.5  27.0   12:33   WSW
04   7.2  10.3   23:40   3.5   07:40  11.1   0.0   0.0   1.1  16.0   23:56     E
05  11.6  12.3   11:40  10.1   01:04   6.7   0.0   6.2   6.0  20.0   06:52     S
06  11.5  12.1   22:20  10.7   00:08   6.8   0.0   2.4   4.8  23.0   22:50   WSW
07  10.0  12.3   06:10   7.6   20:20   8.3   0.0   4.0   9.4  47.0   07:50   WSW
08  10.3  11.9   15:40   4.1   00:53   7.9   0.0   0.0   8.3  32.0   14:30     W
09   9.2  12.1   11:50   5.5   00:00   9.1   0.0   1.0   5.8  31.0   05:10     W
10   9.4   9.4   00:20   9.3   00:00   0.1   0.0   0.0   1.4  24.0   00:00   WSW
11   6.7  10.0   14:04   2.2   05:13  11.6   0.0   1.0   1.8  13.0   21:55    SE
12   7.6   9.4   02:14   6.2   21:59  10.7   0.0   0.0   7.8  23.0   16:34    SE
13   4.5   6.3   00:00   0.7   23:57  13.8   0.0   0.0   7.9  27.0   07:19     E
14   2.3   4.1   21:58   0.3   02:13  16.0   0.0   0.0   3.0  17.0   08:30   ENE
15   5.3   9.5   19:57   3.4   04:21  12.9   0.0  35.4  10.1  32.0   18:46    SE
16   7.6   9.7   13:21   3.5   08:07  10.7   0.0   4.2   3.3  23.0   17:18   SSW
17   7.8  10.3   12:06   4.2   07:34  10.5   0.0   0.4   3.0  23.0   23:27   SSW
18   9.4  10.3   14:58   7.9   22:08   8.9   0.0  10.2  10.0  27.0   06:16   SSE
19   8.6   9.6   00:48   7.2   23:19   9.7   0.0  14.6   5.4  22.0   07:53    SW
20   9.2  10.7   12:11   6.6   01:34   9.1   0.0   6.2   5.7  23.0   00:52    SW
21  10.7  11.2   04:40   9.8   16:10   7.6   0.0   7.0   7.4  30.0   04:18    SW
22   9.6  11.1   00:39   7.1   23:07   8.7   0.0   0.0   3.3  22.0   00:20   WSW
23   9.9  11.9   11:14   6.9   00:24   8.4   0.0   9.0   3.7  19.0   14:31   WSW
24   7.0   8.7   22:57   5.4   19:28  11.3   0.0   0.8   1.9  12.0   20:47     E
25   8.8   9.4   12:19   8.3   06:10   9.5   0.0   0.0   2.3  11.0   06:49   SSE
26   8.1   9.3   10:10   5.5   23:31  10.2   0.0   0.0   1.3   9.0   10:55   ESE
27   5.2   8.4   14:14   2.9   23:39  13.1   0.0   0.0   0.7   7.0   13:36   NNE
28   7.5  10.1   13:54   2.9   00:00  10.8   0.0   0.0   0.3   7.0   14:19     W
29   9.5  11.5   14:14   7.3   23:59   8.8   0.0   0.0   2.0  20.0   11:56     W
30   9.0  10.2   14:29   6.8   00:53   9.2   0.0   0.2   1.0  10.0   10:09     W
31   9.0   9.9   13:14   8.4   04:22   9.3   0.0   0.0   1.1   9.0   03:08   WNW
----------------------------------------------------------------------------------
     8.6  13.3     3     0.3    14   290.9   0.0 125.8   4.5  47.0     7     SSW

Max >=  27.0  0
Max <=   0.0  0
Min <=   0.0  0
Min <= -18.0  0
Max Rain: 35.4 on day 15
Days of Rain: 18 (>= 0.2 mm)  12 (>= 2.0 mm)  1 (>= 20.0 mm)
Heat Base: 18.3  Cool Base: 18.3  Method: Integration