°C

Conditions at local time : on    Forecast:
Select a Year or Month report
2019 > Jan Feb Mar Apr May Jun Jul Aug Sep Oct Nov Dec
2018 > Jan Feb Mar Apr May Jun Jul Aug Sep Oct Nov Dec
2017 > Jan Feb Mar Apr May Jun Jul Aug Sep Oct Nov Dec
2016 > Jan Feb Mar Apr May Jun Jul Aug Sep Oct Nov Dec
2015 > Jan Feb Mar Apr May Jun Jul Aug Sep Oct Nov Dec

Report for 2018 Nov
                   Monthly Climatological Summary for Nov 2018

Name: Worthing Weather   City: Worthing   County: UK
Elevation: 31 ft  Lat: N 50 49 12   Lon: W 000 22 47

                  Temperature (°C), Rain (mm), Wind Speed (mph)

                                      Heat  Cool        Avg
    Mean                              Deg   Deg         Wind                 Dom
Day Temp  High   Time   Low    Time   Days  Days  Rain  Speed High   Time    Dir
----------------------------------------------------------------------------------
 1  10.5  13.7   11:51   5.3   22:04   7.8   0.0   6.8   2.4  15.0   10:35    SW
 2   6.5  11.3   12:01   2.8   07:03  11.8   0.0   0.0   0.9  11.0   14:38     W
 3  11.6  13.2   11:01   5.4   00:00   6.7   0.0   0.0   7.7  22.0   20:07     S
 4  11.7  12.8   12:12  10.8   02:10   6.5   0.0   0.0   5.7  21.0   01:57   SSE
 5  13.5  14.9   11:21  12.0   02:02   4.8   0.0   0.0   3.7  14.0   00:53   ESE
 6  13.5  15.1   14:53  11.6   03:46   4.8   0.0   0.2   5.6  28.0   23:50   SSE
 7  12.2  13.8   11:16   8.1   23:58   6.2   0.0  17.2  11.0  33.0   12:22     S
 8  11.7  13.2   09:22   7.3   01:52   6.5   0.0   0.0   8.5  24.0   19:07   SSE
 9  12.4  13.6   13:17  10.8   21:31   5.9   0.0   1.0  11.0  41.0   21:40   SSE
10  12.2  13.9   14:18   9.7   23:51   6.1   0.0  20.2   7.1  32.0   00:08   SSW
11  12.3  13.8   11:50   9.7   00:02   6.0   0.0  12.2   7.2  34.0   08:06    SW
12  12.8  13.9   11:13  11.1   21:03   5.5   0.0   3.2   7.4  26.0   21:41   SSW
13  12.3  13.9   11:56  10.5   07:33   6.0   0.0   1.0   4.9  24.0   00:32    SW
14  12.9  13.7   13:46  12.2   05:27   5.4   0.0   0.0   5.2  22.0   04:58     S
15  12.7  13.6   09:08  11.6   22:26   5.6   0.0   0.0   2.5  12.0   17:12   ESE
16  10.5  12.2   01:18   8.0   23:35   7.8   0.0   0.0   1.5  11.0   08:53   ENE
17   8.3  11.3   13:45   6.3   21:17  10.0   0.0   0.2   3.9  19.0   14:58   ENE
18   7.6  11.3   14:24   5.0   06:41  10.7   0.0   0.0   5.4  21.0   18:18    NE
19   6.1   8.7   13:57   3.7   23:50  12.2   0.0   0.4   6.6  25.0   03:58    NE
20   4.0   5.4   06:19   2.7   23:50  14.2   0.0   0.2   4.5  22.0   06:03    NE
21   5.1   7.5   11:10   0.9   03:52  13.2   0.0   7.0   4.2  22.0   08:02    SE
22   4.5   7.3   13:48   1.7   03:54  13.8   0.0   0.0   2.8  13.0   07:48    NE
23   7.8  10.6   12:37   5.9   00:55  10.5   0.0   0.0   2.5  12.0   09:13   ENE
24   7.7   8.9   12:49   6.7   23:47  10.6   0.0   7.2   2.7  15.0   13:40    NE
25   7.0   9.2   12:06   5.2   23:10  11.3   0.0   0.2   3.9  20.0   13:03   NNE
26   6.2   8.1   12:37   3.9   23:10  12.1   0.0   0.0   2.6  17.0   11:07     N
27   7.1  11.1   20:31   2.9   05:21  11.2   0.0   9.8   5.1  33.0   17:37   SSE
28  12.1  13.0   15:07  10.1   00:00   6.2   0.0   5.2   9.1  35.0   14:57   SSW
29  11.7  13.3   11:24   9.6   18:41   6.6   0.0   6.8  11.3  37.0   11:31   SSW
30  10.5  12.1   11:59   9.2   21:11   7.8   0.0   0.0   4.5  25.0   01:21   WSW
----------------------------------------------------------------------------------
     9.8  15.1     6     0.9    21   253.8   0.0  98.8   5.4  41.0     9     SSE

Max >=  27.0:  0
Max <=   0.0:  0
Min <=   0.0:  0
Min <= -18.0:  0
Max Rain: 20.2 on day 10
Days of Rain: 17 (>= 0.2 mm)  10 (>= 2.0 mm)  1 (>= 20.0 mm)
Heat Base: 18.3  Cool Base: 18.3  Method: Integration