°C

Conditions at local time : on    Forecast:

NOAA-Style Climate Reports



Report for 2018 Oct
                   Monthly Climatological Summary for Oct 2018

Name: Worthing Weather   City: Worthing West Sussex   State: UK
Elevation: 21 ft  Lat: N 50° 48' 36"   Lon: W 000° 22' 30"

                  Temperature (°C), Rain (mm), Wind Speed (mph)

                                      Heat  Cool        Avg
    Mean                              Deg   Deg         Wind                 Dom
Day Temp  High   Time   Low    Time   Days  Days  Rain  Speed High   Time    Dir
----------------------------------------------------------------------------------
01  11.1  15.0   15:00   6.8   06:20   7.2   0.0   0.0   2.4  18.0   13:00    NW
02  14.8  19.7   15:40   9.9   00:30   3.6   0.1   0.4   3.7  17.0   04:40     W
03  14.6  17.6   11:20  10.7   07:00   3.7   0.0   0.0   2.2  14.0   14:40   WSW
04  13.2  16.0   15:00  10.5   07:10   5.1   0.0   0.4   0.9  11.0   14:10    SW
05  14.6  18.9   14:10  11.1   07:20   3.7   0.0   0.4   0.9   8.0   12:50   SSE
06  10.8  13.0   11:30   8.6   19:30   7.5   0.0   8.0   5.4  31.0   21:00     N
07  10.3  15.6   16:00   5.6   07:30   8.0   0.0   0.0   3.5  31.0   00:00     N
08  11.3  15.3   15:20   5.9   02:50   7.0   0.0   0.0   1.3  14.0   23:30   WSW
09  15.3  17.8   16:20  13.2   22:10   2.9   0.0   0.0   2.9  11.0   01:30     S
10  17.2  19.7   17:20  14.6   00:00   1.2   0.1   0.0   4.1  16.0   21:10     E
11  17.0  18.2   13:00  15.6   21:10   1.3   0.0   1.4   7.8  24.0   18:50   SSE
12  17.4  18.9   16:10  15.5   02:50   1.0   0.1   0.2  10.5  29.0   06:20   SSE
13  18.6  19.8   14:10  17.8   04:00   0.1   0.4   0.0   6.4  21.0   07:20   SSE
14  13.9  18.8   00:40  10.4   23:10   4.4   0.0  15.0   5.6  25.0   19:20     N
15  14.1  18.3   14:00  10.4   00:00   4.2   0.0   5.4   2.4  25.0   03:20   NNE
16  15.4  17.8   11:40  13.2   06:40   2.9   0.0   0.2   2.5  16.0   13:20   SSW
17  14.6  17.7   15:30  10.8   06:50   3.7   0.0   0.0   1.6  15.0   00:40     W
18  13.1  16.8   14:20   9.9   23:30   5.2   0.0   0.0   4.8  19.0   10:30   NNE
19  11.8  16.4   16:10   8.2   07:00   6.6   0.0   0.0   2.2  12.0   10:10     N
20  11.4  15.6   14:50   7.3   07:10   6.9   0.0   0.0   0.8   8.0   16:00    SW
21  12.8  16.8   12:40   8.4   06:40   5.5   0.0   0.0   1.2  15.0   23:10   WSW
22  10.7  14.5   00:00   6.1   23:40   7.6   0.0   0.4   3.8  24.0   00:50     N
23   9.9  15.7   16:00   5.2   02:50   8.4   0.0   0.0   2.0  14.0   12:10     W
24  12.8  17.8   13:40   8.2   23:20   5.5   0.0   0.0   1.3  14.0   14:50   WNW
25   9.0  12.9   14:30   5.4   04:30   9.3   0.0   0.2   0.9  10.0   10:00   WNW
26   9.0  12.2   14:10   5.1   23:40   9.3   0.0   0.2   2.4  17.0   10:50   WNW
27   5.1   8.6   13:40   2.4   07:40  13.2   0.0   0.0   3.7  19.0   23:50     N
28   6.2   9.5   14:40   4.1   22:50  12.1   0.0   0.0   6.9  26.0   10:30   NNE
29   5.5   9.5   14:10   2.3   07:10  12.8   0.0   0.0   5.0  20.0   12:30     N
30   5.8   9.2   13:50   3.2   23:50  12.5   0.0   0.0   3.2  17.0   08:30    NW
31   9.4  12.8   13:10   1.3   03:20   8.9   0.0   3.0   3.8  18.0   10:10    SE
----------------------------------------------------------------------------------
    12.2  19.8    13     1.3    31   191.3   0.7  35.2   3.4  31.0     6       N

Max >=  27.0  0
Max <=   0.0  0
Min <=   0.0  0
Min <= -18.0  0
Max Rain: 15.0 on day 14
Days of Rain: 13 (>= 0.2 mm)  4 (>= 2.0 mm)  0 (>= 20.0 mm)
Heat Base: 18.3  Cool Base: 18.3  Method: Integration