Select a Year or Month report

Report for 2018 Sep
                   Monthly Climatological Summary for Sep 2018

Name:    City:    State: 
Elevation: 0 ft  Lat: S 00° 00' 00"   Lon: W 000° 00' 00"

                  Temperature (°C), Rain (mm), Wind Speed (mph)

                                      Heat  Cool        Avg
    Mean                              Deg   Deg         Wind                 Dom
Day Temp  High   Time   Low    Time   Days  Days  Rain  Speed High   Time    Dir
----------------------------------------------------------------------------------
 1  17.1  20.1   12:40  13.6   03:40   1.2   0.0   0.0   2.5  12.0   09:10    SE
 2  16.7  20.3   17:50  13.3   05:20   1.6   0.0   0.0   1.7  10.0   13:10   ESE
 3  18.0  23.5   14:30  12.7   06:00   0.3   0.0   0.0   1.6  12.0   10:50     N
 4  16.7  19.8   13:00  13.4   04:10   1.6   0.0   0.0   2.8  16.0   11:50     N
 5  16.8  19.9   15:20  14.5   06:50   1.5   0.0   0.0   2.7  18.0   09:40     N
 6  16.1  20.2   12:00  12.1   06:40   2.2   0.0   0.0   3.1  19.0   16:00     W
 7  14.1  18.1   15:50   9.2   06:10   4.2   0.0   0.0   3.1  21.0   13:00   WSW
 8  14.5  18.1   15:40   9.6   03:10   3.8   0.0   0.0   2.4  19.0   14:40   WSW
 9  17.7  19.8   13:10  15.1   23:50   0.6   0.0   0.0   4.7  21.0   14:30   WSW
10  16.7  19.2   14:40  14.2   07:10   1.6   0.0   0.0   4.5  23.0   23:50   WSW
11  17.8  18.6   09:40  17.5   01:40   0.5   0.0   0.0   7.3  24.0   01:20   WSW
12  14.5  17.9   00:00  10.6   23:50   3.8   0.0   1.2   3.3  19.0   06:10   NNW
13  13.9  19.1   13:00   8.7   05:10   4.4   0.0   0.2   1.8  16.0   17:20   WSW
14  14.6  17.9   16:00   9.9   06:10   3.7   0.0   0.0   2.8  20.0   17:00   WSW
15  15.3  18.8   13:00  11.2   05:10   3.0   0.0   0.0   2.8  17.0   13:50   WSW
16  17.7  19.8   14:10  15.6   00:00   0.6   0.0   0.0   4.6  17.0   16:20   SSW
17  18.5  20.2   23:50  17.1   06:00   0.0   0.2   0.0   3.6  15.0   03:10   SSE
18  18.4  20.1   00:00  17.3   07:40   0.1   0.2   0.0   8.8  29.0   06:00    SW
19  18.6  20.3   15:18  17.6   23:52   0.2   0.4   0.0   9.0  33.0   14:29    SW
20  18.5  19.7   15:54  17.4   00:40   0.2   0.4   0.2   9.1  30.0   23:40    SW
21  14.6  18.6   00:00  10.9   07:30   3.7   0.0   4.0   7.8  34.0   02:03   WSW
22  12.1  14.4   10:52  11.3   01:33   6.2   0.0  16.0   2.5  18.0   19:32     E
23  10.9  13.7   16:36   8.1   23:59   7.5   0.0  10.2   3.5  28.0   11:38     N
24  10.7  15.6   15:21   6.6   06:54   7.6   0.0   0.0   1.6  14.0   11:04   NNW
25  11.5  15.9   13:06   6.5   03:53   6.8   0.0   0.0   1.9   9.0   10:36   ESE
26  13.4  18.1   12:19   7.8   06:29   4.9   0.0   0.0   1.1   9.0   13:37   SSW
27  13.8  19.2   14:30   7.9   06:01   4.5   0.1   0.2   1.0  11.0   14:33    SW
28  13.5  16.6   16:29   9.8   22:59   4.8   0.0   0.0   3.6  23.0   11:59   NNE
29  11.7  15.7   14:55   8.3   23:57   6.6   0.0   0.0   2.4  12.0   01:04   ENE
30  11.5  15.4   13:37   6.8   05:39   6.8   0.0   0.0   1.5  14.0   10:34    NW
----------------------------------------------------------------------------------
    15.2  23.5     3     6.5    25    94.5   1.3  32.0   3.7  34.0    21     WSW

Max >=  27.0:  0
Max <=   0.0:  0
Min <=   0.0:  0
Min <= -18.0:  0
Max Rain: 16.0 on day 22
Days of Rain: 7 (>= 0.2 mm)  3 (>= 2.0 mm)  0 (>= 20.0 mm)
Heat Base: 18.3  Cool Base: 18.3  Method: Integration
Time / Date