Select a Year or Month report

Report for 2018 Aug
                   Monthly Climatological Summary for Aug 2018

Name: Worthing Weather   City: Worthing   County: UK
Elevation: 31 ft  Lat: N 50 49 12   Lon: W 000 22 47

                  Temperature (°C), Rain (mm), Wind Speed (mph)

                                      Heat  Cool        Avg
    Mean                              Deg   Deg         Wind                 Dom
Day Temp  High   Time   Low    Time   Days  Days  Rain  Speed High   Time    Dir
----------------------------------------------------------------------------------
 1  18.0  21.1   14:40  13.4   05:50   0.3   0.0   0.0   2.9  17.0   18:10    SW
 2  18.8  22.6   18:10  13.8   03:00   0.0   0.5   0.0   2.2  13.0   14:00    SW
 3  22.1  25.2   12:40  17.1   03:20   0.0   3.8   0.0   1.8  11.0   23:00   SSW
 4  23.3  28.7   16:10  19.3   23:50   0.0   5.0   0.0   3.4  16.0   09:40     N
 5  19.9  22.8   18:10  16.4   05:30   0.0   1.6   0.0   2.1  10.0   13:20   ESE
 6  20.5  24.3   17:10  15.9   04:20   0.0   2.2   0.0   1.9  11.0   14:40   SSW
 7  21.0  25.6   16:20  16.6   05:30   0.0   2.7   2.8   2.1  24.0   17:50    SW
 8  17.4  20.3   16:30  13.0   06:00   0.9   0.0   0.0   4.4  21.0   13:30   WSW
 9  16.1  19.3   18:30  13.7   23:50   2.2   0.0  10.2   1.8  20.0   19:20     W
10  14.5  18.1   10:00  11.2   05:50   3.8   0.0  18.2   5.4  43.0   12:40    SW
11  15.6  18.8   12:40   8.8   05:50   2.7   0.0   0.0   2.4  12.0   14:00     S
12  18.5  20.1   10:00  16.3   19:30   0.0   0.2  15.6   4.7  18.0   12:10     S
13  18.6  21.6   15:00  15.4   06:20   0.0   0.3   0.4   3.5  20.0   15:50   WSW
14  18.3  21.5   14:20  14.1   05:50   0.0   0.0   0.0   3.6  23.0   15:20   WSW
15  18.6  20.9   15:20  16.3   01:10   0.0   0.3   0.0   5.2  22.0   16:40   WSW
16  17.2  18.7   07:50  13.5   23:50   1.1   0.0   9.4   5.1  26.0   11:30    SW
17  16.2  20.0   15:10  10.2   05:40   2.1   0.0   0.2   3.1  19.0   16:00   WSW
18  18.3  19.6   17:00  15.3   02:20   0.0   0.0   0.0   4.5  18.0   14:10   WSW
19  18.6  20.3   17:50  17.5   03:40   0.0   0.3   0.0   6.4  25.0   10:40   WSW
20  19.3  22.1   09:50  16.9   07:10   0.0   1.0   0.0   2.7  16.0   16:10   WSW
21  19.2  21.1   10:30  16.6   23:50   0.0   0.9   0.0   3.1  18.0   12:50    SW
22  18.0  20.0   12:30  16.2   00:50   0.3   0.0   0.0   2.3  14.0   14:20   WSW
23  18.8  21.3   15:10  15.7   23:40   0.0   0.5   0.0   4.9  23.0   17:10   WSW
24  14.3  17.9   13:50  10.4   05:50   4.0   0.0   0.0   3.7  28.0   16:40     W
25  13.8  19.0   16:30   7.5   06:00   4.5   0.0   0.0   2.1  16.0   18:10     W
26  15.0  17.7   20:20  11.6   03:40   3.3   0.0  31.8   6.9  31.0   19:20   SSW
27  16.2  18.0   15:30  14.0   03:50   2.1   0.0   0.0   2.4  16.0   01:00   WSW
28  16.2  19.2   13:10  13.1   03:10   2.1   0.0   0.0   1.0   9.0   15:20   SSE
29  15.9  19.7   18:50  13.7   09:30   2.4   0.0   0.0   1.7  14.0   09:00    NW
30  15.9  20.1   13:00  12.4   06:00   2.4   0.0   0.0   2.2  16.0   03:30   NNW
31  16.4  18.9   13:30  13.3   06:00   1.9   0.0   0.0   2.5  12.0   12:30     E
----------------------------------------------------------------------------------
    17.8  28.7     4     7.5    25    36.1  19.3  88.6   3.3  43.0    10      SW

Max >=  27.0:  1
Max <=   0.0:  0
Min <=   0.0:  0
Min <= -18.0:  0
Max Rain: 31.8 on day 26
Days of Rain: 8 (>= 0.2 mm)  6 (>= 2.0 mm)  1 (>= 20.0 mm)
Heat Base: 18.3  Cool Base: 18.3  Method: Integration