Select a Year or Month report

Report for 2018 Jul
                   Monthly Climatological Summary for Jul 2018

Name: Worthing weather   City: worthing   State: 
Elevation: 31 ft  Lat: N 50 49 12   Lon: W 000 22 47

                  Temperature (°C), Rain (mm), Wind Speed (m/s)

                                      Heat  Cool        Avg
    Mean                              Deg   Deg         Wind                 Dom
Day Temp  High   Time   Low    Time   Days  Days  Rain  Speed High   Time    Dir
----------------------------------------------------------------------------------
 1  23.2  29.4   17:10  17.8   04:10   0.0   4.9   0.0   4.7  17.0   20:40    NE
 2  23.5  28.3   13:50  18.3   23:50   0.0   5.2   0.0   6.3  24.0   22:30    NE
 3  20.3  25.3   17:10  16.4   04:20   0.0   2.0   0.0   5.8  21.0   01:20   ENE
 4  17.3  19.7   17:30  14.7   04:50   1.0   0.0   0.0   2.6  11.0   03:00   SSE
 5  19.0  22.2   13:10  15.6   05:50   0.0   0.7   0.0   3.2  16.0   14:10   WSW
 6  20.4  23.2   18:20  16.0   04:50   0.0   2.1   0.0   2.1  14.0   18:10    SW
 7  22.8  26.2   13:10  18.5   06:10   0.0   4.5   0.0   2.4  16.0   14:30   WSW
 8  22.9  28.8   12:20  18.7   05:40   0.0   4.6   0.0   2.9  15.0   08:20    NE
 9  20.5  24.2   08:40  16.9   05:00   0.0   2.2   0.0   2.3  14.0   14:20    SW
10  18.8  22.0   17:30  15.2   05:20   0.0   0.5   0.0   3.5  17.0   09:20    NE
11  16.8  19.7   13:50  13.0   05:10   1.5   0.0   0.0   2.5  13.0   13:30   SSW
12  17.1  19.5   16:00  13.5   04:30   1.2   0.0   0.0   1.9  10.0   14:10     S
13  18.1  20.0   17:10  15.9   06:30   0.2   0.0   0.0   1.9   9.0   11:40     S
14  18.9  22.7   17:20  14.6   05:10   0.0   0.6   0.0   2.0  10.0   15:40    SW
15  19.9  23.6   18:30  14.2   05:20   0.0   1.6   0.0   2.3  14.0   16:40    SW
16  20.8  25.3   10:00  15.9   03:10   0.0   2.5   0.0   3.5  20.0   15:30   WSW
17  18.0  21.0   10:30  13.4   05:10   0.3   0.0   0.0   4.5  24.0   13:50   WSW
18  18.5  20.9   15:30  14.9   05:20   0.0   0.2   0.0   2.3  13.0   11:30   SSW
19  19.7  22.9   12:20  14.9   03:00   0.0   1.4   0.0   1.6  10.0   14:10   ESE
20  18.8  20.4   00:30  17.2   22:10   0.0   0.5   0.0   2.1  11.0   16:10   ESE
21  19.4  22.6   13:30  15.9   03:30   0.0   1.1   0.0   1.9  14.0   16:20    SW
22  20.5  23.5   14:10  15.6   05:20   0.0   2.2   0.0   3.0  19.0   15:00    SW
23  20.3  22.9   09:50  16.9   05:30   0.0   2.0   0.0   3.0  17.0   15:50    SW
24  20.9  24.0   18:20  16.6   05:30   0.0   2.6   0.0   2.8  14.0   14:40    SW
25  21.9  25.7   16:50  16.9   05:40   0.0   3.6   0.0   2.1  12.0   11:20    SW
26  22.6  26.1   18:20  19.3   01:20   0.0   4.3   0.0   2.2  12.0   12:20    SE
27  21.4  26.6   09:50  18.9   20:10   0.0   3.1   1.3   2.5  17.0   16:00    SW
28  18.5  19.9   14:30  16.1   06:20   0.0   0.2   1.3   9.7  33.0   15:30    SW
29  17.9  18.8   19:30  16.4   08:10   0.4   0.0  12.4  12.5  34.0   12:10     S
30  18.9  20.8   15:40  17.8   01:30   0.0   0.6  16.4   5.1  23.0   14:30    SW
31  18.4  20.2   13:50  15.9   23:40   0.0   0.1   9.4   4.4  18.0   04:50    SW
----------------------------------------------------------------------------------
    19.9  29.4     1    13.0    11     4.6  53.3  40.8   3.5  34.0    29     SSW

Max >=  27.0:  3
Max <=   0.0:  0
Min <=   0.0:  0
Min <= -18.0:  0
Max Rain: 16.4 on day 30
Days of Rain: 5 (>= 0.2 mm)  3 (>= 2.0 mm)  0 (>= 20.0 mm)
Heat Base: 18.3  Cool Base: 18.3  Method: Integration
Time / Date