Select a Year or Month report

Report for 2018 Jun
                   Monthly Climatological Summary for Jun 2018

Name: Worthing weather   City: worthing   State: 
Elevation: 31 ft  Lat: N 50 49 12   Lon: W 000 22 47

                  Temperature (°C), Rain (mm), Wind Speed (m/s)

                                      Heat  Cool        Avg
    Mean                              Deg   Deg         Wind                 Dom
Day Temp  High   Time   Low    Time   Days  Days  Rain  Speed High   Time    Dir
----------------------------------------------------------------------------------
 1  15.1  17.5   14:00  13.9   05:20   3.2   0.0   0.0   1.3   8.0   15:35    SW
 2  17.3  21.2   12:50  14.1   23:55   1.0   0.0   0.0   1.8  14.0   14:30   WSW
 3  18.2  24.2   16:25  12.3   02:50   0.1   0.0   0.0   0.8   7.0   06:15    SE
 4  18.0  21.8   13:55  14.6   05:35   0.3   0.0   0.0   3.1  17.0   10:55    NE
 5  15.0  18.0   17:50  12.3   23:45   3.3   0.0   0.0   3.3  16.0   12:35    NE
 6  16.2  23.6   14:45  10.4   05:20   2.1   0.0   0.0   2.3  14.0   09:10    NE
 7  16.3  21.6   16:50  14.0   05:35   2.0   0.0   0.0   1.5  13.0   02:35    NE
 8  16.4  23.2   12:25  12.8   03:40   1.9   0.0   0.0   1.3   9.0   10:10   ENE
 9  15.2  18.7   11:50  12.4   03:40   3.1   0.0   0.0   2.7  15.0   07:10     E
10  17.1  21.8   13:10  14.4   04:40   1.2   0.0   0.0   3.3  17.0   08:30   ENE
11  18.0  23.9   15:50  13.1   05:10   0.3   0.0   0.0   5.7  20.0   16:00    NE
12  15.8  18.6   15:40  12.4   05:20   2.5   0.0   0.0   4.6  19.0   10:00    NE
13  14.3  16.9   13:20  10.1   04:50   4.0   0.0   0.0   3.0  16.0   23:50    SW
14  15.3  18.8   16:40  13.7   09:30   3.0   0.0   0.2   7.0  31.0   09:50   WSW
15  15.5  18.9   13:20  10.4   04:50   2.8   0.0   0.0   3.0  19.0   16:10   WSW
16  15.1  16.7   13:10  14.0   03:20   3.2   0.0   0.0   5.1  24.0   16:20   WSW
17  15.5  19.2   12:55  13.9   07:20   2.8   0.0   0.0   4.3  22.0   14:20   WSW
18  16.0  17.9   12:10  14.7   02:40   2.3   0.0   0.0   6.3  24.0   15:10     W
19  16.5  18.3   13:50  15.4   23:50   1.8   0.0   0.0   4.8  18.0   00:00     W
20  15.6  17.6   15:40  14.1   04:20   2.7   0.0   0.0   4.8  20.0   14:00     W
21  16.2  20.5   17:00  11.7   05:10   2.1   0.0   0.0   3.8  21.0   03:20   NNE
22  15.4  18.7   14:10  10.4   05:10   2.9   0.0   0.0   3.1  16.0   16:50   WSW
23  16.9  19.5   19:00  13.5   04:40   1.4   0.0   0.0   3.1  16.0   14:40   WSW
24  16.8  19.6   09:50  13.2   05:10   1.5   0.0   0.0   1.7   9.0   11:20    SE
25  14.8  14.8   00:00  14.8   00:00   3.5   0.0   0.0   0.0   1.0   00:00     E
26  17.8  20.4   16:20  14.1   04:50   0.5   0.0   0.0   2.7  15.0   16:30   ESE
27  18.0  24.7   17:40  12.5   05:00   0.3   0.0   0.0   4.5  17.0   17:50   ENE
28  19.7  26.4   16:10  13.5   01:20   0.0   1.4   0.0   6.6  22.0   16:10    NE
29  20.7  26.2   16:20  15.1   05:10   0.0   2.4   0.0   6.3  21.0   18:40    NE
30  19.4  26.9   14:20  12.9   05:10   0.0   1.1   0.0   5.3  20.0   07:40    NE
----------------------------------------------------------------------------------
    16.6  26.9    30    10.1    13    55.8   4.9   0.2   3.4  31.0    14       N

Max >=  27.0:  0
Max <=   0.0:  0
Min <=   0.0:  0
Min <= -18.0:  0
Max Rain: 0.2 on day 14
Days of Rain: 1 (>= 0.2 mm)  0 (>= 2.0 mm)  0 (>= 20.0 mm)
Heat Base: 18.3  Cool Base: 18.3  Method: Integration
Time / Date