Select a Year or Month report

Report for 2018 May
                   Monthly Climatological Summary for May 2018

Name: Worthing Weather   City: Worthing   County: UK
Elevation: 31 ft  Lat: N 50 49 12   Lon: W 000 22 47

                  Temperature (°C), Rain (mm), Wind Speed (mph)

                                      Heat  Cool        Avg
    Mean                              Deg   Deg         Wind                 Dom
Day Temp  High   Time   Low    Time   Days  Days  Rain  Speed High   Time    Dir
----------------------------------------------------------------------------------
 1   7.8  11.7   13:40   1.9   04:40  10.5   0.0   0.0   4.7  21.0   14:40   WSW
 2  10.4  14.8   17:40   7.2   23:50   7.9   0.0   1.6   8.0  31.0   13:40    SW
 3   9.5  12.9   14:00   5.0   03:00   8.8   0.0   0.0   2.2  14.0   15:40   WSW
 4  11.1  15.1   16:40   6.8   05:40   7.2   0.0   0.0   1.3  10.0   13:50    SW
 5  14.4  19.9   13:10   8.7   05:10   3.9   0.0   0.0   2.2  12.0   10:40     E
 6  16.4  22.6   11:50  10.8   05:00   1.9   0.0   0.0   2.2  12.0   07:50   ENE
 7  18.0  24.8   11:30  13.2   04:30   0.3   0.0   0.0   1.6  10.0   13:00   SSE
 8  15.2  18.7   07:40  11.7   23:50   3.1   0.0   0.0   3.6  16.0   17:20     N
 9  12.4  16.3   11:20   8.5   04:00   5.9   0.0   0.0   4.4  13.0   08:20     W
10  11.8  16.2   13:00   8.9   06:30   6.5   0.0   0.8   3.5  18.0   09:00   SSW
11  12.0  14.4   18:30   7.7   03:00   6.3   0.0   4.3   4.4  17.0   12:00   SSW
12  11.1  12.9   02:30   9.9   06:00   7.2   0.0   0.0   1.6  11.0   03:30   SSW
13  11.2  13.9   17:00   7.7   05:30   7.1   0.0   0.3   2.4  13.0   18:00   SSW
14  15.1  20.9   17:30   9.2   06:30   3.2   0.0   0.0   5.0  23.0   10:00   SSW
15  17.1  24.0   18:00  12.1   06:30   1.2   0.0   0.0   5.6  25.0   08:00   SSW
16  14.0  17.1   14:30   9.4   23:30   4.3   0.0   0.0   6.7  45.0   22:30   SSW
17  10.9  17.1   16:30   6.9   06:30   7.4   0.0   0.0   4.3  22.0   08:30   SSW
18  15.2  18.5   08:00  11.9   06:00   3.1   0.0   0.0   2.0   9.0   07:00   SSW
19  10.9  13.0   17:00   6.4   05:00   7.4   0.0   0.0   1.4   8.0   11:00   SSW
20  11.8  16.7   18:00   8.7   05:30   6.5   0.0   0.0   1.9   9.0   09:00   SSW
21  15.8  21.7   18:00  11.1   03:00   2.5   0.0   1.8   2.1  12.0   15:30   SSW
22  17.6  23.3   17:30  12.4   07:30   0.7   0.0   0.0   4.1  21.0   08:30   SSW
23  14.9  20.1   14:30  10.3   05:00   3.4   0.0   0.0   3.6  22.0   03:00   SSW
24  14.2  16.1   12:00  11.9   04:30   4.1   0.0   7.9   4.0  18.0   00:00   SSW
25  15.0  17.6   16:30  12.4   05:30   3.3   0.0   0.0   1.4   8.0   14:30   SSW
26  20.2  26.0   16:00  14.8   06:00   0.0   1.9   0.5   6.1  24.0   15:00   SSW
27  18.8  22.7   11:00  16.9   07:00   0.0   0.5   0.3   2.5  14.0   00:00   SSW
28  20.2  26.4   13:00  16.0   05:30   0.0   1.9   2.8   1.2  14.0   10:00   SSW
29  17.1  20.1   17:00  14.7   10:30   1.2   0.0   3.6   1.9  16.0   08:30   SSW
30  15.0  17.5   19:30  13.3   22:00   3.3   0.0   0.3   2.2  12.0   03:00   SSW
31  16.0  18.7   12:00  13.7   02:30   2.3   0.0   8.9   1.3   9.0   14:00   SSW
----------------------------------------------------------------------------------
    14.2  26.4    28     1.9     1   130.5   4.3  33.1   3.3  45.0    16      SW

Max >=  27.0:  0
Max <=   0.0:  0
Min <=   0.0:  0
Min <= -18.0:  0
Max Rain: 8.9 on day 31
Days of Rain: 12 (>= 0.2 mm)  5 (>= 2.0 mm)  0 (>= 20.0 mm)
Heat Base: 18.3  Cool Base: 18.3  Method: Integration