Select a Year or Month report
2018 > Jan Feb Mar Apr May Jun Jul Aug Sep Oct Nov Dec

Report for 2018 Apr
                   Monthly Climatological Summary for Apr 2018

Name: Worthing weather   City: worthing   State: 
Elevation: 31 ft  Lat: N 50 49 12   Lon: W 000 22 47

                  Temperature (°C), Rain (mm), Wind Speed (mph)

                                      Heat  Cool        Avg
    Mean                              Deg   Deg         Wind                 Dom
Day Temp  High   Time   Low    Time   Days  Days  Rain  Speed High   Time    Dir
----------------------------------------------------------------------------------
01   5.8   7.8   16:05   3.6   07:07  12.5   0.0   4.6   2.5  14.0   00:01   WSW
02   7.9   9.1   21:38   6.0   00:00  10.4   0.0  22.8   4.7  17.0   01:33     S
03   9.1  10.6   12:31   8.3   20:25   9.2   0.0   0.8   6.9  19.0   03:22   SSW
04   8.9  10.3   12:00   6.5   23:55   9.4   0.0   1.2   7.8  23.0   12:45   SSW
05   7.0   9.6   10:59   4.9   06:32  11.3   0.0   0.0   4.0  21.0   00:05   WSW
06   9.3  11.8   17:29   7.1   05:19   9.0   0.0   0.0   5.0  21.0   12:53    SE
07  10.1  11.9   11:23   8.1   23:49   8.2   0.0   0.4   2.9  15.0   15:07     S
08   9.6  11.8   16:47   7.8   03:54   8.7   0.0   5.4   0.9   8.0   14:14    NE
09   9.7  10.9   11:42   8.4   18:45   8.6   0.0   6.0   2.8  12.0   09:36     E
10  11.2  15.3   16:43   8.9   05:06   7.1   0.0   3.2   2.5  13.0   12:27     E
11  11.6  14.9   15:27   8.7   23:44   6.7   0.0   5.4   3.8  17.0   15:32    NE
12   9.7  12.6   15:03   7.9   23:58   8.6   0.0   0.0   4.2  15.0   03:38    NE
13   8.3  10.2   14:10   6.9   02:05  10.0   0.0   0.0   1.9  13.0   00:30   WSW
14   9.0  13.3   16:42   5.9   01:30   9.3   0.0   0.0   1.3   9.0   17:56    SE
15   9.9  11.7   16:29   9.1   06:14   8.4   0.0   0.6   3.1  17.0   17:51     S
16  10.1  12.1   14:35   8.7   06:32   8.2   0.0   0.0   4.7  19.0   00:47    SW
17  11.4  13.9   18:30   9.4   05:50   6.9   0.0   0.0   7.3  23.0   09:10   SSW
18  14.3  20.1   16:37   9.4   06:19   4.2   0.2   0.0   3.7  17.0   17:11   ESE
19  15.9  20.4   19:18  12.2   23:57   2.5   0.1   0.0   1.9  12.0   03:59    SE
20  15.2  20.1   14:55  10.2   06:12   3.2   0.1   0.0   1.1  11.0   15:30   WSW
21  15.3  19.2   19:53  10.1   05:51   3.1   0.0   2.8   1.9  17.0   20:01   ESE
22  12.9  15.4   12:46  10.5   23:55   5.4   0.0   0.2   3.0  18.0   17:12   WSW
23  10.6  12.8   12:45   7.7   04:23   7.7   0.0   0.0   5.6  22.0   13:38     W
24  10.8  12.4   12:41   9.8   08:14   7.5   0.0   0.4   6.6  25.0   21:06     W
25  10.5  12.9   10:41   6.7   06:00   7.8   0.0   0.0   5.9  30.0   16:23     W
26  10.0  12.5   13:17   7.5   04:43   8.3   0.0   0.0   5.7  26.0   14:32     W
27   9.9  11.4   11:58   8.1   05:30   8.4   0.0   7.6   3.7  16.0   09:01   SSE
28   9.5  11.6   15:50   7.5   23:56   8.8   0.0   0.0   1.9  12.0   16:49     N
29   7.8   9.0   12:43   6.2   23:47  10.5   0.0   0.0   6.2  31.0   20:12    NE
30   5.5   8.1   19:05   3.9   09:36  12.8   0.0  19.0   5.5  29.0   03:13   NNE
----------------------------------------------------------------------------------
    10.2  20.4    19     3.6     1   242.7   0.4  80.4   4.0  31.0    29     SSW

Max >=  27.0  0
Max <=   0.0  0
Min <=   0.0  0
Min <= -18.0  0
Max Rain: 22.8 on day 2
Days of Rain: 15 (>= 0.2 mm)  9 (>= 2.0 mm)  1 (>= 20.0 mm)
Heat Base: 18.3  Cool Base: 18.3  Method: Integration
Time / Date