Select a Year or Month report
2018 > Jan Feb Mar Apr May Jun Jul Aug Sep Oct Nov Dec

Report for 2018 Mar
                   Monthly Climatological Summary for Mar 2018

Name: Worthing weather   City: worthing   State: 
Elevation: 31 ft  Lat: N 50 49 12   Lon: W 000 22 47

                  Temperature (°C), Rain (mm), Wind Speed (mph)

                                      Heat  Cool        Avg
    Mean                              Deg   Deg         Wind                 Dom
Day Temp  High   Time   Low    Time   Days  Days  Rain  Speed High   Time    Dir
----------------------------------------------------------------------------------
01  -2.7   0.2   19:35  -4.6   06:44  20.9   0.0   0.0   8.8  27.0   19:20   ENE
02  -0.3   2.6   23:57  -1.6   13:31  18.6   0.0   1.6   7.3  24.0   02:55   ENE
03   4.4   6.6   12:35   1.8   04:44  13.9   0.0   7.2   4.7  21.0   15:54   ESE
04   6.6   7.8   16:18   5.5   00:00  11.7   0.0   1.6   4.2  22.0   22:40     S
05   6.4   8.1   20:29   5.1   14:28  11.9   0.0   0.6   5.0  18.0   00:00     S
06   6.0   8.0   10:29   4.2   05:46  12.3   0.0   0.4   2.1  14.0   00:32    SW
07   6.1   8.9   12:03   4.3   07:03  12.2   0.0   8.0   3.2  20.0   15:12     W
08   6.8   8.9   13:01   5.1   01:22  11.5   0.0   3.6   6.1  27.0   05:12   WSW
09   6.5   8.8   20:25   3.6   03:13  11.8   0.0   7.2   2.8  17.0   19:54   SSE
10   8.7  10.1   08:27   6.8   21:21   9.6   0.0   1.0   3.3  17.0   00:38   SSW
11   8.7  11.0   14:05   7.3   00:32   9.6   0.0   2.2   3.2  17.0   13:24   ESE
12   8.4   9.9   10:28   7.7   23:46   9.9   0.0   7.2   3.7  19.0   15:22     W
13   7.4  10.2   12:08   5.7   07:04  10.9   0.0   0.0   2.9  16.0   00:10     W
14   8.1   9.7   14:43   6.2   00:00  10.2   0.0   0.8   6.5  22.0   20:15    SE
15   8.6  10.6   14:10   7.6   01:37   9.7   0.0  12.4   5.5  22.0   22:11   SSE
16   8.3  10.1   14:22   6.8   23:22  10.0   0.0   0.2   3.5  17.0   03:03   SSW
17   2.0   6.9   00:12  -1.1   23:36  16.3   0.0   3.2   7.4  29.0   11:46   ENE
18  -0.3   0.8   13:58  -1.4   01:47  18.6   0.0   0.0   6.1  24.0   16:47   ENE
19   0.5   1.5   17:31  -0.2   00:00  17.8   0.0   0.0   6.9  30.0   17:06   ENE
20   4.2   8.9   15:49   0.2   04:42  14.1   0.0   0.0   4.5  27.0   10:28    NE
21   4.4   7.8   13:19  -0.1   03:43  13.9   0.0   0.0   2.2  19.0   14:50     W
22   6.3   9.4   12:00   2.8   01:52  12.0   0.0   0.0   4.3  22.0   15:38     W
23   7.5   9.2   15:00   5.7   04:36  10.8   0.0   2.2   5.5  23.0   03:43    SW
24   7.6   8.7   13:00   6.6   04:00  10.7   0.0   1.8   2.6  12.0   11:00   ESE
25   8.9  11.3   16:20   7.3   05:26   8.9   0.0   0.0   2.1  12.0   14:44    NE
26   7.5  11.8   11:08   4.7   03:18  10.8   0.0   0.0   1.9  14.0   16:42     W
27   8.5  13.4   17:08   6.0   05:55   9.8   0.0   4.0   5.0  23.0   18:39   WSW
28   6.3   8.8   16:54   4.1   23:57  12.0   0.0   9.4   2.1  18.0   15:32   NNW
29   5.8   8.2   16:54   1.9   05:19  12.5   0.0   4.4   5.5  26.0   13:56   SSW
30   6.2   7.2   09:45   4.4   22:07  12.1   0.0   7.8   4.5  21.0   18:59     S
31   6.2   9.4   17:21   4.7   00:00  12.1   0.0   0.0   3.2  15.0   02:36     W
----------------------------------------------------------------------------------
     5.8  13.4    27    -4.6     1   387.1   0.0  86.8   4.4  30.0    19     SSE

Max >=  27.0  0
Max <=   0.0  0
Min <=   0.0  6
Min <= -18.0  0
Max Rain: 12.4 on day 15
Days of Rain: 21 (>= 0.2 mm)  13 (>= 2.0 mm)  0 (>= 20.0 mm)
Heat Base: 18.3  Cool Base: 18.3  Method: Integration
Time / Date