Select a Year or Month report

Report for 2017 Dec
                   Monthly Climatological Summary for Dec 2017

Name: Worthing Weather   City: Worthing   County: UK
Elevation: 31 ft  Lat: N 50 49 12   Lon: W 000 22 47

                  Temperature (°C), Rain (mm), Wind Speed (mph)

                                      Heat  Cool        Avg
    Mean                              Deg   Deg         Wind                 Dom
Day Temp  High   Time   Low    Time   Days  Days  Rain  Speed High   Time    Dir
----------------------------------------------------------------------------------
 1   4.1   6.7   14:10   2.1   01:50  14.2   0.0   0.0   5.4  28.0   08:40     N
 2   4.4   7.1   14:50   2.6   06:00  13.9   0.0   0.6   1.2  14.0   01:50     N
 3   7.2   9.9   14:20   5.1   00:00  11.1   0.0   0.0   1.3   9.0   11:40    NW
 4   8.1   9.4   15:00   4.8   07:40  10.2   0.0   0.0   0.6  11.0   02:00    NW
 5   7.9   8.6   12:50   7.1   07:00  10.4   0.0   0.0   0.8  11.0   17:30   WNW
 6   9.3  10.7   12:00   7.4   04:20   9.0   0.0   0.6   6.1  31.0   16:30   WSW
 7   8.8   8.8   00:20   8.7   00:00   9.5   0.0   0.0  10.7  26.0   00:00    SW
10   4.5   9.2   07:36   1.1   23:51  13.8   0.0   0.0   6.2  46.0   11:37     W
11   1.8   3.4   06:43  -0.3   23:37  16.5   0.0  10.2   6.8  28.0   12:22   NNE
12   0.1   8.4   21:40  -2.0   08:14  18.2   0.0   2.4   1.4  22.0   23:30   WNW
13   7.5   9.4   13:50   4.6   23:40  10.8   0.0   4.0   6.5  33.0   00:50     W
14   5.1   7.7   12:30   3.4   05:10  13.2   0.0   0.0   5.0  32.0   04:20   WNW
15   4.0   6.2   13:40   2.3   02:00  14.3   0.0   1.2   3.7  27.0   08:50     N
16   3.5   6.3   13:30   0.2   06:10  14.8   0.0   0.0   2.3  15.0   13:30    NW
17   5.1   9.6   20:40  -0.4   07:20  13.2   0.0   2.4   2.3  19.0   18:20     W
18   5.3   9.4   14:10   2.7   23:30  13.0   0.0   0.0   1.7  16.0   01:30   NNE
19   4.7   8.0   12:50   0.6   03:40  13.6   0.0   0.2   0.5   9.0   12:40   WNW
20   8.0   9.3   21:00   6.1   04:50  10.3   0.0   0.4   0.6   6.0   15:00     W
21   9.8  11.3   14:20   8.7   03:20   8.5   0.0   0.0   1.7  13.0   12:50     W
22   9.7  11.3   13:30   8.8   01:10   8.6   0.0   1.0   0.5   7.0   01:00   WNW
23   8.5   9.7   00:00   7.7   18:03   9.8   0.0   0.0   3.5  16.0   17:50     W
24   8.7   9.6   21:20   7.7   00:00   9.6   0.0   0.6   4.5  21.0   22:50     W
25   9.2  10.0   01:10   5.1   23:50   9.1   0.0   0.8  12.9  42.0   23:00    SW
26   7.0   8.6   13:30   4.8   00:10  11.3   0.0  10.6   8.6  34.0   20:10    SW
27   3.4   7.4   00:50   0.6   08:20  14.9   0.0   0.0   5.5  32.0   09:30   NNW
28   1.5   6.4   13:50  -1.1   08:20  16.8   0.0   0.0   0.7   9.0   14:40   WNW
29   7.0   9.6   12:00  -0.2   00:00  11.3   0.0   4.4   7.3  36.0   08:40   WSW
30  10.3  11.8   11:00   8.1   00:00   8.0   0.0   6.9   7.8  32.0   23:00   WSW
31   9.9  11.4   05:00   7.8   22:10   8.4   0.0   2.4  10.9  35.0   02:40   WSW
----------------------------------------------------------------------------------
     6.4  11.8    30    -2.0    12   346.3   0.0  48.7   4.5  46.0    10       W

Max >=  27.0:  0
Max <=   0.0:  0
Min <=   0.0:  5
Min <= -18.0:  0
Max Rain: 10.6 on day 26
Days of Rain: 16 (>= 0.2 mm)  8 (>= 2.0 mm)  0 (>= 20.0 mm)
Heat Base: 18.3  Cool Base: 18.3  Method: Integration