Select a Year or Month report

Report for 2017 Sep
                   Monthly Climatological Summary for Sep 2017

Name: Worthing Weather   City: Worthing   County: UK
Elevation: 31 ft  Lat: N 50 49 12   Lon: W 000 22 47

                  Temperature (°C), Rain (mm), Wind Speed (mph)

                                      Heat  Cool        Avg
    Mean                              Deg   Deg         Wind                 Dom
Day Temp  High   Time   Low    Time   Days  Days  Rain  Speed High   Time    Dir
----------------------------------------------------------------------------------
 1  16.0  21.0   14:57  10.7   05:41   2.3   0.0   0.0   1.7  13.0   15:07   NNE
 2  15.6  18.9   11:18  11.3   06:30   2.7   0.0   0.0   2.6  13.0   14:28     W
 3  15.4  17.3   09:56  12.4   00:46   2.9   0.0   1.6   7.3  23.0   15:21     S
 4  17.1  18.6   12:13  15.3   00:05   1.2   0.0   1.2   5.4  21.0   15:33    SW
 5  17.4  18.4   15:15  14.7   23:57   0.9   0.0   0.6   6.3  23.0   16:49   WSW
 6  15.5  19.6   15:16  12.0   04:13   2.8   0.0   0.0   3.1  17.0   15:03     W
 7  15.4  18.5   14:45  11.1   06:45   2.9   0.0   0.6   4.8  27.0   22:58   WSW
 8  15.9  17.0   00:07  13.6   23:53   2.4   0.0   6.8   6.8  34.0   12:39     W
 9  13.6  17.8   14:22   9.8   06:24   4.7   0.0   1.0   2.6  20.0   16:15     W
10  13.4  17.2   13:03   8.8   05:53   4.9   0.0   0.4   6.3  38.0   18:26   WSW
11  15.2  18.3   13:55  12.4   23:41   3.1   0.0   0.6   7.6  30.0   02:09     W
12  14.1  17.4   13:57  10.2   06:52   4.2   0.0   0.2   7.3  41.0   23:14   WSW
13  15.0  17.6   14:52  10.7   23:49   3.3   0.0   0.0   7.7  41.0   00:13     W
14  12.0  18.3   14:46   7.8   06:15   6.3   0.0   0.4   3.4  21.0   13:24   WNW
15  11.7  16.9   14:46   6.8   06:58   6.6   0.0   0.0   1.5  12.0   16:10   WNW
16  12.3  16.3   14:14   9.6   06:58   6.0   0.0   0.6   1.8  14.0   20:27     N
17  12.1  16.8   15:47   7.9   06:24   6.2   0.0   0.2   2.0  14.0   08:34   NNE
18  13.3  18.1   14:06   9.6   06:32   5.0   0.0   4.4   2.1  18.0   09:58     N
19  12.4  16.2   13:24   8.7   06:26   5.9   0.0   0.8   1.6  11.0   16:29   WNW
20  14.4  17.3   15:37  10.7   00:25   3.9   0.0   2.0   3.5  19.0   13:19   WSW
21  15.4  17.1   11:20  10.8   23:59   2.9   0.0   2.0   5.8  20.0   07:13    SW
22  13.3  17.2   16:04   8.2   06:51   5.0   0.0   0.2   2.4  15.0   16:34   WSW
23  16.2  17.9   15:48  13.9   23:45   2.1   0.0   0.0   4.2  14.0   07:44     S
24  16.8  18.8   14:21  13.9   00:01   1.5   0.0   0.8   4.0  15.0   09:12   ESE
25  16.3  18.6   16:33  14.8   07:43   2.0   0.0   9.0   1.7  10.0   05:25   ENE
26  16.3  19.2   13:30  14.2   07:30   2.0   0.0   0.0   1.4   7.0   09:30    NE
27  16.1  18.7   12:30  13.9   04:30   2.2   0.0  51.0   2.8  11.0   23:30    NE
28  16.4  17.9   14:30  15.5   05:00   1.9   0.0  15.0   3.8  13.0   02:00    NE
29  17.7  21.5   11:00  14.3   23:30   0.6   0.0   4.3   3.9  11.0   00:00   NNE
30  17.6  21.5   11:00  14.3   23:30   0.7   0.0   4.3   3.3  13.0   22:00    NE
----------------------------------------------------------------------------------
    15.0  21.5    29     6.8    15    99.1   0.0 108.0   4.1  41.0    12       W

Max >=  27.0:  0
Max <=   0.0:  0
Min <=   0.0:  0
Min <= -18.0:  0
Max Rain: 51.0 on day 27
Days of Rain: 23 (>= 0.2 mm)  9 (>= 2.0 mm)  1 (>= 20.0 mm)
Heat Base: 18.3  Cool Base: 18.3  Method: Integration