Select a Year or Month report

Report for 2017 Aug
                   Monthly Climatological Summary for Aug 2017

Name: Worthing weather   City: worthing   State: 
Elevation: 31 ft  Lat: N 50 49 12   Lon: W 000 22 47

                  Temperature (°C), Rain (mm), Wind Speed (m/s)

                                      Heat  Cool        Avg
    Mean                              Deg   Deg         Wind                 Dom
Day Temp  High   Time   Low    Time   Days  Days  Rain  Speed High   Time    Dir
----------------------------------------------------------------------------------
 1  16.6  19.7   12:53  12.2   04:05   1.7   0.0   0.0   3.9  19.0   15:35   WSW
 2  16.8  17.7   21:47  15.4   12:12   1.5   0.0  18.0   9.6  28.0   18:37   SSW
 3  17.6  19.4   13:41  16.2   11:16   0.7   0.0   0.0  10.7  31.0   14:29   WSW
 4  17.5  19.6   14:19  15.7   04:13   0.8   0.0   0.3   6.3  23.0   01:06     W
 5  16.3  20.3   10:51  12.3   23:57   2.0   0.0  11.2   2.0  21.0   13:09     W
 6  15.3  18.8   13:09  10.4   05:51   3.0   0.0   0.0   3.6  23.0   16:47   WSW
 7  16.8  19.2   16:28  14.8   23:50   1.5   0.0   0.0   3.8  16.0   01:18   WSW
 8  15.6  19.9   13:37  12.9   04:51   2.7   0.0   0.0   1.7  15.0   15:56    NW
 9  14.3  18.5   11:55  12.4   05:56   4.0   0.0  19.0   3.4  27.0   21:07     N
10  15.7  20.4   17:39  12.2   07:17   2.6   0.0   1.6   4.8  23.0   07:56   NNE
11  15.6  18.5   10:45  11.2   06:33   2.7   0.0   0.6   4.1  21.0   14:40     W
12  18.4  21.3   13:38  15.5   23:58   0.0   0.1   0.0   4.1  19.0   14:17     W
13  16.7  19.7   15:15  13.2   23:52   1.6   0.0   0.0   2.4  14.0   15:44     W
14  16.6  20.4   14:37  11.6   05:53   1.7   0.0   0.0   1.5   9.0   12:38    SE
15  18.2  22.3   10:46  15.1   23:59   0.1   0.0   0.0   3.2  20.0   13:51     W
16  16.5  19.6   15:39  11.9   05:19   1.8   0.0   0.0   3.0  15.0   11:52   SSW
17  18.3  19.9   13:13  16.9   02:58   0.0   0.0   6.2   7.4  27.0   14:17   WSW
18  17.5  19.3   12:02  15.5   08:27   0.8   0.0   3.6   7.7  27.0   19:33     W
19  16.2  20.3   15:19  13.1   23:58   2.1   0.0   1.0   4.9  26.0   00:23     W
20  14.9  18.9   15:55   9.9   06:16   3.4   0.0   6.0   3.2  19.0   13:22   WSW
21  17.1  18.7   13:17  14.7   00:01   1.2   0.0  10.0   2.5  17.0   00:23   SSE
22  18.4  19.9   17:33  17.2   00:58   0.0   0.1   0.6   3.0  15.0   14:51   ESE
23  18.8  21.8   12:24  16.1   23:59   0.0   0.5   0.0   4.5  22.0   14:57   WSW
24  16.8  20.2   15:37  13.3   05:02   1.5   0.0   0.0   2.5  17.0   13:34   WSW
25  17.0  21.7   18:01  12.2   06:02   1.3   0.0   0.0   1.1   7.0   12:32   SSE
26  18.4  22.3   10:23  15.1   02:34   0.0   0.1   0.0   1.7  14.0   14:42   WSW
27  19.3  24.3   13:45  15.6   05:46   0.0   1.0   0.0   1.4  10.0   14:25   SSE
28  19.0  22.2   15:24  15.8   01:52   0.0   0.7   0.0   1.5  10.0   11:38   ESE
29  20.6  24.9   18:03  16.4   02:07   0.0   2.3   0.0   1.8  18.0   23:36    NW
30  14.0  17.4   00:01  12.3   23:55   4.3   0.0   4.6   3.8  21.0   08:07   NNE
31  14.5  19.6   14:44   8.8   06:05   3.8   0.0   0.4   2.0  21.0   15:00   WSW
----------------------------------------------------------------------------------
    16.9  24.9    29     8.8    31    46.8   4.8  83.1   3.8  31.0     3     WSW

Max >=  27.0:  0
Max <=   0.0:  0
Min <=   0.0:  0
Min <= -18.0:  0
Max Rain: 19.0 on day 9
Days of Rain: 14 (>= 0.2 mm)  8 (>= 2.0 mm)  0 (>= 20.0 mm)
Heat Base: 18.3  Cool Base: 18.3  Method: Integration
Time / Date