Select a Year or Month report

Report for 2017 Jul
                   Monthly Climatological Summary for Jul 2017

Name: Worthing weather   City: worthing   State: 
Elevation: 31 ft  Lat: N 50 49 12   Lon: W 000 22 47

                  Temperature (°C), Rain (mm), Wind Speed (m/s)

                                      Heat  Cool        Avg
    Mean                              Deg   Deg         Wind                 Dom
Day Temp  High   Time   Low    Time   Days  Days  Rain  Speed High   Time    Dir
----------------------------------------------------------------------------------
 1  17.8  22.6   14:11  14.8   06:31   0.5   0.0   0.0   4.1  19.0   19:28   WNW
 2  18.1  22.6   13:45  15.1   08:16   0.2   0.0   0.0   4.3  19.0   15:04     W
 3  17.3  19.3   13:10  14.7   02:25   1.0   0.0   0.0   4.5  22.0   12:30   WSW
 4  17.3  20.2   13:24  12.8   04:52   1.0   0.0   0.0   2.8  17.0   17:16   WSW
 5  19.6  23.3   18:51  15.2   02:10   0.0   1.3   0.0   2.4  10.0   13:08   ESE
 6  21.3  24.1   17:57  19.0   02:32   0.0   3.0   0.0   3.9  18.0   10:11   ESE
 7  20.0  23.4   07:58  16.0   05:18   0.0   1.7   0.0   3.8  19.0   12:46     W
 8  19.1  21.7   15:08  15.6   04:55   0.0   0.8   0.0   2.7  14.0   13:04     W
 9  19.6  23.0   15:44  16.9   03:46   0.0   1.3   0.0   2.3   9.0   05:39     S
10  18.3  21.0   16:16  14.9   05:44   0.0   0.0   0.0   4.5  25.0   15:02     W
11  16.0  17.9   11:15  14.6   19:02   2.3   0.0  10.6   5.4  27.0   22:21    SW
12  17.1  20.3   17:40  14.3   07:00   1.2   0.0  12.2   5.0  24.0   00:15     N
13  17.1  19.1   19:37  14.4   05:13   1.2   0.0   0.0   3.0  10.0   03:11   SSE
14  18.2  22.2   17:06  14.2   05:38   0.1   0.0   0.0   2.8  18.0   11:56   WNW
15  17.1  19.3   15:40  14.3   04:58   1.2   0.0   0.0   4.3  25.0   15:45     W
16  19.3  21.7   16:02  17.6   00:44   0.0   1.0   0.0   3.5  16.0   17:22     W
17  19.9  23.8   12:33  17.1   06:12   0.0   1.6   0.0   3.6  18.0   06:49   ENE
18  21.9  26.4   14:01  17.2   04:45   0.0   3.6   0.0   4.9  22.0   18:35   ENE
19  19.0  21.4   00:01  17.3   01:15   0.0   0.7  21.4   5.2  28.0   00:54    SW
20  17.5  20.2   14:28  15.8   23:39   0.8   0.0   6.2   6.3  27.0   14:52   WSW
21  17.4  19.8   16:16  15.3   23:21   0.9   0.0   5.8   8.2  27.0   21:54     S
22  15.4  18.1   10:59  13.4   14:41   2.9   0.0  11.2   6.1  27.0   13:15    SW
23  15.1  19.6   12:22  11.1   05:49   3.2   0.0   1.4   3.2  22.0   12:55     W
24  16.7  19.9   18:59  13.4   02:09   1.6   0.0   0.4   3.6  26.0   12:20     N
25  17.3  21.6   12:53  12.7   04:44   1.0   0.0   0.0   2.9  15.0   11:12   WNW
26  17.0  18.1   13:43  15.9   23:58   1.3   0.0   2.0   6.6  28.0   18:51   WSW
27  16.7  18.8   15:34  14.4   05:29   1.6   0.0   0.0   6.5  26.0   13:58     W
28  16.9  18.8   12:14  15.9   02:47   1.4   0.0   0.4   9.1  34.0   23:00   WSW
29  17.2  18.9   12:04  15.9   15:15   1.1   0.0   6.8   5.1  32.0   00:01   WSW
30  17.1  18.8   13:13  15.0   06:53   1.2   0.0   2.8   6.5  31.0   02:41   WSW
31  17.0  19.3   14:28  13.9   23:57   1.3   0.0   0.6   5.4  21.0   00:01   WSW
----------------------------------------------------------------------------------
    17.9  26.4    18    11.1    23    27.0  15.0  81.8   4.6  34.0    28     WSW

Max >=  27.0:  0
Max <=   0.0:  0
Min <=   0.0:  0
Min <= -18.0:  0
Max Rain: 21.4 on day 19
Days of Rain: 13 (>= 0.2 mm)  9 (>= 2.0 mm)  1 (>= 20.0 mm)
Heat Base: 18.3  Cool Base: 18.3  Method: Integration
Time / Date