Select a Year or Month report

Report for 2017 Jun
                   Monthly Climatological Summary for Jun 2017

Name: Worthing Weather   City: Worthing   County: UK
Elevation: 31 ft  Lat: N 50 49 12   Lon: W 000 22 47

                  Temperature (°C), Rain (mm), Wind Speed (mph)

                                      Heat  Cool        Avg
    Mean                              Deg   Deg         Wind                 Dom
Day Temp  High   Time   Low    Time   Days  Days  Rain  Speed High   Time    Dir
----------------------------------------------------------------------------------
 1  16.2  20.0   19:15  12.4   01:57   2.1   0.0   0.0   1.7   9.0   11:34    SE
 2  17.5  20.9   19:47  13.6   04:27   0.8   0.0   0.8   1.9  15.0   23:40   SSE
 3  16.0  19.0   10:59  13.2   23:52   2.3   0.0   0.0   4.5  25.0   15:01   WSW
 4  14.2  17.1   13:03   9.9   04:50   4.1   0.0   0.0   4.8  23.0   14:04   WSW
 5  14.4  16.7   14:10  13.1   05:37   3.9   0.0  11.2   9.1  30.0   23:59   SSW
 6  13.4  16.7   13:20  10.3   07:41   4.9   0.0   2.6  11.4  39.0   06:52   WSW
 7  14.2  17.0   11:11  11.7   05:16   4.1   0.0   0.0   8.6  29.0   15:34   WSW
 8  15.2  17.3   17:00  13.8   02:16   3.1   0.0   7.2   6.9  24.0   09:27    SW
 9  15.1  17.0   14:03  12.7   04:42   3.2   0.0   0.4   6.6  27.0   16:40     W
10  16.4  18.7   15:26  14.1   04:41   1.9   0.0   0.0   5.2  18.0   10:03   SSW
11  16.0  16.9   16:21  13.8   23:54   2.3   0.0   0.0   6.0  23.0   14:15   WSW
12  14.9  17.4   18:37  12.6   03:32   3.4   0.0   0.0   5.1  22.0   16:35     W
13  15.0  18.2   18:13   9.6   05:00   3.3   0.0   0.0   1.8  12.0   15:03    SW
14  18.3  23.3   16:41  13.4   00:18   0.0   0.0   0.0   3.1  13.0   11:37   ESE
15  16.9  18.7   17:49  14.1   05:28   1.4   0.0   0.0   4.9  24.0   14:29     W
16  16.6  21.5   14:33  11.7   04:35   1.7   0.0   0.0   3.7  19.0   15:48     W
17  19.0  22.2   10:11  14.0   04:52   0.0   0.7   0.0   1.9  12.0   17:13   WSW
18  21.7  26.7   17:54  16.9   04:08   0.0   3.4   0.0   1.4   7.0   12:42   SSE
19  22.6  25.8   10:56  19.2   04:27   0.0   4.3   0.0   2.2  10.0   18:29   ESE
20  22.3  26.7   11:21  18.3   05:04   0.0   4.0   0.0   2.7  12.0   15:57     E
21  22.2  27.1   15:27  18.7   02:36   0.0   3.9   0.0   3.7  15.0   13:21     E
22  18.7  21.1   15:19  16.7   23:59   0.0   0.4   0.4   5.4  27.0   15:25     W
23  16.9  19.4   15:21  13.2   04:05   1.4   0.0   0.0   6.7  29.0   16:21     W
24  16.8  17.9   13:51  16.3   05:29   1.5   0.0   0.0   7.9  26.0   16:01     W
25  17.0  18.9   15:13  14.9   05:08   1.3   0.0   0.0   5.5  25.0   16:05     W
26  16.9  19.6   16:04  13.6   03:12   1.4   0.0   0.0   3.0  13.0   23:42   ESE
27  16.5  19.2   11:35  14.7   01:59   1.8   0.0  45.0   2.7  14.0   04:28     E
28  15.7  17.9   15:41  13.7   23:35   2.6   0.0   2.0   1.3  11.0   18:57   NNE
29  14.4  17.1   17:15  11.7   04:28   3.9   0.0   0.2   2.5  13.0   17:03   WSW
30  17.2  21.5   18:47  14.9   03:13   1.1   0.0   0.0   2.0  14.0   15:37     W
----------------------------------------------------------------------------------
    16.9  27.1    21     9.6    13    57.5  16.7  69.8   4.5  39.0     6     WSW

Max >=  27.0:  1
Max <=   0.0:  0
Min <=   0.0:  0
Min <= -18.0:  0
Max Rain: 45.0 on day 27
Days of Rain: 9 (>= 0.2 mm)  5 (>= 2.0 mm)  1 (>= 20.0 mm)
Heat Base: 18.3  Cool Base: 18.3  Method: Integration