Select a Year or Month report

Report for 2017 May
                   Monthly Climatological Summary for May 2017

Name: Worthing weather   City: worthing   State: 
Elevation: 31 ft  Lat: N 50 49 12   Lon: W 000 22 47

                  Temperature (°C), Rain (mm), Wind Speed (m/s)

                                      Heat  Cool        Avg
    Mean                              Deg   Deg         Wind                 Dom
Day Temp  High   Time   Low    Time   Days  Days  Rain  Speed High   Time    Dir
----------------------------------------------------------------------------------
 1  10.1  12.6   10:56   9.3   05:38   8.2   0.0   1.0   6.0  20.0   18:16    SE
 2  11.1  14.6   14:03   7.0   06:02   7.2   0.0   2.2   2.7  13.0   00:00     E
 3   9.7  12.3   13:42   7.3   05:29   8.6   0.0   0.0   5.8  22.0   11:28   NNE
 4  11.4  14.9   13:00   9.3   03:22   6.9   0.0   0.0   6.7  27.0   22:12   NNE
 5  10.7  14.0   13:41   8.4   23:29   7.6   0.0   0.0   6.5  23.0   14:02    NE
 6  12.6  17.1   14:35   7.9   01:44   5.7   0.0   0.0   5.9  23.0   06:09    NE
 7  11.0  14.7   16:20   8.6   23:28   7.3   0.0   0.0   2.6  17.0   09:42   NNW
 8  10.2  13.7   16:05   7.1   06:22   8.1   0.0   0.0   4.6  21.0   12:05   NNE
 9   9.6  13.6   16:53   6.0   05:25   8.7   0.0   0.0   3.3  16.0   03:50    NE
10  10.6  15.8   18:02   5.5   05:31   7.7   0.0   0.0   3.8  14.0   12:44     E
11  13.0  18.1   16:16   9.2   03:07   5.3   0.0   2.0   3.6  14.0   17:59     E
12  12.8  15.4   16:21  11.8   05:09   5.5   0.0   4.2   4.0  15.0   08:31     S
13  12.9  15.2   14:11  11.4   05:50   5.4   0.0   1.4   4.8  20.0   10:59    SW
14  13.4  15.2   10:24  11.2   23:57   4.9   0.0   3.6   5.7  20.0   05:48    SW
15  13.5  16.0   20:11  11.2   00:01   4.8   0.0   2.0   4.6  17.0   09:18     S
16  15.6  19.2   12:44  12.9   05:31   2.7   0.0   0.0   2.7  20.0   12:46    SW
17  15.4  19.8   13:17  13.2   23:48   2.9   0.0  27.6   1.0  13.0   17:45    NW
18  11.7  15.1   11:03   9.5   23:45   6.6   0.0  10.6   1.2  11.0   14:15   WNW
19  11.6  14.9   11:11   9.4   00:10   6.7   0.0  11.2   3.1  20.0   13:36   WSW
20  12.1  14.8   14:40   7.8   04:42   6.2   0.0   0.4   4.9  24.0   16:48    SW
21  14.1  17.1   19:41  11.2   04:57   4.2   0.0   0.0   3.5  17.0   01:01    SE
22  15.8  18.3   15:47  13.8   23:58   2.5   0.0   0.0   3.1  13.0   08:58   ESE
23  14.5  17.6   15:29  11.0   05:17   3.8   0.0   0.0   3.1  16.0   16:31   WSW
24  16.5  20.1   16:25  12.0   05:12   1.8   0.0   0.0   1.7  11.0   13:08    SW
25  17.9  21.3   19:00  13.9   04:53   0.4   0.0   0.0   3.0  16.0   16:12   ESE
26  20.1  24.3   17:03  15.8   02:53   0.0   1.8   0.0   5.3  19.0   10:37     E
27  16.2  20.4   00:00  13.9   23:52   2.1   0.0   4.4   4.7  24.0   10:52    SW
28  16.7  21.8   19:27  11.8   05:19   1.6   0.0   3.0   1.8  11.0   17:52    NE
29  15.5  20.3   10:52  13.2   04:46   2.8   0.0   9.8   2.4  19.0   00:41   SSW
30  15.4  17.7   13:32  13.7   02:36   2.9   0.0   0.0   4.4  22.0   14:32   WSW
31  15.8  18.1   12:59  13.3   04:39   2.5   0.0   0.0   2.2  14.0   15:43    SW
----------------------------------------------------------------------------------
    13.5  24.3    26     5.5    10   151.6   1.8  83.4   3.8  27.0     4     ESE

Max >=  27.0:  0
Max <=   0.0:  0
Min <=   0.0:  0
Min <= -18.0:  0
Max Rain: 27.6 on day 17
Days of Rain: 14 (>= 0.2 mm)  11 (>= 2.0 mm)  1 (>= 20.0 mm)
Heat Base: 18.3  Cool Base: 18.3  Method: Integration
Time / Date