Select a Year or Month report

Report for 2017 Apr
                   Monthly Climatological Summary for Apr 2017

Name: Worthing Weather   City: Worthing   County: UK
Elevation: 31 ft  Lat: N 50 49 12   Lon: W 000 22 47

                  Temperature (°C), Rain (mm), Wind Speed (mph)

                                      Heat  Cool        Avg
    Mean                              Deg   Deg         Wind                 Dom
Day Temp  High   Time   Low    Time   Days  Days  Rain  Speed High   Time    Dir
----------------------------------------------------------------------------------
 1  10.7  12.8   16:04   9.4   05:37   7.6   0.0   0.0   5.3  23.0   03:45    SW
 2  10.4  15.3   12:08   6.9   04:09   7.9   0.0   0.0   2.1  14.0   09:06     W
 3   7.9   9.4   14:36   6.6   05:59  10.4   0.0   0.2   1.5  10.0   09:18   SSW
 4  11.1  14.9   16:40   8.1   00:00   7.2   0.0   2.6   2.6  16.0   23:22    NW
 5  11.2  15.8   17:06   6.1   06:32   7.1   0.0   0.0   3.6  17.0   00:07     N
 6  10.0  13.4   13:43   5.9   06:27   8.3   0.0   0.0   2.2  13.0   15:30   WSW
 7   9.8  13.6   10:55   5.9   06:17   8.5   0.0   0.0   1.7  10.0   15:04   SSW
 8  10.5  13.9   18:31   6.9   07:41   7.8   0.0   0.2   1.9  10.0   12:57   ESE
 9  12.4  15.3   16:16   9.8   22:41   5.9   0.0   0.0   3.2  14.0   18:38   ESE
10  11.4  16.2   14:45   8.2   04:32   6.9   0.0   0.0   2.4  17.0   15:09   NNW
11  10.0  14.1   12:25   6.1   05:51   8.3   0.0   0.0   3.3  21.0   16:06     W
12  10.6  15.7   17:30   5.6   04:32   7.7   0.0   0.0   4.2  21.0   12:59     W
13  10.2  14.3   16:05   7.0   02:50   8.1   0.0   0.0   2.0  18.0   16:07     W
14  10.6  13.3   11:40   7.1   06:58   7.7   0.0   0.0   3.3  18.0   16:34   WSW
15  11.6  14.6   16:14   7.8   23:59   6.7   0.0   0.0   3.3  19.0   14:52   WNW
16   9.9  13.2   10:37   5.3   04:46   8.4   0.0   0.0   3.7  22.0   18:49     W
17  10.1  12.7   14:18   8.3   23:10   8.2   0.0   0.0   2.6  15.0   08:06   NNW
18   8.9  12.8   16:31   4.7   05:09   9.4   0.0   0.0   4.0  21.0   09:01   NNE
19   7.6  10.1   16:45   4.4   05:20  10.7   0.0   0.0   3.8  16.0   11:45   ESE
20   8.9  11.9   12:50   3.9   03:54   9.4   0.0   0.0   2.5  18.0   15:00    SW
21  11.8  14.6   11:58   9.6   04:24   6.5   0.0   0.0   1.6  15.0   14:35   WSW
22  11.4  14.8   13:46   7.2   23:45   6.9   0.0   0.0   3.0  18.0   10:00    NE
23  10.2  12.6   13:29   7.3   00:00   8.1   0.0   0.0   3.5  13.0   10:02     S
24  11.2  13.5   09:40   7.8   23:58   7.1   0.0   0.0   3.4  20.0   16:48     W
25   6.7  11.4   17:35   1.1   05:50  11.6   0.0   0.0   3.8  19.0   00:00   NNW
26   5.5  10.9   14:37   1.6   05:11  12.8   0.0   0.2   4.5  25.0   15:37     N
27   7.2  11.4   12:03   1.3   05:45  11.1   0.0   0.2   2.1  14.0   10:51    NW
28   9.4  12.7   16:37   6.4   05:50   8.9   0.0   0.0   2.7  15.0   15:45     W
29   9.9  13.1   17:38   3.8   04:56   8.4   0.0   0.0   3.8  19.0   23:20   ESE
30  11.2  12.2   16:25   9.8   21:48   7.1   0.0   3.8   6.8  22.0   10:12   ESE
----------------------------------------------------------------------------------
     9.9  16.2    10     1.1    25   250.7   0.0   7.2   3.1  25.0    26       W

Max >=  27.0:  0
Max <=   0.0:  0
Min <=   0.0:  0
Min <= -18.0:  0
Max Rain: 3.8 on day 30
Days of Rain: 6 (>= 0.2 mm)  2 (>= 2.0 mm)  0 (>= 20.0 mm)
Heat Base: 18.3  Cool Base: 18.3  Method: Integration