Select a Year or Month report

Report for 2017 Mar
                   Monthly Climatological Summary for Mar 2017

Name: Worthing Weather   City: Worthing   County: UK
Elevation: 31 ft  Lat: N 50 49 12   Lon: W 000 22 47

                  Temperature (°C), Rain (mm), Wind Speed (mph)

                                      Heat  Cool        Avg
    Mean                              Deg   Deg         Wind                 Dom
Day Temp  High   Time   Low    Time   Days  Days  Rain  Speed High   Time    Dir
----------------------------------------------------------------------------------
 1   6.9   8.1   10:56   5.9   05:18  11.4   0.0   0.8   3.9  26.0   22:22   WSW
 2   8.1  11.0   12:52   6.2   04:04  10.2   0.0   0.0   7.4  33.0   04:00   WSW
 3   8.5  10.4   22:25   6.8   07:07   9.8   0.0   4.2   5.2  22.0   22:06   SSE
 4   8.5  10.2   11:33   7.3   07:13   9.8   0.0   0.0   4.1  22.0   21:52    SW
 5   7.8   9.8   12:43   6.4   07:49  10.5   0.0   2.4   8.6  31.0   07:36   WSW
 6   7.0  10.7   14:46   3.2   06:04  11.3   0.0   0.0   3.2  20.0   00:16   WNW
 7   6.9   9.2   11:31   4.7   06:17  11.4   0.0   0.0   3.7  17.0   23:39    SW
 8   9.4  10.8   13:06   7.8   01:33   8.9   0.0   5.0   5.9  23.0   03:49   WSW
 9  10.2  13.2   13:24   8.8   05:23   8.1   0.0   0.0   3.2  16.0   07:16   WSW
10   8.3   9.1   00:00   7.3   02:26  10.0   0.0   0.8   2.8  15.0   02:01     E
11   8.4   9.2   00:22   7.4   15:39   9.9   0.0   0.0   1.7   9.0   05:34   ESE
12  10.5  11.7   16:13   8.9   06:22   7.8   0.0   1.0   1.1  14.0   23:10   NNW
13   9.6  14.5   13:10   6.4   06:17   8.7   0.0   0.0   3.0  18.0   05:12    NW
14  10.1  13.8   12:09   5.8   03:52   8.2   0.0   0.2   1.9  15.0   12:57     W
15   9.3  13.8   11:45   5.5   23:56   9.0   0.0   0.0   1.0   7.0   15:44   SSW
16   6.9   9.1   22:11   5.2   00:48  11.4   0.0   0.2   1.1  11.0   15:09   WSW
17   8.1  10.8   11:44   4.3   06:02  10.2   0.0   0.0   5.2  29.0   21:51   WSW
19  10.3  11.7   12:58   9.6   05:23   8.0   0.0   0.0   8.0  26.0   13:11   WSW
20   9.5  10.8   13:01   7.9   23:55   8.8   0.0   0.2   9.0  37.0   14:37   WSW
21   7.9  10.1   12:18   4.3   06:02  10.4   0.0   0.0   5.7  25.0   14:36   WSW
22   8.8   8.8   00:02   8.7   00:00   9.5   0.0   0.0  13.2  25.0   00:09     S
23   8.8  11.4   14:42   6.5   07:19   9.5   0.0   3.6   7.1  26.0   14:37    NE
24   9.7  13.0   13:46   7.1   23:48   8.6   0.0   0.0   7.1  25.0   17:07    NE
25   7.1   7.3   00:03   6.7   03:11  11.2   0.0   0.0   5.4  15.0   00:00   NNE
26  10.7  15.4   13:34   6.5   06:25   7.6   0.0   0.0   5.1  21.0   18:08   ENE
27  10.5  14.8   12:12   6.4   07:07   7.8   0.0   0.0   3.7  17.0   09:03    NE
28  10.6  12.6   14:14   9.1   02:25   7.7   0.0   0.0   3.4  17.0   15:04    SW
29  11.0  12.3   17:39   9.9   03:37   7.3   0.0   0.6   4.6  23.0   05:01    SW
30  12.8  15.8   14:15  10.4   03:27   5.5   0.0   0.0   2.4  12.0   04:18    SE
31  11.4  13.6   16:14   9.8   21:01   6.9   0.0   0.0   3.3  20.0   10:55    SW
----------------------------------------------------------------------------------
     9.1  15.8    30     3.2     6   275.4   0.0  19.0   4.2  37.0    20      SW

Max >=  27.0:  0
Max <=   0.0:  0
Min <=   0.0:  0
Min <= -18.0:  0
Max Rain: 5.0 on day 8
Days of Rain: 11 (>= 0.2 mm)  4 (>= 2.0 mm)  0 (>= 20.0 mm)
Heat Base: 18.3  Cool Base: 18.3  Method: Integration